[INFO] cloning repository https://github.com/joeri/wk-predictions-rs
[INFO] running `Command { std: "git" "-c" "credential.helper=" "-c" "credential.helper=/workspace/cargo-home/bin/git-credential-null" "clone" "--bare" "https://github.com/joeri/wk-predictions-rs" "/workspace/cache/git-repos/https%3A%2F%2Fgithub.com%2Fjoeri%2Fwk-predictions-rs", kill_on_drop: false }`
[INFO] [stderr] Cloning into bare repository '/workspace/cache/git-repos/https%3A%2F%2Fgithub.com%2Fjoeri%2Fwk-predictions-rs'...
[INFO] running `Command { std: "git" "rev-parse" "HEAD", kill_on_drop: false }`
[INFO] [stdout] 7ddebeb2b766df087e3e921549c0c66d0526ba2f
[INFO] checking joeri/wk-predictions-rs against master#af3c6e733a40e671550e0f0f5aeecaa13772ba56 for pr-74989
[INFO] running `Command { std: "git" "clone" "/workspace/cache/git-repos/https%3A%2F%2Fgithub.com%2Fjoeri%2Fwk-predictions-rs" "/workspace/builds/worker-14/source", kill_on_drop: false }`
[INFO] [stderr] Cloning into '/workspace/builds/worker-14/source'...
[INFO] [stderr] done.
[INFO] validating manifest of git repo https://github.com/joeri/wk-predictions-rs on toolchain af3c6e733a40e671550e0f0f5aeecaa13772ba56
[INFO] running `Command { std: "/workspace/cargo-home/bin/cargo" "+af3c6e733a40e671550e0f0f5aeecaa13772ba56" "read-manifest" "--manifest-path" "Cargo.toml", kill_on_drop: false }`
[INFO] started tweaking git repo https://github.com/joeri/wk-predictions-rs
[INFO] finished tweaking git repo https://github.com/joeri/wk-predictions-rs
[INFO] tweaked toml for git repo https://github.com/joeri/wk-predictions-rs written to /workspace/builds/worker-14/source/Cargo.toml
[INFO] crate git repo https://github.com/joeri/wk-predictions-rs already has a lockfile, it will not be regenerated
[INFO] running `Command { std: "/workspace/cargo-home/bin/cargo" "+af3c6e733a40e671550e0f0f5aeecaa13772ba56" "fetch" "--locked" "--manifest-path" "Cargo.toml", kill_on_drop: false }`
[INFO] [stderr]     Blocking waiting for file lock on package cache
[INFO] running `Command { std: "docker" "create" "-v" "/var/lib/crater-agent-workspace/builds/worker-14/target:/opt/rustwide/target:rw,Z" "-v" "/var/lib/crater-agent-workspace/builds/worker-14/source:/opt/rustwide/workdir:ro,Z" "-v" "/var/lib/crater-agent-workspace/cargo-home:/opt/rustwide/cargo-home:ro,Z" "-v" "/var/lib/crater-agent-workspace/rustup-home:/opt/rustwide/rustup-home:ro,Z" "-e" "SOURCE_DIR=/opt/rustwide/workdir" "-e" "CARGO_TARGET_DIR=/opt/rustwide/target" "-e" "CARGO_HOME=/opt/rustwide/cargo-home" "-e" "RUSTUP_HOME=/opt/rustwide/rustup-home" "-w" "/opt/rustwide/workdir" "-m" "1610612736" "--user" "0:0" "--network" "none" "rustops/crates-build-env@sha256:d92eaeed33fa75130ca1ee6c8a01d1ffb62bac859dfdfb3450e3e5d1c0146529" "/opt/rustwide/cargo-home/bin/cargo" "+af3c6e733a40e671550e0f0f5aeecaa13772ba56" "metadata" "--no-deps" "--format-version=1", kill_on_drop: false }`
[INFO] [stdout] 05a4cfd2e84cd9a49d2001343e0e0fd426512b37276b2e5f9d4df5a815e3ef22
[INFO] [stderr] WARNING: Your kernel does not support swap limit capabilities or the cgroup is not mounted. Memory limited without swap.
[INFO] running `Command { std: "docker" "start" "-a" "05a4cfd2e84cd9a49d2001343e0e0fd426512b37276b2e5f9d4df5a815e3ef22", kill_on_drop: false }`
[INFO] running `Command { std: "docker" "inspect" "05a4cfd2e84cd9a49d2001343e0e0fd426512b37276b2e5f9d4df5a815e3ef22", kill_on_drop: false }`
[INFO] running `Command { std: "docker" "rm" "-f" "05a4cfd2e84cd9a49d2001343e0e0fd426512b37276b2e5f9d4df5a815e3ef22", kill_on_drop: false }`
[INFO] [stdout] 05a4cfd2e84cd9a49d2001343e0e0fd426512b37276b2e5f9d4df5a815e3ef22
[INFO] running `Command { std: "docker" "create" "-v" "/var/lib/crater-agent-workspace/builds/worker-14/target:/opt/rustwide/target:rw,Z" "-v" "/var/lib/crater-agent-workspace/builds/worker-14/source:/opt/rustwide/workdir:ro,Z" "-v" "/var/lib/crater-agent-workspace/cargo-home:/opt/rustwide/cargo-home:ro,Z" "-v" "/var/lib/crater-agent-workspace/rustup-home:/opt/rustwide/rustup-home:ro,Z" "-e" "SOURCE_DIR=/opt/rustwide/workdir" "-e" "CARGO_TARGET_DIR=/opt/rustwide/target" "-e" "CARGO_INCREMENTAL=0" "-e" "RUST_BACKTRACE=full" "-e" "RUSTFLAGS=--cap-lints=forbid" "-e" "CARGO_HOME=/opt/rustwide/cargo-home" "-e" "RUSTUP_HOME=/opt/rustwide/rustup-home" "-w" "/opt/rustwide/workdir" "-m" "1610612736" "--user" "0:0" "--network" "none" "rustops/crates-build-env@sha256:d92eaeed33fa75130ca1ee6c8a01d1ffb62bac859dfdfb3450e3e5d1c0146529" "/opt/rustwide/cargo-home/bin/cargo" "+af3c6e733a40e671550e0f0f5aeecaa13772ba56" "check" "--frozen" "--all" "--all-targets" "--message-format=json", kill_on_drop: false }`
[INFO] [stderr] WARNING: Your kernel does not support swap limit capabilities or the cgroup is not mounted. Memory limited without swap.
[INFO] [stdout] 1235f6e2f971b1c45856cf344c68bd8e8ace1079717e3b8bed9fce56a61268b8
[INFO] running `Command { std: "docker" "start" "-a" "1235f6e2f971b1c45856cf344c68bd8e8ace1079717e3b8bed9fce56a61268b8", kill_on_drop: false }`
[INFO] [stderr]     Checking libc v0.2.42
[INFO] [stderr]     Checking cfg-if v0.1.4
[INFO] [stderr]    Compiling cc v1.0.18
[INFO] [stderr]     Checking byteorder v1.2.3
[INFO] [stderr]     Checking lazy_static v1.0.1
[INFO] [stderr]     Checking futures v0.1.22
[INFO] [stderr]     Checking rustc-demangle v0.1.8
[INFO] [stderr]    Compiling serde v1.0.70
[INFO] [stderr]     Checking unicode-normalization v0.1.7
[INFO] [stderr]     Checking stable_deref_trait v1.1.0
[INFO] [stderr]     Checking quick-error v1.2.2
[INFO] [stderr]    Compiling num-integer v0.1.39
[INFO] [stderr]     Checking bitflags v1.0.3
[INFO] [stderr]    Compiling pq-sys v0.4.5
[INFO] [stderr]    Compiling httparse v1.3.2
[INFO] [stderr]     Checking opaque-debug v0.1.1
[INFO] [stderr]     Checking byte-tools v0.2.0
[INFO] [stderr]     Checking unidecode v0.3.0
[INFO] [stderr]     Checking humansize v1.1.0
[INFO] [stderr]     Checking lazycell v1.0.0
[INFO] [stderr]     Checking htmlescape v0.3.1
[INFO] [stderr]    Compiling unicase v1.4.2
[INFO] [stderr]    Compiling unicase v2.1.0
[INFO] [stderr]    Compiling actix_derive v0.2.0
[INFO] [stderr]    Compiling actix-web v0.7.0 (https://github.com/actix/actix-web.git#696152f7)
[INFO] [stderr]    Compiling proc-macro2 v0.3.8
[INFO] [stderr]    Compiling proc-macro2 v0.4.6
[INFO] [stderr]     Checking regex-syntax v0.6.1
[INFO] [stderr]     Checking log v0.4.3
[INFO] [stderr]     Checking crossbeam-utils v0.3.2
[INFO] [stderr]    Compiling crossbeam-utils v0.2.2
[INFO] [stderr]     Checking owning_ref v0.3.3
[INFO] [stderr]     Checking humantime v1.1.1
[INFO] [stderr]     Checking base64 v0.9.2
[INFO] [stderr]     Checking base64 v0.6.0
[INFO] [stderr]     Checking crossbeam-epoch v0.5.0
[INFO] [stderr]     Checking thread_local v0.3.5
[INFO] [stderr]    Compiling quote v0.5.2
[INFO] [stderr]     Checking iovec v0.1.2
[INFO] [stderr]     Checking rand v0.4.2
[INFO] [stderr]     Checking net2 v0.2.33
[INFO] [stderr]     Checking memchr v2.0.1
[INFO] [stderr]     Checking num_cpus v1.8.0
[INFO] [stderr]     Checking time v0.1.40
[INFO] [stderr]     Checking hostname v0.1.5
[INFO] [stderr]     Checking socket2 v0.3.7
[INFO] [stderr]     Checking rand v0.5.3
[INFO] [stderr]     Checking atty v0.2.10
[INFO] [stderr]     Checking crossbeam-epoch v0.4.3
[INFO] [stderr]    Compiling crossbeam-epoch v0.3.1
[INFO] [stderr]    Compiling synstructure v0.6.1
[INFO] [stderr]    Compiling pest_derive v1.0.7
[INFO] [stderr]    Compiling diesel-derive-enum v0.4.3
[INFO] [stderr]     Checking lock_api v0.1.3
[INFO] [stderr]     Checking generic-array v0.9.0
[INFO] [stderr]    Compiling quote v0.6.3
[INFO] [stderr]     Checking bytes v0.4.8
[INFO] [stderr]     Checking aho-corasick v0.6.5
[INFO] [stderr]     Checking csv-core v0.1.4
[INFO] [stderr]    Compiling syn v0.13.11
[INFO] [stderr]     Checking resolv-conf v0.6.1
[INFO] [stderr]     Checking mio v0.6.15
[INFO] [stderr]     Checking slug v0.1.3
[INFO] [stderr]     Checking idna v0.1.5
[INFO] [stderr]     Checking crossbeam-deque v0.3.1
[INFO] [stderr]    Compiling crossbeam-deque v0.2.0
[INFO] [stderr]     Checking tokio-executor v0.1.2
[INFO] [stderr]     Checking futures-cpupool v0.1.8
[INFO] [stderr]     Checking phf_shared v0.7.22
[INFO] [stderr]     Checking parking_lot_core v0.2.14
[INFO] [stderr]     Checking uuid v0.6.5
[INFO] [stderr]     Checking block-cipher-trait v0.5.2
[INFO] [stderr]    Compiling syn v0.14.4
[INFO] [stderr]     Checking mime v0.3.8
[INFO] [stderr]    Compiling backtrace-sys v0.1.23
[INFO] [stderr]    Compiling miniz-sys v0.1.10
[INFO] [stderr]    Compiling brotli-sys v0.3.2
[INFO] [stderr]    Compiling rand v0.3.22
[INFO] [stderr]     Checking tokio-io v0.1.7
[INFO] [stderr]     Checking http v0.1.7
[INFO] [stderr]    Compiling rayon-core v1.4.0
[INFO] [stderr]     Checking phf v0.7.22
[INFO] [stderr]     Checking tokio-timer v0.2.4
[INFO] [stderr]     Checking tokio-threadpool v0.1.5
[INFO] [stderr]    Compiling phf_generator v0.7.22
[INFO] [stderr]     Checking blowfish v0.3.0
[INFO] [stderr]     Checking mio-uds v0.6.6
[INFO] [stderr]     Checking parking_lot v0.5.5
[INFO] [stderr]     Checking parking_lot v0.6.2
[INFO] [stderr]     Checking url v1.7.1
[INFO] [stderr]    Compiling phf_codegen v0.7.22
[INFO] [stderr]     Checking bcrypt v0.2.0
[INFO] [stderr]     Checking regex v1.0.1
[INFO] [stderr]     Checking tokio-reactor v0.1.2
[INFO] [stderr]     Checking tokio-codec v0.1.0
[INFO] [stderr]    Compiling rayon v0.8.2
[INFO] [stderr]    Compiling failure_derive v0.1.1
[INFO] [stderr]     Checking crossbeam-channel v0.2.2
[INFO] [stderr]     Checking tokio-fs v0.1.2
[INFO] [stderr]    Compiling mime_guess v2.0.0-alpha.5
[INFO] [stderr]     Checking tokio-udp v0.1.1
[INFO] [stderr]     Checking tokio-tcp v0.1.0
[INFO] [stderr]     Checking tokio-signal v0.2.1
[INFO] [stderr]     Checking flate2 v1.0.1
[INFO] [stderr]     Checking backtrace v0.3.9
[INFO] [stderr]     Checking backtrace v0.2.3
[INFO] [stderr]     Checking tokio v0.1.7
[INFO] [stderr]     Checking error-chain v0.11.0
[INFO] [stderr]     Checking error-chain v0.1.12
[INFO] [stderr]     Checking trust-dns-proto v0.4.0
[INFO] [stderr]     Checking failure v0.1.1
[INFO] [stderr]     Checking h2 v0.1.10
[INFO] [stderr]     Checking env_logger v0.5.10
[INFO] [stderr]     Checking dotenv v0.13.0
[INFO] [stderr]    Compiling ring v0.12.1
[INFO] [stderr]    Compiling serde_derive v1.0.70
[INFO] [stderr]     Checking trust-dns-resolver v0.9.0
[INFO] [stderr]     Checking serde_json v1.0.22
[INFO] [stderr]     Checking chrono v0.4.4
[INFO] [stderr]     Checking serde_urlencoded v0.5.2
[INFO] [stderr]     Checking csv v1.0.0
[INFO] [stderr]    Compiling diesel_derives v1.3.0
[INFO] [stderr]     Checking actix v0.7.0
[INFO] [stderr]     Checking brotli2 v0.3.2
[INFO] [stderr]     Checking cookie v0.10.1
[INFO] [stderr]     Checking tera v0.11.8
[INFO] [stderr]     Checking diesel v1.3.2
[INFO] [stderr]     Checking wk-predictions v0.1.0 (/opt/rustwide/workdir)
[INFO] [stdout] error[E0433]: failed to resolve: use of undeclared type or module `StageType`
[INFO] [stdout]  --> src/schema.rs:1:17
[INFO] [stdout]   |
[INFO] [stdout] 1 | #[derive(Debug, DbEnum)]
[INFO] [stdout]   |                 ^^^^^^ use of undeclared type or module `StageType`
[INFO] [stdout]   |
[INFO] [stdout]   = note: this error originates in a derive macro (in Nightly builds, run with -Z macro-backtrace for more info)
[INFO] [stdout] 
[INFO] [stdout] 
[INFO] [stdout] error[E0412]: cannot find type `StageType` in this scope
[INFO] [stdout]  --> src/schema.rs:1:17
[INFO] [stdout]   |
[INFO] [stdout] 1 | #[derive(Debug, DbEnum)]
[INFO] [stdout]   |                 ^^^^^^ not found in this scope
[INFO] [stdout]   |
[INFO] [stdout]   = note: consider importing this enum:
[INFO] [stdout]           schema::StageType
[INFO] [stdout]   = note: this error originates in a derive macro (in Nightly builds, run with -Z macro-backtrace for more info)
[INFO] [stdout] 
[INFO] [stdout] 
[INFO] [stdout] error[E0433]: failed to resolve: use of undeclared type or module `StageType`
[INFO] [stdout]  --> src/schema.rs:1:17
[INFO] [stdout]   |
[INFO] [stdout] 1 | #[derive(Debug, DbEnum)]
[INFO] [stdout]   |                 ^^^^^^ use of undeclared type or module `StageType`
[INFO] [stdout]   |
[INFO] [stdout]   = note: this error originates in a derive macro (in Nightly builds, run with -Z macro-backtrace for more info)
[INFO] [stdout] 
[INFO] [stdout] 
[INFO] [stdout] warning: cannot find type `NaiveDateTime` in this scope
[INFO] [stdout]  --> src/models.rs:6:10
[INFO] [stdout]   |
[INFO] [stdout] 6 | #[derive(Queryable, Identifiable, Clone, Debug, Serialize, Deserialize)]
[INFO] [stdout]   |          ^^^^^^^^^ names from parent modules are not accessible without an explicit import
[INFO] [stdout]   |
[INFO] [stdout]   = note: `#[warn(proc_macro_derive_resolution_fallback)]` on by default
[INFO] [stdout]   = warning: this was previously accepted by the compiler but is being phased out; it will become a hard error in a future release!
[INFO] [stdout]   = note: for more information, see issue #50504 <https://github.com/rust-lang/rust/issues/50504>
[INFO] [stdout] 
[INFO] [stdout] 
[INFO] [stdout] warning: cannot find type `NaiveDateTime` in this scope
[INFO] [stdout]  --> src/models.rs:6:10
[INFO] [stdout]   |
[INFO] [stdout] 6 | #[derive(Queryable, Identifiable, Clone, Debug, Serialize, Deserialize)]
[INFO] [stdout]   |          ^^^^^^^^^ names from parent modules are not accessible without an explicit import
[INFO] [stdout]   |
[INFO] [stdout]   = warning: this was previously accepted by the compiler but is being phased out; it will become a hard error in a future release!
[INFO] [stdout]   = note: for more information, see issue #50504 <https://github.com/rust-lang/rust/issues/50504>
[INFO] [stdout] 
[INFO] [stdout] 
[INFO] [stdout] warning: cannot find type `User` in this scope
[INFO] [stdout]  --> src/models.rs:6:10
[INFO] [stdout]   |
[INFO] [stdout] 6 | #[derive(Queryable, Identifiable, Clone, Debug, Serialize, Deserialize)]
[INFO] [stdout]   |          ^^^^^^^^^ names from parent modules are not accessible without an explicit import
[INFO] [stdout]   |
[INFO] [stdout]   = warning: this was previously accepted by the compiler but is being phased out; it will become a hard error in a future release!
[INFO] [stdout]   = note: for more information, see issue #50504 <https://github.com/rust-lang/rust/issues/50504>
[INFO] [stdout] 
[INFO] [stdout] 
[INFO] [stdout] warning: cannot find type `User` in this scope
[INFO] [stdout]  --> src/models.rs:6:21
[INFO] [stdout]   |
[INFO] [stdout] 6 | #[derive(Queryable, Identifiable, Clone, Debug, Serialize, Deserialize)]
[INFO] [stdout]   |                     ^^^^^^^^^^^^ names from parent modules are not accessible without an explicit import
[INFO] [stdout]   |
[INFO] [stdout]   = warning: this was previously accepted by the compiler but is being phased out; it will become a hard error in a future release!
[INFO] [stdout]   = note: for more information, see issue #50504 <https://github.com/rust-lang/rust/issues/50504>
[INFO] [stdout] 
[INFO] [stdout] 
[INFO] [stdout] warning: cannot find type `users` in this scope
[INFO] [stdout]  --> src/models.rs:6:21
[INFO] [stdout]   |
[INFO] [stdout] 6 | #[derive(Queryable, Identifiable, Clone, Debug, Serialize, Deserialize)]
[INFO] [stdout]   |                     ^^^^^^^^^^^^ names from parent modules are not accessible without an explicit import
[INFO] [stdout]   |
[INFO] [stdout]   = warning: this was previously accepted by the compiler but is being phased out; it will become a hard error in a future release!
[INFO] [stdout]   = note: for more information, see issue #50504 <https://github.com/rust-lang/rust/issues/50504>
[INFO] [stdout] 
[INFO] [stdout] 
[INFO] [stdout] warning: cannot find type `users` in this scope
[INFO] [stdout]   --> src/models.rs:28:10
[INFO] [stdout]    |
[INFO] [stdout] 28 | #[derive(Insertable)]
[INFO] [stdout]    |          ^^^^^^^^^^ names from parent modules are not accessible without an explicit import
[INFO] [stdout]    |
[INFO] [stdout]    = warning: this was previously accepted by the compiler but is being phased out; it will become a hard error in a future release!
[INFO] [stdout]    = note: for more information, see issue #50504 <https://github.com/rust-lang/rust/issues/50504>
[INFO] [stdout] 
[INFO] [stdout] 
[INFO] [stdout] warning: cannot find type `NewUserWithEncryptedPassword` in this scope
[INFO] [stdout]   --> src/models.rs:28:10
[INFO] [stdout]    |
[INFO] [stdout] 28 | #[derive(Insertable)]
[INFO] [stdout]    |          ^^^^^^^^^^ names from parent modules are not accessible without an explicit import
[INFO] [stdout]    |
[INFO] [stdout]    = warning: this was previously accepted by the compiler but is being phased out; it will become a hard error in a future release!
[INFO] [stdout]    = note: for more information, see issue #50504 <https://github.com/rust-lang/rust/issues/50504>
[INFO] [stdout] 
[INFO] [stdout] 
[INFO] [stdout] warning: cannot find type `Country` in this scope
[INFO] [stdout]   --> src/models.rs:60:10
[INFO] [stdout]    |
[INFO] [stdout] 60 | #[derive(Queryable, Identifiable, Debug, Serialize, Deserialize)]
[INFO] [stdout]    |          ^^^^^^^^^ names from parent modules are not accessible without an explicit import
[INFO] [stdout]    |
[INFO] [stdout]    = warning: this was previously accepted by the compiler but is being phased out; it will become a hard error in a future release!
[INFO] [stdout]    = note: for more information, see issue #50504 <https://github.com/rust-lang/rust/issues/50504>
[INFO] [stdout] 
[INFO] [stdout] 
[INFO] [stdout] warning: cannot find type `Country` in this scope
[INFO] [stdout]   --> src/models.rs:60:21
[INFO] [stdout]    |
[INFO] [stdout] 60 | #[derive(Queryable, Identifiable, Debug, Serialize, Deserialize)]
[INFO] [stdout]    |                     ^^^^^^^^^^^^ names from parent modules are not accessible without an explicit import
[INFO] [stdout]    |
[INFO] [stdout]    = warning: this was previously accepted by the compiler but is being phased out; it will become a hard error in a future release!
[INFO] [stdout]    = note: for more information, see issue #50504 <https://github.com/rust-lang/rust/issues/50504>
[INFO] [stdout] 
[INFO] [stdout] 
[INFO] [stdout] warning: cannot find type `countries` in this scope
[INFO] [stdout]   --> src/models.rs:60:21
[INFO] [stdout]    |
[INFO] [stdout] 60 | #[derive(Queryable, Identifiable, Debug, Serialize, Deserialize)]
[INFO] [stdout]    |                     ^^^^^^^^^^^^ names from parent modules are not accessible without an explicit import
[INFO] [stdout]    |
[INFO] [stdout]    = warning: this was previously accepted by the compiler but is being phased out; it will become a hard error in a future release!
[INFO] [stdout]    = note: for more information, see issue #50504 <https://github.com/rust-lang/rust/issues/50504>
[INFO] [stdout] 
[INFO] [stdout] 
[INFO] [stdout] warning: cannot find type `Group` in this scope
[INFO] [stdout]   --> src/models.rs:71:10
[INFO] [stdout]    |
[INFO] [stdout] 71 | #[derive(Queryable, Identifiable, Debug, Serialize, Deserialize)]
[INFO] [stdout]    |          ^^^^^^^^^ names from parent modules are not accessible without an explicit import
[INFO] [stdout]    |
[INFO] [stdout]    = warning: this was previously accepted by the compiler but is being phased out; it will become a hard error in a future release!
[INFO] [stdout]    = note: for more information, see issue #50504 <https://github.com/rust-lang/rust/issues/50504>
[INFO] [stdout] 
[INFO] [stdout] 
[INFO] [stdout] warning: cannot find type `Group` in this scope
[INFO] [stdout]   --> src/models.rs:71:21
[INFO] [stdout]    |
[INFO] [stdout] 71 | #[derive(Queryable, Identifiable, Debug, Serialize, Deserialize)]
[INFO] [stdout]    |                     ^^^^^^^^^^^^ names from parent modules are not accessible without an explicit import
[INFO] [stdout]    |
[INFO] [stdout]    = warning: this was previously accepted by the compiler but is being phased out; it will become a hard error in a future release!
[INFO] [stdout]    = note: for more information, see issue #50504 <https://github.com/rust-lang/rust/issues/50504>
[INFO] [stdout] 
[INFO] [stdout] 
[INFO] [stdout] warning: cannot find type `groups` in this scope
[INFO] [stdout]   --> src/models.rs:71:21
[INFO] [stdout]    |
[INFO] [stdout] 71 | #[derive(Queryable, Identifiable, Debug, Serialize, Deserialize)]
[INFO] [stdout]    |                     ^^^^^^^^^^^^ names from parent modules are not accessible without an explicit import
[INFO] [stdout]    |
[INFO] [stdout]    = warning: this was previously accepted by the compiler but is being phased out; it will become a hard error in a future release!
[INFO] [stdout]    = note: for more information, see issue #50504 <https://github.com/rust-lang/rust/issues/50504>
[INFO] [stdout] 
[INFO] [stdout] 
[INFO] [stdout] warning: cannot find type `GroupMembership` in this scope
[INFO] [stdout]   --> src/models.rs:79:10
[INFO] [stdout]    |
[INFO] [stdout] 79 | #[derive(Queryable, Identifiable, Debug)]
[INFO] [stdout]    |          ^^^^^^^^^ names from parent modules are not accessible without an explicit import
[INFO] [stdout]    |
[INFO] [stdout]    = warning: this was previously accepted by the compiler but is being phased out; it will become a hard error in a future release!
[INFO] [stdout]    = note: for more information, see issue #50504 <https://github.com/rust-lang/rust/issues/50504>
[INFO] [stdout] 
[INFO] [stdout] 
[INFO] [stdout] warning: cannot find type `GroupMembership` in this scope
[INFO] [stdout]   --> src/models.rs:79:21
[INFO] [stdout]    |
[INFO] [stdout] 79 | #[derive(Queryable, Identifiable, Debug)]
[INFO] [stdout]    |                     ^^^^^^^^^^^^ names from parent modules are not accessible without an explicit import
[INFO] [stdout]    |
[INFO] [stdout]    = warning: this was previously accepted by the compiler but is being phased out; it will become a hard error in a future release!
[INFO] [stdout]    = note: for more information, see issue #50504 <https://github.com/rust-lang/rust/issues/50504>
[INFO] [stdout] 
[INFO] [stdout] 
[INFO] [stdout] warning: cannot find type `group_memberships` in this scope
[INFO] [stdout]   --> src/models.rs:79:21
[INFO] [stdout]    |
[INFO] [stdout] 79 | #[derive(Queryable, Identifiable, Debug)]
[INFO] [stdout]    |                     ^^^^^^^^^^^^ names from parent modules are not accessible without an explicit import
[INFO] [stdout]    |
[INFO] [stdout]    = warning: this was previously accepted by the compiler but is being phased out; it will become a hard error in a future release!
[INFO] [stdout]    = note: for more information, see issue #50504 <https://github.com/rust-lang/rust/issues/50504>
[INFO] [stdout] 
[INFO] [stdout] 
[INFO] [stdout] warning: cannot find type `Location` in this scope
[INFO] [stdout]   --> src/models.rs:89:10
[INFO] [stdout]    |
[INFO] [stdout] 89 | #[derive(Queryable, Identifiable, Debug, Serialize, Deserialize)]
[INFO] [stdout]    |          ^^^^^^^^^ names from parent modules are not accessible without an explicit import
[INFO] [stdout]    |
[INFO] [stdout]    = warning: this was previously accepted by the compiler but is being phased out; it will become a hard error in a future release!
[INFO] [stdout]    = note: for more information, see issue #50504 <https://github.com/rust-lang/rust/issues/50504>
[INFO] [stdout] 
[INFO] [stdout] 
[INFO] [stdout] warning: cannot find type `Location` in this scope
[INFO] [stdout]   --> src/models.rs:89:21
[INFO] [stdout]    |
[INFO] [stdout] 89 | #[derive(Queryable, Identifiable, Debug, Serialize, Deserialize)]
[INFO] [stdout]    |                     ^^^^^^^^^^^^ names from parent modules are not accessible without an explicit import
[INFO] [stdout]    |
[INFO] [stdout]    = warning: this was previously accepted by the compiler but is being phased out; it will become a hard error in a future release!
[INFO] [stdout]    = note: for more information, see issue #50504 <https://github.com/rust-lang/rust/issues/50504>
[INFO] [stdout] 
[INFO] [stdout] 
[INFO] [stdout] warning: cannot find type `locations` in this scope
[INFO] [stdout]   --> src/models.rs:89:21
[INFO] [stdout]    |
[INFO] [stdout] 89 | #[derive(Queryable, Identifiable, Debug, Serialize, Deserialize)]
[INFO] [stdout]    |                     ^^^^^^^^^^^^ names from parent modules are not accessible without an explicit import
[INFO] [stdout]    |
[INFO] [stdout]    = warning: this was previously accepted by the compiler but is being phased out; it will become a hard error in a future release!
[INFO] [stdout]    = note: for more information, see issue #50504 <https://github.com/rust-lang/rust/issues/50504>
[INFO] [stdout] 
[INFO] [stdout] 
[INFO] [stdout] warning: cannot find type `StageType` in this scope
[INFO] [stdout]   --> src/models.rs:98:10
[INFO] [stdout]    |
[INFO] [stdout] 98 | #[derive(Queryable, Identifiable, Debug)]
[INFO] [stdout]    |          ^^^^^^^^^ names from parent modules are not accessible without an explicit import
[INFO] [stdout]    |
[INFO] [stdout]    = warning: this was previously accepted by the compiler but is being phased out; it will become a hard error in a future release!
[INFO] [stdout]    = note: for more information, see issue #50504 <https://github.com/rust-lang/rust/issues/50504>
[INFO] [stdout] 
[INFO] [stdout] 
[INFO] [stdout] warning: cannot find type `Stage` in this scope
[INFO] [stdout]   --> src/models.rs:98:10
[INFO] [stdout]    |
[INFO] [stdout] 98 | #[derive(Queryable, Identifiable, Debug)]
[INFO] [stdout]    |          ^^^^^^^^^ names from parent modules are not accessible without an explicit import
[INFO] [stdout]    |
[INFO] [stdout]    = warning: this was previously accepted by the compiler but is being phased out; it will become a hard error in a future release!
[INFO] [stdout]    = note: for more information, see issue #50504 <https://github.com/rust-lang/rust/issues/50504>
[INFO] [stdout] 
[INFO] [stdout] 
[INFO] [stdout] warning: cannot find type `Stage` in this scope
[INFO] [stdout]   --> src/models.rs:98:21
[INFO] [stdout]    |
[INFO] [stdout] 98 | #[derive(Queryable, Identifiable, Debug)]
[INFO] [stdout]    |                     ^^^^^^^^^^^^ names from parent modules are not accessible without an explicit import
[INFO] [stdout]    |
[INFO] [stdout]    = warning: this was previously accepted by the compiler but is being phased out; it will become a hard error in a future release!
[INFO] [stdout]    = note: for more information, see issue #50504 <https://github.com/rust-lang/rust/issues/50504>
[INFO] [stdout] 
[INFO] [stdout] 
[INFO] [stdout] warning: cannot find type `stages` in this scope
[INFO] [stdout]   --> src/models.rs:98:21
[INFO] [stdout]    |
[INFO] [stdout] 98 | #[derive(Queryable, Identifiable, Debug)]
[INFO] [stdout]    |                     ^^^^^^^^^^^^ names from parent modules are not accessible without an explicit import
[INFO] [stdout]    |
[INFO] [stdout]    = warning: this was previously accepted by the compiler but is being phased out; it will become a hard error in a future release!
[INFO] [stdout]    = note: for more information, see issue #50504 <https://github.com/rust-lang/rust/issues/50504>
[INFO] [stdout] 
[INFO] [stdout] 
[INFO] [stdout] warning: cannot find type `MatchParticipant` in this scope
[INFO] [stdout]    --> src/models.rs:107:10
[INFO] [stdout]     |
[INFO] [stdout] 107 | #[derive(Queryable, Identifiable, Debug, Serialize, Deserialize, Clone)]
[INFO] [stdout]     |          ^^^^^^^^^ names from parent modules are not accessible without an explicit import
[INFO] [stdout]     |
[INFO] [stdout]     = warning: this was previously accepted by the compiler but is being phased out; it will become a hard error in a future release!
[INFO] [stdout]     = note: for more information, see issue #50504 <https://github.com/rust-lang/rust/issues/50504>
[INFO] [stdout] 
[INFO] [stdout] 
[INFO] [stdout] warning: cannot find type `MatchParticipant` in this scope
[INFO] [stdout]    --> src/models.rs:107:21
[INFO] [stdout]     |
[INFO] [stdout] 107 | #[derive(Queryable, Identifiable, Debug, Serialize, Deserialize, Clone)]
[INFO] [stdout]     |                     ^^^^^^^^^^^^ names from parent modules are not accessible without an explicit import
[INFO] [stdout]     |
[INFO] [stdout]     = warning: this was previously accepted by the compiler but is being phased out; it will become a hard error in a future release!
[INFO] [stdout]     = note: for more information, see issue #50504 <https://github.com/rust-lang/rust/issues/50504>
[INFO] [stdout] 
[INFO] [stdout] 
[INFO] [stdout] warning: cannot find type `match_participants` in this scope
[INFO] [stdout]    --> src/models.rs:107:21
[INFO] [stdout]     |
[INFO] [stdout] 107 | #[derive(Queryable, Identifiable, Debug, Serialize, Deserialize, Clone)]
[INFO] [stdout]     |                     ^^^^^^^^^^^^ names from parent modules are not accessible without an explicit import
[INFO] [stdout]     |
[INFO] [stdout]     = warning: this was previously accepted by the compiler but is being phased out; it will become a hard error in a future release!
[INFO] [stdout]     = note: for more information, see issue #50504 <https://github.com/rust-lang/rust/issues/50504>
[INFO] [stdout] 
[INFO] [stdout] 
[INFO] [stdout] warning: cannot find type `DateTime` in this scope
[INFO] [stdout]    --> src/models.rs:122:10
[INFO] [stdout]     |
[INFO] [stdout] 122 | #[derive(Queryable, Identifiable, Debug, Serialize, Deserialize)]
[INFO] [stdout]     |          ^^^^^^^^^ names from parent modules are not accessible without an explicit import
[INFO] [stdout]     |
[INFO] [stdout]     = warning: this was previously accepted by the compiler but is being phased out; it will become a hard error in a future release!
[INFO] [stdout]     = note: for more information, see issue #50504 <https://github.com/rust-lang/rust/issues/50504>
[INFO] [stdout] 
[INFO] [stdout] 
[INFO] [stdout] warning: cannot find type `Utc` in this scope
[INFO] [stdout]    --> src/models.rs:122:10
[INFO] [stdout]     |
[INFO] [stdout] 122 | #[derive(Queryable, Identifiable, Debug, Serialize, Deserialize)]
[INFO] [stdout]     |          ^^^^^^^^^ names from parent modules are not accessible without an explicit import
[INFO] [stdout]     |
[INFO] [stdout]     = warning: this was previously accepted by the compiler but is being phased out; it will become a hard error in a future release!
[INFO] [stdout]     = note: for more information, see issue #50504 <https://github.com/rust-lang/rust/issues/50504>
[INFO] [stdout] 
[INFO] [stdout] 
[INFO] [stdout] warning: cannot find type `Match` in this scope
[INFO] [stdout]    --> src/models.rs:122:10
[INFO] [stdout]     |
[INFO] [stdout] 122 | #[derive(Queryable, Identifiable, Debug, Serialize, Deserialize)]
[INFO] [stdout]     |          ^^^^^^^^^ names from parent modules are not accessible without an explicit import
[INFO] [stdout]     |
[INFO] [stdout]     = warning: this was previously accepted by the compiler but is being phased out; it will become a hard error in a future release!
[INFO] [stdout]     = note: for more information, see issue #50504 <https://github.com/rust-lang/rust/issues/50504>
[INFO] [stdout] 
[INFO] [stdout] 
[INFO] [stdout] warning: cannot find type `Match` in this scope
[INFO] [stdout]    --> src/models.rs:122:21
[INFO] [stdout]     |
[INFO] [stdout] 122 | #[derive(Queryable, Identifiable, Debug, Serialize, Deserialize)]
[INFO] [stdout]     |                     ^^^^^^^^^^^^ names from parent modules are not accessible without an explicit import
[INFO] [stdout]     |
[INFO] [stdout]     = warning: this was previously accepted by the compiler but is being phased out; it will become a hard error in a future release!
[INFO] [stdout]     = note: for more information, see issue #50504 <https://github.com/rust-lang/rust/issues/50504>
[INFO] [stdout] 
[INFO] [stdout] 
[INFO] [stdout] warning: cannot find type `matches` in this scope
[INFO] [stdout]    --> src/models.rs:122:21
[INFO] [stdout]     |
[INFO] [stdout] 122 | #[derive(Queryable, Identifiable, Debug, Serialize, Deserialize)]
[INFO] [stdout]     |                     ^^^^^^^^^^^^ names from parent modules are not accessible without an explicit import
[INFO] [stdout]     |
[INFO] [stdout]     = warning: this was previously accepted by the compiler but is being phased out; it will become a hard error in a future release!
[INFO] [stdout]     = note: for more information, see issue #50504 <https://github.com/rust-lang/rust/issues/50504>
[INFO] [stdout] 
[INFO] [stdout] 
[INFO] [stdout] warning: cannot find type `NaiveDateTime` in this scope
[INFO] [stdout]    --> src/models.rs:142:10
[INFO] [stdout]     |
[INFO] [stdout] 142 | #[derive(Queryable, Identifiable, Associations, Debug, Serialize, Deserialize, Clone)]
[INFO] [stdout]     |          ^^^^^^^^^ names from parent modules are not accessible without an explicit import
[INFO] [stdout]     |
[INFO] [stdout]     = warning: this was previously accepted by the compiler but is being phased out; it will become a hard error in a future release!
[INFO] [stdout]     = note: for more information, see issue #50504 <https://github.com/rust-lang/rust/issues/50504>
[INFO] [stdout] 
[INFO] [stdout] 
[INFO] [stdout] warning: cannot find type `MatchPrediction` in this scope
[INFO] [stdout]    --> src/models.rs:142:10
[INFO] [stdout]     |
[INFO] [stdout] 142 | #[derive(Queryable, Identifiable, Associations, Debug, Serialize, Deserialize, Clone)]
[INFO] [stdout]     |          ^^^^^^^^^ names from parent modules are not accessible without an explicit import
[INFO] [stdout]     |
[INFO] [stdout]     = warning: this was previously accepted by the compiler but is being phased out; it will become a hard error in a future release!
[INFO] [stdout]     = note: for more information, see issue #50504 <https://github.com/rust-lang/rust/issues/50504>
[INFO] [stdout] 
[INFO] [stdout] 
[INFO] [stdout] warning: cannot find type `MatchPrediction` in this scope
[INFO] [stdout]    --> src/models.rs:142:21
[INFO] [stdout]     |
[INFO] [stdout] 142 | #[derive(Queryable, Identifiable, Associations, Debug, Serialize, Deserialize, Clone)]
[INFO] [stdout]     |                     ^^^^^^^^^^^^ names from parent modules are not accessible without an explicit import
[INFO] [stdout]     |
[INFO] [stdout]     = warning: this was previously accepted by the compiler but is being phased out; it will become a hard error in a future release!
[INFO] [stdout]     = note: for more information, see issue #50504 <https://github.com/rust-lang/rust/issues/50504>
[INFO] [stdout] 
[INFO] [stdout] 
[INFO] [stdout] warning: cannot find type `match_predictions` in this scope
[INFO] [stdout]    --> src/models.rs:142:21
[INFO] [stdout]     |
[INFO] [stdout] 142 | #[derive(Queryable, Identifiable, Associations, Debug, Serialize, Deserialize, Clone)]
[INFO] [stdout]     |                     ^^^^^^^^^^^^ names from parent modules are not accessible without an explicit import
[INFO] [stdout]     |
[INFO] [stdout]     = warning: this was previously accepted by the compiler but is being phased out; it will become a hard error in a future release!
[INFO] [stdout]     = note: for more information, see issue #50504 <https://github.com/rust-lang/rust/issues/50504>
[INFO] [stdout] 
[INFO] [stdout] 
[INFO] [stdout] warning: cannot find type `User` in this scope
[INFO] [stdout]    --> src/models.rs:142:35
[INFO] [stdout]     |
[INFO] [stdout] 142 | #[derive(Queryable, Identifiable, Associations, Debug, Serialize, Deserialize, Clone)]
[INFO] [stdout]     |                                   ^^^^^^^^^^^^ names from parent modules are not accessible without an explicit import
[INFO] [stdout]     |
[INFO] [stdout]     = warning: this was previously accepted by the compiler but is being phased out; it will become a hard error in a future release!
[INFO] [stdout]     = note: for more information, see issue #50504 <https://github.com/rust-lang/rust/issues/50504>
[INFO] [stdout] 
[INFO] [stdout] 
[INFO] [stdout] warning: cannot find type `MatchPrediction` in this scope
[INFO] [stdout]    --> src/models.rs:142:35
[INFO] [stdout]     |
[INFO] [stdout] 142 | #[derive(Queryable, Identifiable, Associations, Debug, Serialize, Deserialize, Clone)]
[INFO] [stdout]     |                                   ^^^^^^^^^^^^ names from parent modules are not accessible without an explicit import
[INFO] [stdout]     |
[INFO] [stdout]     = warning: this was previously accepted by the compiler but is being phased out; it will become a hard error in a future release!
[INFO] [stdout]     = note: for more information, see issue #50504 <https://github.com/rust-lang/rust/issues/50504>
[INFO] [stdout] 
[INFO] [stdout] 
[INFO] [stdout] warning: cannot find type `match_predictions` in this scope
[INFO] [stdout]    --> src/models.rs:142:35
[INFO] [stdout]     |
[INFO] [stdout] 142 | #[derive(Queryable, Identifiable, Associations, Debug, Serialize, Deserialize, Clone)]
[INFO] [stdout]     |                                   ^^^^^^^^^^^^ names from parent modules are not accessible without an explicit import
[INFO] [stdout]     |
[INFO] [stdout]     = warning: this was previously accepted by the compiler but is being phased out; it will become a hard error in a future release!
[INFO] [stdout]     = note: for more information, see issue #50504 <https://github.com/rust-lang/rust/issues/50504>
[INFO] [stdout] 
[INFO] [stdout] 
[INFO] [stdout] warning: cannot find type `match_predictions` in this scope
[INFO] [stdout]    --> src/models.rs:162:17
[INFO] [stdout]     |
[INFO] [stdout] 162 | #[derive(Debug, Insertable, AsChangeset)]
[INFO] [stdout]     |                 ^^^^^^^^^^ names from parent modules are not accessible without an explicit import
[INFO] [stdout]     |
[INFO] [stdout]     = warning: this was previously accepted by the compiler but is being phased out; it will become a hard error in a future release!
[INFO] [stdout]     = note: for more information, see issue #50504 <https://github.com/rust-lang/rust/issues/50504>
[INFO] [stdout] 
[INFO] [stdout] 
[INFO] [stdout] warning: cannot find type `UpdatedPrediction` in this scope
[INFO] [stdout]    --> src/models.rs:162:17
[INFO] [stdout]     |
[INFO] [stdout] 162 | #[derive(Debug, Insertable, AsChangeset)]
[INFO] [stdout]     |                 ^^^^^^^^^^ names from parent modules are not accessible without an explicit import
[INFO] [stdout]     |
[INFO] [stdout]     = warning: this was previously accepted by the compiler but is being phased out; it will become a hard error in a future release!
[INFO] [stdout]     = note: for more information, see issue #50504 <https://github.com/rust-lang/rust/issues/50504>
[INFO] [stdout] 
[INFO] [stdout] 
[INFO] [stdout] warning: cannot find type `UpdatedPrediction` in this scope
[INFO] [stdout]    --> src/models.rs:162:29
[INFO] [stdout]     |
[INFO] [stdout] 162 | #[derive(Debug, Insertable, AsChangeset)]
[INFO] [stdout]     |                             ^^^^^^^^^^^ names from parent modules are not accessible without an explicit import
[INFO] [stdout]     |
[INFO] [stdout]     = warning: this was previously accepted by the compiler but is being phased out; it will become a hard error in a future release!
[INFO] [stdout]     = note: for more information, see issue #50504 <https://github.com/rust-lang/rust/issues/50504>
[INFO] [stdout] 
[INFO] [stdout] 
[INFO] [stdout] warning: cannot find type `match_predictions` in this scope
[INFO] [stdout]    --> src/models.rs:162:29
[INFO] [stdout]     |
[INFO] [stdout] 162 | #[derive(Debug, Insertable, AsChangeset)]
[INFO] [stdout]     |                             ^^^^^^^^^^^ names from parent modules are not accessible without an explicit import
[INFO] [stdout]     |
[INFO] [stdout]     = warning: this was previously accepted by the compiler but is being phased out; it will become a hard error in a future release!
[INFO] [stdout]     = note: for more information, see issue #50504 <https://github.com/rust-lang/rust/issues/50504>
[INFO] [stdout] 
[INFO] [stdout] 
[INFO] [stdout] warning: cannot find type `MatchOutcome` in this scope
[INFO] [stdout]    --> src/models.rs:181:10
[INFO] [stdout]     |
[INFO] [stdout] 181 | #[derive(Queryable, Identifiable, Insertable, Debug, Serialize, Deserialize, AsChangeset, Clone)]
[INFO] [stdout]     |          ^^^^^^^^^ names from parent modules are not accessible without an explicit import
[INFO] [stdout]     |
[INFO] [stdout]     = warning: this was previously accepted by the compiler but is being phased out; it will become a hard error in a future release!
[INFO] [stdout]     = note: for more information, see issue #50504 <https://github.com/rust-lang/rust/issues/50504>
[INFO] [stdout] 
[INFO] [stdout] 
[INFO] [stdout] warning: cannot find type `MatchOutcome` in this scope
[INFO] [stdout]    --> src/models.rs:181:21
[INFO] [stdout]     |
[INFO] [stdout] 181 | #[derive(Queryable, Identifiable, Insertable, Debug, Serialize, Deserialize, AsChangeset, Clone)]
[INFO] [stdout]     |                     ^^^^^^^^^^^^ names from parent modules are not accessible without an explicit import
[INFO] [stdout]     |
[INFO] [stdout]     = warning: this was previously accepted by the compiler but is being phased out; it will become a hard error in a future release!
[INFO] [stdout]     = note: for more information, see issue #50504 <https://github.com/rust-lang/rust/issues/50504>
[INFO] [stdout] 
[INFO] [stdout] 
[INFO] [stdout] warning: cannot find type `match_outcomes` in this scope
[INFO] [stdout]    --> src/models.rs:181:21
[INFO] [stdout]     |
[INFO] [stdout] 181 | #[derive(Queryable, Identifiable, Insertable, Debug, Serialize, Deserialize, AsChangeset, Clone)]
[INFO] [stdout]     |                     ^^^^^^^^^^^^ names from parent modules are not accessible without an explicit import
[INFO] [stdout]     |
[INFO] [stdout]     = warning: this was previously accepted by the compiler but is being phased out; it will become a hard error in a future release!
[INFO] [stdout]     = note: for more information, see issue #50504 <https://github.com/rust-lang/rust/issues/50504>
[INFO] [stdout] 
[INFO] [stdout] 
[INFO] [stdout] warning: cannot find type `match_outcomes` in this scope
[INFO] [stdout]    --> src/models.rs:181:35
[INFO] [stdout]     |
[INFO] [stdout] 181 | #[derive(Queryable, Identifiable, Insertable, Debug, Serialize, Deserialize, AsChangeset, Clone)]
[INFO] [stdout]     |                                   ^^^^^^^^^^ names from parent modules are not accessible without an explicit import
[INFO] [stdout]     |
[INFO] [stdout]     = warning: this was previously accepted by the compiler but is being phased out; it will become a hard error in a future release!
[INFO] [stdout]     = note: for more information, see issue #50504 <https://github.com/rust-lang/rust/issues/50504>
[INFO] [stdout] 
[INFO] [stdout] 
[INFO] [stdout] warning: cannot find type `MatchOutcome` in this scope
[INFO] [stdout]    --> src/models.rs:181:35
[INFO] [stdout]     |
[INFO] [stdout] 181 | #[derive(Queryable, Identifiable, Insertable, Debug, Serialize, Deserialize, AsChangeset, Clone)]
[INFO] [stdout]     |                                   ^^^^^^^^^^ names from parent modules are not accessible without an explicit import
[INFO] [stdout]     |
[INFO] [stdout]     = warning: this was previously accepted by the compiler but is being phased out; it will become a hard error in a future release!
[INFO] [stdout]     = note: for more information, see issue #50504 <https://github.com/rust-lang/rust/issues/50504>
[INFO] [stdout] 
[INFO] [stdout] 
[INFO] [stdout] warning: cannot find type `MatchOutcome` in this scope
[INFO] [stdout]    --> src/models.rs:181:78
[INFO] [stdout]     |
[INFO] [stdout] 181 | #[derive(Queryable, Identifiable, Insertable, Debug, Serialize, Deserialize, AsChangeset, Clone)]
[INFO] [stdout]     |                                                                              ^^^^^^^^^^^ names from parent modules are not accessible without an explicit import
[INFO] [stdout]     |
[INFO] [stdout]     = warning: this was previously accepted by the compiler but is being phased out; it will become a hard error in a future release!
[INFO] [stdout]     = note: for more information, see issue #50504 <https://github.com/rust-lang/rust/issues/50504>
[INFO] [stdout] 
[INFO] [stdout] 
[INFO] [stdout] warning: cannot find type `match_outcomes` in this scope
[INFO] [stdout]    --> src/models.rs:181:78
[INFO] [stdout]     |
[INFO] [stdout] 181 | #[derive(Queryable, Identifiable, Insertable, Debug, Serialize, Deserialize, AsChangeset, Clone)]
[INFO] [stdout]     |                                                                              ^^^^^^^^^^^ names from parent modules are not accessible without an explicit import
[INFO] [stdout]     |
[INFO] [stdout]     = warning: this was previously accepted by the compiler but is being phased out; it will become a hard error in a future release!
[INFO] [stdout]     = note: for more information, see issue #50504 <https://github.com/rust-lang/rust/issues/50504>
[INFO] [stdout] 
[INFO] [stdout] 
[INFO] [stdout] warning: cannot find type `DateTime` in this scope
[INFO] [stdout]    --> src/models.rs:218:48
[INFO] [stdout]     |
[INFO] [stdout] 218 | #[derive(Debug, Clone, Serialize, Deserialize, Queryable, QueryableByName)]
[INFO] [stdout]     |                                                ^^^^^^^^^ names from parent modules are not accessible without an explicit import
[INFO] [stdout]     |
[INFO] [stdout]     = warning: this was previously accepted by the compiler but is being phased out; it will become a hard error in a future release!
[INFO] [stdout]     = note: for more information, see issue #50504 <https://github.com/rust-lang/rust/issues/50504>
[INFO] [stdout] 
[INFO] [stdout] 
[INFO] [stdout] warning: cannot find type `Utc` in this scope
[INFO] [stdout]    --> src/models.rs:218:48
[INFO] [stdout]     |
[INFO] [stdout] 218 | #[derive(Debug, Clone, Serialize, Deserialize, Queryable, QueryableByName)]
[INFO] [stdout]     |                                                ^^^^^^^^^ names from parent modules are not accessible without an explicit import
[INFO] [stdout]     |
[INFO] [stdout]     = warning: this was previously accepted by the compiler but is being phased out; it will become a hard error in a future release!
[INFO] [stdout]     = note: for more information, see issue #50504 <https://github.com/rust-lang/rust/issues/50504>
[INFO] [stdout] 
[INFO] [stdout] 
[INFO] [stdout] warning: cannot find type `MatchWithAllInfo` in this scope
[INFO] [stdout]    --> src/models.rs:218:48
[INFO] [stdout]     |
[INFO] [stdout] 218 | #[derive(Debug, Clone, Serialize, Deserialize, Queryable, QueryableByName)]
[INFO] [stdout]     |                                                ^^^^^^^^^ names from parent modules are not accessible without an explicit import
[INFO] [stdout]     |
[INFO] [stdout]     = warning: this was previously accepted by the compiler but is being phased out; it will become a hard error in a future release!
[INFO] [stdout]     = note: for more information, see issue #50504 <https://github.com/rust-lang/rust/issues/50504>
[INFO] [stdout] 
[INFO] [stdout] 
[INFO] [stdout] warning: cannot find type `full_match_infos` in this scope
[INFO] [stdout]    --> src/models.rs:218:59
[INFO] [stdout]     |
[INFO] [stdout] 218 | #[derive(Debug, Clone, Serialize, Deserialize, Queryable, QueryableByName)]
[INFO] [stdout]     |                                                           ^^^^^^^^^^^^^^^ names from parent modules are not accessible without an explicit import
[INFO] [stdout]     |
[INFO] [stdout]     = warning: this was previously accepted by the compiler but is being phased out; it will become a hard error in a future release!
[INFO] [stdout]     = note: for more information, see issue #50504 <https://github.com/rust-lang/rust/issues/50504>
[INFO] [stdout] 
[INFO] [stdout] 
[INFO] [stdout] warning: cannot find type `DateTime` in this scope
[INFO] [stdout]    --> src/models.rs:218:59
[INFO] [stdout]     |
[INFO] [stdout] 218 | #[derive(Debug, Clone, Serialize, Deserialize, Queryable, QueryableByName)]
[INFO] [stdout]     |                                                           ^^^^^^^^^^^^^^^ names from parent modules are not accessible without an explicit import
[INFO] [stdout]     |
[INFO] [stdout]     = warning: this was previously accepted by the compiler but is being phased out; it will become a hard error in a future release!
[INFO] [stdout]     = note: for more information, see issue #50504 <https://github.com/rust-lang/rust/issues/50504>
[INFO] [stdout] 
[INFO] [stdout] 
[INFO] [stdout] warning: cannot find type `Utc` in this scope
[INFO] [stdout]    --> src/models.rs:218:59
[INFO] [stdout]     |
[INFO] [stdout] 218 | #[derive(Debug, Clone, Serialize, Deserialize, Queryable, QueryableByName)]
[INFO] [stdout]     |                                                           ^^^^^^^^^^^^^^^ names from parent modules are not accessible without an explicit import
[INFO] [stdout]     |
[INFO] [stdout]     = warning: this was previously accepted by the compiler but is being phased out; it will become a hard error in a future release!
[INFO] [stdout]     = note: for more information, see issue #50504 <https://github.com/rust-lang/rust/issues/50504>
[INFO] [stdout] 
[INFO] [stdout] 
[INFO] [stdout] warning: cannot find type `MatchWithAllInfo` in this scope
[INFO] [stdout]    --> src/models.rs:218:59
[INFO] [stdout]     |
[INFO] [stdout] 218 | #[derive(Debug, Clone, Serialize, Deserialize, Queryable, QueryableByName)]
[INFO] [stdout]     |                                                           ^^^^^^^^^^^^^^^ names from parent modules are not accessible without an explicit import
[INFO] [stdout]     |
[INFO] [stdout]     = warning: this was previously accepted by the compiler but is being phased out; it will become a hard error in a future release!
[INFO] [stdout]     = note: for more information, see issue #50504 <https://github.com/rust-lang/rust/issues/50504>
[INFO] [stdout] 
[INFO] [stdout] 
[INFO] [stdout] warning: cannot find type `User` in this scope
[INFO] [stdout]    --> src/models.rs:242:24
[INFO] [stdout]     |
[INFO] [stdout] 242 | #[derive(Debug, Clone, Associations, Serialize, Deserialize, Queryable, Identifiable)]
[INFO] [stdout]     |                        ^^^^^^^^^^^^ names from parent modules are not accessible without an explicit import
[INFO] [stdout]     |
[INFO] [stdout]     = warning: this was previously accepted by the compiler but is being phased out; it will become a hard error in a future release!
[INFO] [stdout]     = note: for more information, see issue #50504 <https://github.com/rust-lang/rust/issues/50504>
[INFO] [stdout] 
[INFO] [stdout] 
[INFO] [stdout] warning: cannot find type `Favourite` in this scope
[INFO] [stdout]    --> src/models.rs:242:24
[INFO] [stdout]     |
[INFO] [stdout] 242 | #[derive(Debug, Clone, Associations, Serialize, Deserialize, Queryable, Identifiable)]
[INFO] [stdout]     |                        ^^^^^^^^^^^^ names from parent modules are not accessible without an explicit import
[INFO] [stdout]     |
[INFO] [stdout]     = warning: this was previously accepted by the compiler but is being phased out; it will become a hard error in a future release!
[INFO] [stdout]     = note: for more information, see issue #50504 <https://github.com/rust-lang/rust/issues/50504>
[INFO] [stdout] 
[INFO] [stdout] 
[INFO] [stdout] warning: cannot find type `favourites` in this scope
[INFO] [stdout]    --> src/models.rs:242:24
[INFO] [stdout]     |
[INFO] [stdout] 242 | #[derive(Debug, Clone, Associations, Serialize, Deserialize, Queryable, Identifiable)]
[INFO] [stdout]     |                        ^^^^^^^^^^^^ names from parent modules are not accessible without an explicit import
[INFO] [stdout]     |
[INFO] [stdout]     = warning: this was previously accepted by the compiler but is being phased out; it will become a hard error in a future release!
[INFO] [stdout]     = note: for more information, see issue #50504 <https://github.com/rust-lang/rust/issues/50504>
[INFO] [stdout] 
[INFO] [stdout] 
[INFO] [stdout] warning: cannot find type `NaiveDateTime` in this scope
[INFO] [stdout]    --> src/models.rs:242:62
[INFO] [stdout]     |
[INFO] [stdout] 242 | #[derive(Debug, Clone, Associations, Serialize, Deserialize, Queryable, Identifiable)]
[INFO] [stdout]     |                                                              ^^^^^^^^^ names from parent modules are not accessible without an explicit import
[INFO] [stdout]     |
[INFO] [stdout]     = warning: this was previously accepted by the compiler but is being phased out; it will become a hard error in a future release!
[INFO] [stdout]     = note: for more information, see issue #50504 <https://github.com/rust-lang/rust/issues/50504>
[INFO] [stdout] 
[INFO] [stdout] 
[INFO] [stdout] warning: cannot find type `Favourite` in this scope
[INFO] [stdout]    --> src/models.rs:242:62
[INFO] [stdout]     |
[INFO] [stdout] 242 | #[derive(Debug, Clone, Associations, Serialize, Deserialize, Queryable, Identifiable)]
[INFO] [stdout]     |                                                              ^^^^^^^^^ names from parent modules are not accessible without an explicit import
[INFO] [stdout]     |
[INFO] [stdout]     = warning: this was previously accepted by the compiler but is being phased out; it will become a hard error in a future release!
[INFO] [stdout]     = note: for more information, see issue #50504 <https://github.com/rust-lang/rust/issues/50504>
[INFO] [stdout] 
[INFO] [stdout] 
[INFO] [stdout] warning: cannot find type `Favourite` in this scope
[INFO] [stdout]    --> src/models.rs:242:73
[INFO] [stdout]     |
[INFO] [stdout] 242 | #[derive(Debug, Clone, Associations, Serialize, Deserialize, Queryable, Identifiable)]
[INFO] [stdout]     |                                                                         ^^^^^^^^^^^^ names from parent modules are not accessible without an explicit import
[INFO] [stdout]     |
[INFO] [stdout]     = warning: this was previously accepted by the compiler but is being phased out; it will become a hard error in a future release!
[INFO] [stdout]     = note: for more information, see issue #50504 <https://github.com/rust-lang/rust/issues/50504>
[INFO] [stdout] 
[INFO] [stdout] 
[INFO] [stdout] warning: cannot find type `favourites` in this scope
[INFO] [stdout]    --> src/models.rs:242:73
[INFO] [stdout]     |
[INFO] [stdout] 242 | #[derive(Debug, Clone, Associations, Serialize, Deserialize, Queryable, Identifiable)]
[INFO] [stdout]     |                                                                         ^^^^^^^^^^^^ names from parent modules are not accessible without an explicit import
[INFO] [stdout]     |
[INFO] [stdout]     = warning: this was previously accepted by the compiler but is being phased out; it will become a hard error in a future release!
[INFO] [stdout]     = note: for more information, see issue #50504 <https://github.com/rust-lang/rust/issues/50504>
[INFO] [stdout] 
[INFO] [stdout] 
[INFO] [stdout] warning: cannot find type `favourites` in this scope
[INFO] [stdout]    --> src/models.rs:255:10
[INFO] [stdout]     |
[INFO] [stdout] 255 | #[derive(Insertable, AsChangeset)]
[INFO] [stdout]     |          ^^^^^^^^^^ names from parent modules are not accessible without an explicit import
[INFO] [stdout]     |
[INFO] [stdout]     = warning: this was previously accepted by the compiler but is being phased out; it will become a hard error in a future release!
[INFO] [stdout]     = note: for more information, see issue #50504 <https://github.com/rust-lang/rust/issues/50504>
[INFO] [stdout] 
[INFO] [stdout] 
[INFO] [stdout] warning: cannot find type `UpdatedFavourite` in this scope
[INFO] [stdout]    --> src/models.rs:255:10
[INFO] [stdout]     |
[INFO] [stdout] 255 | #[derive(Insertable, AsChangeset)]
[INFO] [stdout]     |          ^^^^^^^^^^ names from parent modules are not accessible without an explicit import
[INFO] [stdout]     |
[INFO] [stdout]     = warning: this was previously accepted by the compiler but is being phased out; it will become a hard error in a future release!
[INFO] [stdout]     = note: for more information, see issue #50504 <https://github.com/rust-lang/rust/issues/50504>
[INFO] [stdout] 
[INFO] [stdout] 
[INFO] [stdout] warning: cannot find type `UpdatedFavourite` in this scope
[INFO] [stdout]    --> src/models.rs:255:22
[INFO] [stdout]     |
[INFO] [stdout] 255 | #[derive(Insertable, AsChangeset)]
[INFO] [stdout]     |                      ^^^^^^^^^^^ names from parent modules are not accessible without an explicit import
[INFO] [stdout]     |
[INFO] [stdout]     = warning: this was previously accepted by the compiler but is being phased out; it will become a hard error in a future release!
[INFO] [stdout]     = note: for more information, see issue #50504 <https://github.com/rust-lang/rust/issues/50504>
[INFO] [stdout] 
[INFO] [stdout] 
[INFO] [stdout] warning: cannot find type `favourites` in this scope
[INFO] [stdout]    --> src/models.rs:255:22
[INFO] [stdout]     |
[INFO] [stdout] 255 | #[derive(Insertable, AsChangeset)]
[INFO] [stdout]     |                      ^^^^^^^^^^^ names from parent modules are not accessible without an explicit import
[INFO] [stdout]     |
[INFO] [stdout]     = warning: this was previously accepted by the compiler but is being phased out; it will become a hard error in a future release!
[INFO] [stdout]     = note: for more information, see issue #50504 <https://github.com/rust-lang/rust/issues/50504>
[INFO] [stdout] 
[INFO] [stdout] 
[INFO] [stdout] warning: cannot find type `UserMatchPoints` in this scope
[INFO] [stdout]    --> src/models.rs:264:41
[INFO] [stdout]     |
[INFO] [stdout] 264 | #[derive(Serialize, Deserialize, Debug, Queryable, Insertable, AsChangeset)]
[INFO] [stdout]     |                                         ^^^^^^^^^ names from parent modules are not accessible without an explicit import
[INFO] [stdout]     |
[INFO] [stdout]     = warning: this was previously accepted by the compiler but is being phased out; it will become a hard error in a future release!
[INFO] [stdout]     = note: for more information, see issue #50504 <https://github.com/rust-lang/rust/issues/50504>
[INFO] [stdout] 
[INFO] [stdout] 
[INFO] [stdout] warning: cannot find type `user_match_points` in this scope
[INFO] [stdout]    --> src/models.rs:264:52
[INFO] [stdout]     |
[INFO] [stdout] 264 | #[derive(Serialize, Deserialize, Debug, Queryable, Insertable, AsChangeset)]
[INFO] [stdout]     |                                                    ^^^^^^^^^^ names from parent modules are not accessible without an explicit import
[INFO] [stdout]     |
[INFO] [stdout]     = warning: this was previously accepted by the compiler but is being phased out; it will become a hard error in a future release!
[INFO] [stdout]     = note: for more information, see issue #50504 <https://github.com/rust-lang/rust/issues/50504>
[INFO] [stdout] 
[INFO] [stdout] 
[INFO] [stdout] warning: cannot find type `UserMatchPoints` in this scope
[INFO] [stdout]    --> src/models.rs:264:52
[INFO] [stdout]     |
[INFO] [stdout] 264 | #[derive(Serialize, Deserialize, Debug, Queryable, Insertable, AsChangeset)]
[INFO] [stdout]     |                                                    ^^^^^^^^^^ names from parent modules are not accessible without an explicit import
[INFO] [stdout]     |
[INFO] [stdout]     = warning: this was previously accepted by the compiler but is being phased out; it will become a hard error in a future release!
[INFO] [stdout]     = note: for more information, see issue #50504 <https://github.com/rust-lang/rust/issues/50504>
[INFO] [stdout] 
[INFO] [stdout] 
[INFO] [stdout] warning: cannot find type `UserMatchPoints` in this scope
[INFO] [stdout]    --> src/models.rs:264:64
[INFO] [stdout]     |
[INFO] [stdout] 264 | #[derive(Serialize, Deserialize, Debug, Queryable, Insertable, AsChangeset)]
[INFO] [stdout]     |                                                                ^^^^^^^^^^^ names from parent modules are not accessible without an explicit import
[INFO] [stdout]     |
[INFO] [stdout]     = warning: this was previously accepted by the compiler but is being phased out; it will become a hard error in a future release!
[INFO] [stdout]     = note: for more information, see issue #50504 <https://github.com/rust-lang/rust/issues/50504>
[INFO] [stdout] 
[INFO] [stdout] 
[INFO] [stdout] warning: cannot find type `user_match_points` in this scope
[INFO] [stdout]    --> src/models.rs:264:64
[INFO] [stdout]     |
[INFO] [stdout] 264 | #[derive(Serialize, Deserialize, Debug, Queryable, Insertable, AsChangeset)]
[INFO] [stdout]     |                                                                ^^^^^^^^^^^ names from parent modules are not accessible without an explicit import
[INFO] [stdout]     |
[INFO] [stdout]     = warning: this was previously accepted by the compiler but is being phased out; it will become a hard error in a future release!
[INFO] [stdout]     = note: for more information, see issue #50504 <https://github.com/rust-lang/rust/issues/50504>
[INFO] [stdout] 
[INFO] [stdout] 
[INFO] [stdout] warning: cannot find type `StageType` in this scope
[INFO] [stdout]  --> src/schema.rs:1:17
[INFO] [stdout]   |
[INFO] [stdout] 1 | #[derive(Debug, DbEnum)]
[INFO] [stdout]   |                 ^^^^^^ names from parent modules are not accessible without an explicit import
[INFO] [stdout]   |
[INFO] [stdout]   = warning: this was previously accepted by the compiler but is being phased out; it will become a hard error in a future release!
[INFO] [stdout]   = note: for more information, see issue #50504 <https://github.com/rust-lang/rust/issues/50504>
[INFO] [stdout] 
[INFO] [stdout] 
[INFO] [stdout] warning: cannot find type `table` in this scope
[INFO] [stdout]    --> /opt/rustwide/cargo-home/registry/src/github.com-1ecc6299db9ec823/diesel-1.3.2/src/macros/mod.rs:751:42
[INFO] [stdout]     |
[INFO] [stdout] 751 |             #[derive(Debug, Clone, Copy, QueryId)]
[INFO] [stdout]     |                                          ^^^^^^^ names from parent modules are not accessible without an explicit import
[INFO] [stdout]     |
[INFO] [stdout]     = warning: this was previously accepted by the compiler but is being phased out; it will become a hard error in a future release!
[INFO] [stdout]     = note: for more information, see issue #50504 <https://github.com/rust-lang/rust/issues/50504>
[INFO] [stdout] 
[INFO] [stdout] 
[INFO] [stdout] warning: cannot find type `country_id` in this scope
[INFO] [stdout]  --> /opt/rustwide/cargo-home/registry/src/github.com-1ecc6299db9ec823/diesel-1.3.2/src/macros/mod.rs:9:38
[INFO] [stdout]   |
[INFO] [stdout] 9 |         #[derive(Debug, Clone, Copy, QueryId, Default)]
[INFO] [stdout]   |                                      ^^^^^^^ names from parent modules are not accessible without an explicit import
[INFO] [stdout]   |
[INFO] [stdout]   = warning: this was previously accepted by the compiler but is being phased out; it will become a hard error in a future release!
[INFO] [stdout]   = note: for more information, see issue #50504 <https://github.com/rust-lang/rust/issues/50504>
[INFO] [stdout] 
[INFO] [stdout] 
[INFO] [stdout] warning: cannot find type `name` in this scope
[INFO] [stdout]  --> /opt/rustwide/cargo-home/registry/src/github.com-1ecc6299db9ec823/diesel-1.3.2/src/macros/mod.rs:9:38
[INFO] [stdout]   |
[INFO] [stdout] 9 |         #[derive(Debug, Clone, Copy, QueryId, Default)]
[INFO] [stdout]   |                                      ^^^^^^^ names from parent modules are not accessible without an explicit import
[INFO] [stdout]   |
[INFO] [stdout]   = warning: this was previously accepted by the compiler but is being phased out; it will become a hard error in a future release!
[INFO] [stdout]   = note: for more information, see issue #50504 <https://github.com/rust-lang/rust/issues/50504>
[INFO] [stdout] 
[INFO] [stdout] 
[INFO] [stdout] warning: cannot find type `flag` in this scope
[INFO] [stdout]  --> /opt/rustwide/cargo-home/registry/src/github.com-1ecc6299db9ec823/diesel-1.3.2/src/macros/mod.rs:9:38
[INFO] [stdout]   |
[INFO] [stdout] 9 |         #[derive(Debug, Clone, Copy, QueryId, Default)]
[INFO] [stdout]   |                                      ^^^^^^^ names from parent modules are not accessible without an explicit import
[INFO] [stdout]   |
[INFO] [stdout]   = warning: this was previously accepted by the compiler but is being phased out; it will become a hard error in a future release!
[INFO] [stdout]   = note: for more information, see issue #50504 <https://github.com/rust-lang/rust/issues/50504>
[INFO] [stdout] 
[INFO] [stdout] 
[INFO] [stdout] warning: cannot find type `seeding_pot` in this scope
[INFO] [stdout]  --> /opt/rustwide/cargo-home/registry/src/github.com-1ecc6299db9ec823/diesel-1.3.2/src/macros/mod.rs:9:38
[INFO] [stdout]   |
[INFO] [stdout] 9 |         #[derive(Debug, Clone, Copy, QueryId, Default)]
[INFO] [stdout]   |                                      ^^^^^^^ names from parent modules are not accessible without an explicit import
[INFO] [stdout]   |
[INFO] [stdout]   = warning: this was previously accepted by the compiler but is being phased out; it will become a hard error in a future release!
[INFO] [stdout]   = note: for more information, see issue #50504 <https://github.com/rust-lang/rust/issues/50504>
[INFO] [stdout] 
[INFO] [stdout] 
[INFO] [stdout] warning: cannot find type `qualified_for_knockout` in this scope
[INFO] [stdout]  --> /opt/rustwide/cargo-home/registry/src/github.com-1ecc6299db9ec823/diesel-1.3.2/src/macros/mod.rs:9:38
[INFO] [stdout]   |
[INFO] [stdout] 9 |         #[derive(Debug, Clone, Copy, QueryId, Default)]
[INFO] [stdout]   |                                      ^^^^^^^ names from parent modules are not accessible without an explicit import
[INFO] [stdout]   |
[INFO] [stdout]   = warning: this was previously accepted by the compiler but is being phased out; it will become a hard error in a future release!
[INFO] [stdout]   = note: for more information, see issue #50504 <https://github.com/rust-lang/rust/issues/50504>
[INFO] [stdout] 
[INFO] [stdout] 
[INFO] [stdout] warning: cannot find type `user_id` in this scope
[INFO] [stdout]  --> /opt/rustwide/cargo-home/registry/src/github.com-1ecc6299db9ec823/diesel-1.3.2/src/macros/mod.rs:9:38
[INFO] [stdout]   |
[INFO] [stdout] 9 |         #[derive(Debug, Clone, Copy, QueryId, Default)]
[INFO] [stdout]   |                                      ^^^^^^^ names from parent modules are not accessible without an explicit import
[INFO] [stdout]   |
[INFO] [stdout]   = warning: this was previously accepted by the compiler but is being phased out; it will become a hard error in a future release!
[INFO] [stdout]   = note: for more information, see issue #50504 <https://github.com/rust-lang/rust/issues/50504>
[INFO] [stdout] 
[INFO] [stdout] 
[INFO] [stdout] warning: cannot find type `choice` in this scope
[INFO] [stdout]  --> /opt/rustwide/cargo-home/registry/src/github.com-1ecc6299db9ec823/diesel-1.3.2/src/macros/mod.rs:9:38
[INFO] [stdout]   |
[INFO] [stdout] 9 |         #[derive(Debug, Clone, Copy, QueryId, Default)]
[INFO] [stdout]   |                                      ^^^^^^^ names from parent modules are not accessible without an explicit import
[INFO] [stdout]   |
[INFO] [stdout]   = warning: this was previously accepted by the compiler but is being phased out; it will become a hard error in a future release!
[INFO] [stdout]   = note: for more information, see issue #50504 <https://github.com/rust-lang/rust/issues/50504>
[INFO] [stdout] 
[INFO] [stdout] 
[INFO] [stdout] warning: cannot find type `created_at` in this scope
[INFO] [stdout]  --> /opt/rustwide/cargo-home/registry/src/github.com-1ecc6299db9ec823/diesel-1.3.2/src/macros/mod.rs:9:38
[INFO] [stdout]   |
[INFO] [stdout] 9 |         #[derive(Debug, Clone, Copy, QueryId, Default)]
[INFO] [stdout]   |                                      ^^^^^^^ names from parent modules are not accessible without an explicit import
[INFO] [stdout]   |
[INFO] [stdout]   = warning: this was previously accepted by the compiler but is being phased out; it will become a hard error in a future release!
[INFO] [stdout]   = note: for more information, see issue #50504 <https://github.com/rust-lang/rust/issues/50504>
[INFO] [stdout] 
[INFO] [stdout] 
[INFO] [stdout] warning: cannot find type `updated_at` in this scope
[INFO] [stdout]  --> /opt/rustwide/cargo-home/registry/src/github.com-1ecc6299db9ec823/diesel-1.3.2/src/macros/mod.rs:9:38
[INFO] [stdout]   |
[INFO] [stdout] 9 |         #[derive(Debug, Clone, Copy, QueryId, Default)]
[INFO] [stdout]   |                                      ^^^^^^^ names from parent modules are not accessible without an explicit import
[INFO] [stdout]   |
[INFO] [stdout]   = warning: this was previously accepted by the compiler but is being phased out; it will become a hard error in a future release!
[INFO] [stdout]   = note: for more information, see issue #50504 <https://github.com/rust-lang/rust/issues/50504>
[INFO] [stdout] 
[INFO] [stdout] 
[INFO] [stdout] warning: cannot find type `phase` in this scope
[INFO] [stdout]  --> /opt/rustwide/cargo-home/registry/src/github.com-1ecc6299db9ec823/diesel-1.3.2/src/macros/mod.rs:9:38
[INFO] [stdout]   |
[INFO] [stdout] 9 |         #[derive(Debug, Clone, Copy, QueryId, Default)]
[INFO] [stdout]   |                                      ^^^^^^^ names from parent modules are not accessible without an explicit import
[INFO] [stdout]   |
[INFO] [stdout]   = warning: this was previously accepted by the compiler but is being phased out; it will become a hard error in a future release!
[INFO] [stdout]   = note: for more information, see issue #50504 <https://github.com/rust-lang/rust/issues/50504>
[INFO] [stdout] 
[INFO] [stdout] 
[INFO] [stdout] warning: cannot find type `source` in this scope
[INFO] [stdout]  --> /opt/rustwide/cargo-home/registry/src/github.com-1ecc6299db9ec823/diesel-1.3.2/src/macros/mod.rs:9:38
[INFO] [stdout]   |
[INFO] [stdout] 9 |         #[derive(Debug, Clone, Copy, QueryId, Default)]
[INFO] [stdout]   |                                      ^^^^^^^ names from parent modules are not accessible without an explicit import
[INFO] [stdout]   |
[INFO] [stdout]   = warning: this was previously accepted by the compiler but is being phased out; it will become a hard error in a future release!
[INFO] [stdout]   = note: for more information, see issue #50504 <https://github.com/rust-lang/rust/issues/50504>
[INFO] [stdout] 
[INFO] [stdout] 
[INFO] [stdout] warning: cannot find type `group_id` in this scope
[INFO] [stdout]  --> /opt/rustwide/cargo-home/registry/src/github.com-1ecc6299db9ec823/diesel-1.3.2/src/macros/mod.rs:9:38
[INFO] [stdout]   |
[INFO] [stdout] 9 |         #[derive(Debug, Clone, Copy, QueryId, Default)]
[INFO] [stdout]   |                                      ^^^^^^^ names from parent modules are not accessible without an explicit import
[INFO] [stdout]   |
[INFO] [stdout]   = warning: this was previously accepted by the compiler but is being phased out; it will become a hard error in a future release!
[INFO] [stdout]   = note: for more information, see issue #50504 <https://github.com/rust-lang/rust/issues/50504>
[INFO] [stdout] 
[INFO] [stdout] 
[INFO] [stdout] warning: cannot find type `drawn_place` in this scope
[INFO] [stdout]  --> /opt/rustwide/cargo-home/registry/src/github.com-1ecc6299db9ec823/diesel-1.3.2/src/macros/mod.rs:9:38
[INFO] [stdout]   |
[INFO] [stdout] 9 |         #[derive(Debug, Clone, Copy, QueryId, Default)]
[INFO] [stdout]   |                                      ^^^^^^^ names from parent modules are not accessible without an explicit import
[INFO] [stdout]   |
[INFO] [stdout]   = warning: this was previously accepted by the compiler but is being phased out; it will become a hard error in a future release!
[INFO] [stdout]   = note: for more information, see issue #50504 <https://github.com/rust-lang/rust/issues/50504>
[INFO] [stdout] 
[INFO] [stdout] 
[INFO] [stdout] warning: cannot find type `current_position` in this scope
[INFO] [stdout]  --> /opt/rustwide/cargo-home/registry/src/github.com-1ecc6299db9ec823/diesel-1.3.2/src/macros/mod.rs:9:38
[INFO] [stdout]   |
[INFO] [stdout] 9 |         #[derive(Debug, Clone, Copy, QueryId, Default)]
[INFO] [stdout]   |                                      ^^^^^^^ names from parent modules are not accessible without an explicit import
[INFO] [stdout]   |
[INFO] [stdout]   = warning: this was previously accepted by the compiler but is being phased out; it will become a hard error in a future release!
[INFO] [stdout]   = note: for more information, see issue #50504 <https://github.com/rust-lang/rust/issues/50504>
[INFO] [stdout] 
[INFO] [stdout] 
[INFO] [stdout] warning: cannot find type `winner_id` in this scope
[INFO] [stdout]  --> /opt/rustwide/cargo-home/registry/src/github.com-1ecc6299db9ec823/diesel-1.3.2/src/macros/mod.rs:9:38
[INFO] [stdout]   |
[INFO] [stdout] 9 |         #[derive(Debug, Clone, Copy, QueryId, Default)]
[INFO] [stdout]   |                                      ^^^^^^^ names from parent modules are not accessible without an explicit import
[INFO] [stdout]   |
[INFO] [stdout]   = warning: this was previously accepted by the compiler but is being phased out; it will become a hard error in a future release!
[INFO] [stdout]   = note: for more information, see issue #50504 <https://github.com/rust-lang/rust/issues/50504>
[INFO] [stdout] 
[INFO] [stdout] 
[INFO] [stdout] warning: cannot find type `runnerup_id` in this scope
[INFO] [stdout]  --> /opt/rustwide/cargo-home/registry/src/github.com-1ecc6299db9ec823/diesel-1.3.2/src/macros/mod.rs:9:38
[INFO] [stdout]   |
[INFO] [stdout] 9 |         #[derive(Debug, Clone, Copy, QueryId, Default)]
[INFO] [stdout]   |                                      ^^^^^^^ names from parent modules are not accessible without an explicit import
[INFO] [stdout]   |
[INFO] [stdout]   = warning: this was previously accepted by the compiler but is being phased out; it will become a hard error in a future release!
[INFO] [stdout]   = note: for more information, see issue #50504 <https://github.com/rust-lang/rust/issues/50504>
[INFO] [stdout] 
[INFO] [stdout] 
[INFO] [stdout] warning: cannot find type `location_id` in this scope
[INFO] [stdout]  --> /opt/rustwide/cargo-home/registry/src/github.com-1ecc6299db9ec823/diesel-1.3.2/src/macros/mod.rs:9:38
[INFO] [stdout]   |
[INFO] [stdout] 9 |         #[derive(Debug, Clone, Copy, QueryId, Default)]
[INFO] [stdout]   |                                      ^^^^^^^ names from parent modules are not accessible without an explicit import
[INFO] [stdout]   |
[INFO] [stdout]   = warning: this was previously accepted by the compiler but is being phased out; it will become a hard error in a future release!
[INFO] [stdout]   = note: for more information, see issue #50504 <https://github.com/rust-lang/rust/issues/50504>
[INFO] [stdout] 
[INFO] [stdout] 
[INFO] [stdout] warning: cannot find type `city` in this scope
[INFO] [stdout]  --> /opt/rustwide/cargo-home/registry/src/github.com-1ecc6299db9ec823/diesel-1.3.2/src/macros/mod.rs:9:38
[INFO] [stdout]   |
[INFO] [stdout] 9 |         #[derive(Debug, Clone, Copy, QueryId, Default)]
[INFO] [stdout]   |                                      ^^^^^^^ names from parent modules are not accessible without an explicit import
[INFO] [stdout]   |
[INFO] [stdout]   = warning: this was previously accepted by the compiler but is being phased out; it will become a hard error in a future release!
[INFO] [stdout]   = note: for more information, see issue #50504 <https://github.com/rust-lang/rust/issues/50504>
[INFO] [stdout] 
[INFO] [stdout] 
[INFO] [stdout] warning: cannot find type `stadium` in this scope
[INFO] [stdout]  --> /opt/rustwide/cargo-home/registry/src/github.com-1ecc6299db9ec823/diesel-1.3.2/src/macros/mod.rs:9:38
[INFO] [stdout]   |
[INFO] [stdout] 9 |         #[derive(Debug, Clone, Copy, QueryId, Default)]
[INFO] [stdout]   |                                      ^^^^^^^ names from parent modules are not accessible without an explicit import
[INFO] [stdout]   |
[INFO] [stdout]   = warning: this was previously accepted by the compiler but is being phased out; it will become a hard error in a future release!
[INFO] [stdout]   = note: for more information, see issue #50504 <https://github.com/rust-lang/rust/issues/50504>
[INFO] [stdout] 
[INFO] [stdout] 
[INFO] [stdout] warning: cannot find type `match_id` in this scope
[INFO] [stdout]  --> /opt/rustwide/cargo-home/registry/src/github.com-1ecc6299db9ec823/diesel-1.3.2/src/macros/mod.rs:9:38
[INFO] [stdout]   |
[INFO] [stdout] 9 |         #[derive(Debug, Clone, Copy, QueryId, Default)]
[INFO] [stdout]   |                                      ^^^^^^^ names from parent modules are not accessible without an explicit import
[INFO] [stdout]   |
[INFO] [stdout]   = warning: this was previously accepted by the compiler but is being phased out; it will become a hard error in a future release!
[INFO] [stdout]   = note: for more information, see issue #50504 <https://github.com/rust-lang/rust/issues/50504>
[INFO] [stdout] 
[INFO] [stdout] 
[INFO] [stdout] warning: cannot find type `home_score` in this scope
[INFO] [stdout]  --> /opt/rustwide/cargo-home/registry/src/github.com-1ecc6299db9ec823/diesel-1.3.2/src/macros/mod.rs:9:38
[INFO] [stdout]   |
[INFO] [stdout] 9 |         #[derive(Debug, Clone, Copy, QueryId, Default)]
[INFO] [stdout]   |                                      ^^^^^^^ names from parent modules are not accessible without an explicit import
[INFO] [stdout]   |
[INFO] [stdout]   = warning: this was previously accepted by the compiler but is being phased out; it will become a hard error in a future release!
[INFO] [stdout]   = note: for more information, see issue #50504 <https://github.com/rust-lang/rust/issues/50504>
[INFO] [stdout] 
[INFO] [stdout] 
[INFO] [stdout] warning: cannot find type `away_score` in this scope
[INFO] [stdout]  --> /opt/rustwide/cargo-home/registry/src/github.com-1ecc6299db9ec823/diesel-1.3.2/src/macros/mod.rs:9:38
[INFO] [stdout]   |
[INFO] [stdout] 9 |         #[derive(Debug, Clone, Copy, QueryId, Default)]
[INFO] [stdout]   |                                      ^^^^^^^ names from parent modules are not accessible without an explicit import
[INFO] [stdout]   |
[INFO] [stdout]   = warning: this was previously accepted by the compiler but is being phased out; it will become a hard error in a future release!
[INFO] [stdout]   = note: for more information, see issue #50504 <https://github.com/rust-lang/rust/issues/50504>
[INFO] [stdout] 
[INFO] [stdout] 
[INFO] [stdout] warning: cannot find type `time_of_first_goal` in this scope
[INFO] [stdout]  --> /opt/rustwide/cargo-home/registry/src/github.com-1ecc6299db9ec823/diesel-1.3.2/src/macros/mod.rs:9:38
[INFO] [stdout]   |
[INFO] [stdout] 9 |         #[derive(Debug, Clone, Copy, QueryId, Default)]
[INFO] [stdout]   |                                      ^^^^^^^ names from parent modules are not accessible without an explicit import
[INFO] [stdout]   |
[INFO] [stdout]   = warning: this was previously accepted by the compiler but is being phased out; it will become a hard error in a future release!
[INFO] [stdout]   = note: for more information, see issue #50504 <https://github.com/rust-lang/rust/issues/50504>
[INFO] [stdout] 
[INFO] [stdout] 
[INFO] [stdout] warning: cannot find type `home_penalties` in this scope
[INFO] [stdout]  --> /opt/rustwide/cargo-home/registry/src/github.com-1ecc6299db9ec823/diesel-1.3.2/src/macros/mod.rs:9:38
[INFO] [stdout]   |
[INFO] [stdout] 9 |         #[derive(Debug, Clone, Copy, QueryId, Default)]
[INFO] [stdout]   |                                      ^^^^^^^ names from parent modules are not accessible without an explicit import
[INFO] [stdout]   |
[INFO] [stdout]   = warning: this was previously accepted by the compiler but is being phased out; it will become a hard error in a future release!
[INFO] [stdout]   = note: for more information, see issue #50504 <https://github.com/rust-lang/rust/issues/50504>
[INFO] [stdout] 
[INFO] [stdout] 
[INFO] [stdout] warning: cannot find type `away_penalties` in this scope
[INFO] [stdout]  --> /opt/rustwide/cargo-home/registry/src/github.com-1ecc6299db9ec823/diesel-1.3.2/src/macros/mod.rs:9:38
[INFO] [stdout]   |
[INFO] [stdout] 9 |         #[derive(Debug, Clone, Copy, QueryId, Default)]
[INFO] [stdout]   |                                      ^^^^^^^ names from parent modules are not accessible without an explicit import
[INFO] [stdout]   |
[INFO] [stdout]   = warning: this was previously accepted by the compiler but is being phased out; it will become a hard error in a future release!
[INFO] [stdout]   = note: for more information, see issue #50504 <https://github.com/rust-lang/rust/issues/50504>
[INFO] [stdout] 
[INFO] [stdout] 
[INFO] [stdout] warning: cannot find type `duration` in this scope
[INFO] [stdout]  --> /opt/rustwide/cargo-home/registry/src/github.com-1ecc6299db9ec823/diesel-1.3.2/src/macros/mod.rs:9:38
[INFO] [stdout]   |
[INFO] [stdout] 9 |         #[derive(Debug, Clone, Copy, QueryId, Default)]
[INFO] [stdout]   |                                      ^^^^^^^ names from parent modules are not accessible without an explicit import
[INFO] [stdout]   |
[INFO] [stdout]   = warning: this was previously accepted by the compiler but is being phased out; it will become a hard error in a future release!
[INFO] [stdout]   = note: for more information, see issue #50504 <https://github.com/rust-lang/rust/issues/50504>
[INFO] [stdout] 
[INFO] [stdout] 
[INFO] [stdout] warning: cannot find type `match_participant_id` in this scope
[INFO] [stdout]  --> /opt/rustwide/cargo-home/registry/src/github.com-1ecc6299db9ec823/diesel-1.3.2/src/macros/mod.rs:9:38
[INFO] [stdout]   |
[INFO] [stdout] 9 |         #[derive(Debug, Clone, Copy, QueryId, Default)]
[INFO] [stdout]   |                                      ^^^^^^^ names from parent modules are not accessible without an explicit import
[INFO] [stdout]   |
[INFO] [stdout]   = warning: this was previously accepted by the compiler but is being phased out; it will become a hard error in a future release!
[INFO] [stdout]   = note: for more information, see issue #50504 <https://github.com/rust-lang/rust/issues/50504>
[INFO] [stdout] 
[INFO] [stdout] 
[INFO] [stdout] warning: cannot find type `stage_id` in this scope
[INFO] [stdout]  --> /opt/rustwide/cargo-home/registry/src/github.com-1ecc6299db9ec823/diesel-1.3.2/src/macros/mod.rs:9:38
[INFO] [stdout]   |
[INFO] [stdout] 9 |         #[derive(Debug, Clone, Copy, QueryId, Default)]
[INFO] [stdout]   |                                      ^^^^^^^ names from parent modules are not accessible without an explicit import
[INFO] [stdout]   |
[INFO] [stdout]   = warning: this was previously accepted by the compiler but is being phased out; it will become a hard error in a future release!
[INFO] [stdout]   = note: for more information, see issue #50504 <https://github.com/rust-lang/rust/issues/50504>
[INFO] [stdout] 
[INFO] [stdout] 
[INFO] [stdout] warning: cannot find type `previous_match_id` in this scope
[INFO] [stdout]  --> /opt/rustwide/cargo-home/registry/src/github.com-1ecc6299db9ec823/diesel-1.3.2/src/macros/mod.rs:9:38
[INFO] [stdout]   |
[INFO] [stdout] 9 |         #[derive(Debug, Clone, Copy, QueryId, Default)]
[INFO] [stdout]   |                                      ^^^^^^^ names from parent modules are not accessible without an explicit import
[INFO] [stdout]   |
[INFO] [stdout]   = warning: this was previously accepted by the compiler but is being phased out; it will become a hard error in a future release!
[INFO] [stdout]   = note: for more information, see issue #50504 <https://github.com/rust-lang/rust/issues/50504>
[INFO] [stdout] 
[INFO] [stdout] 
[INFO] [stdout] warning: cannot find type `group_drawn_place` in this scope
[INFO] [stdout]  --> /opt/rustwide/cargo-home/registry/src/github.com-1ecc6299db9ec823/diesel-1.3.2/src/macros/mod.rs:9:38
[INFO] [stdout]   |
[INFO] [stdout] 9 |         #[derive(Debug, Clone, Copy, QueryId, Default)]
[INFO] [stdout]   |                                      ^^^^^^^ names from parent modules are not accessible without an explicit import
[INFO] [stdout]   |
[INFO] [stdout]   = warning: this was previously accepted by the compiler but is being phased out; it will become a hard error in a future release!
[INFO] [stdout]   = note: for more information, see issue #50504 <https://github.com/rust-lang/rust/issues/50504>
[INFO] [stdout] 
[INFO] [stdout] 
[INFO] [stdout] warning: cannot find type `result` in this scope
[INFO] [stdout]  --> /opt/rustwide/cargo-home/registry/src/github.com-1ecc6299db9ec823/diesel-1.3.2/src/macros/mod.rs:9:38
[INFO] [stdout]   |
[INFO] [stdout] 9 |         #[derive(Debug, Clone, Copy, QueryId, Default)]
[INFO] [stdout]   |                                      ^^^^^^^ names from parent modules are not accessible without an explicit import
[INFO] [stdout]   |
[INFO] [stdout]   = warning: this was previously accepted by the compiler but is being phased out; it will become a hard error in a future release!
[INFO] [stdout]   = note: for more information, see issue #50504 <https://github.com/rust-lang/rust/issues/50504>
[INFO] [stdout] 
[INFO] [stdout] 
[INFO] [stdout] warning: cannot find type `home_participant_id` in this scope
[INFO] [stdout]  --> /opt/rustwide/cargo-home/registry/src/github.com-1ecc6299db9ec823/diesel-1.3.2/src/macros/mod.rs:9:38
[INFO] [stdout]   |
[INFO] [stdout] 9 |         #[derive(Debug, Clone, Copy, QueryId, Default)]
[INFO] [stdout]   |                                      ^^^^^^^ names from parent modules are not accessible without an explicit import
[INFO] [stdout]   |
[INFO] [stdout]   = warning: this was previously accepted by the compiler but is being phased out; it will become a hard error in a future release!
[INFO] [stdout]   = note: for more information, see issue #50504 <https://github.com/rust-lang/rust/issues/50504>
[INFO] [stdout] 
[INFO] [stdout] 
[INFO] [stdout] warning: cannot find type `away_participant_id` in this scope
[INFO] [stdout]  --> /opt/rustwide/cargo-home/registry/src/github.com-1ecc6299db9ec823/diesel-1.3.2/src/macros/mod.rs:9:38
[INFO] [stdout]   |
[INFO] [stdout] 9 |         #[derive(Debug, Clone, Copy, QueryId, Default)]
[INFO] [stdout]   |                                      ^^^^^^^ names from parent modules are not accessible without an explicit import
[INFO] [stdout]   |
[INFO] [stdout]   = warning: this was previously accepted by the compiler but is being phased out; it will become a hard error in a future release!
[INFO] [stdout]   = note: for more information, see issue #50504 <https://github.com/rust-lang/rust/issues/50504>
[INFO] [stdout] 
[INFO] [stdout] 
[INFO] [stdout] warning: cannot find type `time` in this scope
[INFO] [stdout]  --> /opt/rustwide/cargo-home/registry/src/github.com-1ecc6299db9ec823/diesel-1.3.2/src/macros/mod.rs:9:38
[INFO] [stdout]   |
[INFO] [stdout] 9 |         #[derive(Debug, Clone, Copy, QueryId, Default)]
[INFO] [stdout]   |                                      ^^^^^^^ names from parent modules are not accessible without an explicit import
[INFO] [stdout]   |
[INFO] [stdout]   = warning: this was previously accepted by the compiler but is being phased out; it will become a hard error in a future release!
[INFO] [stdout]   = note: for more information, see issue #50504 <https://github.com/rust-lang/rust/issues/50504>
[INFO] [stdout] 
[INFO] [stdout] 
[INFO] [stdout] warning: cannot find type `parent_stage_id` in this scope
[INFO] [stdout]  --> /opt/rustwide/cargo-home/registry/src/github.com-1ecc6299db9ec823/diesel-1.3.2/src/macros/mod.rs:9:38
[INFO] [stdout]   |
[INFO] [stdout] 9 |         #[derive(Debug, Clone, Copy, QueryId, Default)]
[INFO] [stdout]   |                                      ^^^^^^^ names from parent modules are not accessible without an explicit import
[INFO] [stdout]   |
[INFO] [stdout]   = warning: this was previously accepted by the compiler but is being phased out; it will become a hard error in a future release!
[INFO] [stdout]   = note: for more information, see issue #50504 <https://github.com/rust-lang/rust/issues/50504>
[INFO] [stdout] 
[INFO] [stdout] 
[INFO] [stdout] warning: cannot find type `stage_type` in this scope
[INFO] [stdout]  --> /opt/rustwide/cargo-home/registry/src/github.com-1ecc6299db9ec823/diesel-1.3.2/src/macros/mod.rs:9:38
[INFO] [stdout]   |
[INFO] [stdout] 9 |         #[derive(Debug, Clone, Copy, QueryId, Default)]
[INFO] [stdout]   |                                      ^^^^^^^ names from parent modules are not accessible without an explicit import
[INFO] [stdout]   |
[INFO] [stdout]   = warning: this was previously accepted by the compiler but is being phased out; it will become a hard error in a future release!
[INFO] [stdout]   = note: for more information, see issue #50504 <https://github.com/rust-lang/rust/issues/50504>
[INFO] [stdout] 
[INFO] [stdout] 
[INFO] [stdout] warning: cannot find type `description` in this scope
[INFO] [stdout]  --> /opt/rustwide/cargo-home/registry/src/github.com-1ecc6299db9ec823/diesel-1.3.2/src/macros/mod.rs:9:38
[INFO] [stdout]   |
[INFO] [stdout] 9 |         #[derive(Debug, Clone, Copy, QueryId, Default)]
[INFO] [stdout]   |                                      ^^^^^^^ names from parent modules are not accessible without an explicit import
[INFO] [stdout]   |
[INFO] [stdout]   = warning: this was previously accepted by the compiler but is being phased out; it will become a hard error in a future release!
[INFO] [stdout]   = note: for more information, see issue #50504 <https://github.com/rust-lang/rust/issues/50504>
[INFO] [stdout] 
[INFO] [stdout] 
[INFO] [stdout] warning: cannot find type `favourites` in this scope
[INFO] [stdout]  --> /opt/rustwide/cargo-home/registry/src/github.com-1ecc6299db9ec823/diesel-1.3.2/src/macros/mod.rs:9:38
[INFO] [stdout]   |
[INFO] [stdout] 9 |         #[derive(Debug, Clone, Copy, QueryId, Default)]
[INFO] [stdout]   |                                      ^^^^^^^ names from parent modules are not accessible without an explicit import
[INFO] [stdout]   |
[INFO] [stdout]   = warning: this was previously accepted by the compiler but is being phased out; it will become a hard error in a future release!
[INFO] [stdout]   = note: for more information, see issue #50504 <https://github.com/rust-lang/rust/issues/50504>
[INFO] [stdout] 
[INFO] [stdout] 
[INFO] [stdout] warning: cannot find type `prediction` in this scope
[INFO] [stdout]  --> /opt/rustwide/cargo-home/registry/src/github.com-1ecc6299db9ec823/diesel-1.3.2/src/macros/mod.rs:9:38
[INFO] [stdout]   |
[INFO] [stdout] 9 |         #[derive(Debug, Clone, Copy, QueryId, Default)]
[INFO] [stdout]   |                                      ^^^^^^^ names from parent modules are not accessible without an explicit import
[INFO] [stdout]   |
[INFO] [stdout]   = warning: this was previously accepted by the compiler but is being phased out; it will become a hard error in a future release!
[INFO] [stdout]   = note: for more information, see issue #50504 <https://github.com/rust-lang/rust/issues/50504>
[INFO] [stdout] 
[INFO] [stdout] 
[INFO] [stdout] warning: cannot find type `total` in this scope
[INFO] [stdout]  --> /opt/rustwide/cargo-home/registry/src/github.com-1ecc6299db9ec823/diesel-1.3.2/src/macros/mod.rs:9:38
[INFO] [stdout]   |
[INFO] [stdout] 9 |         #[derive(Debug, Clone, Copy, QueryId, Default)]
[INFO] [stdout]   |                                      ^^^^^^^ names from parent modules are not accessible without an explicit import
[INFO] [stdout]   |
[INFO] [stdout]   = warning: this was previously accepted by the compiler but is being phased out; it will become a hard error in a future release!
[INFO] [stdout]   = note: for more information, see issue #50504 <https://github.com/rust-lang/rust/issues/50504>
[INFO] [stdout] 
[INFO] [stdout] 
[INFO] [stdout] warning: cannot find type `display_name` in this scope
[INFO] [stdout]  --> /opt/rustwide/cargo-home/registry/src/github.com-1ecc6299db9ec823/diesel-1.3.2/src/macros/mod.rs:9:38
[INFO] [stdout]   |
[INFO] [stdout] 9 |         #[derive(Debug, Clone, Copy, QueryId, Default)]
[INFO] [stdout]   |                                      ^^^^^^^ names from parent modules are not accessible without an explicit import
[INFO] [stdout]   |
[INFO] [stdout]   = warning: this was previously accepted by the compiler but is being phased out; it will become a hard error in a future release!
[INFO] [stdout]   = note: for more information, see issue #50504 <https://github.com/rust-lang/rust/issues/50504>
[INFO] [stdout] 
[INFO] [stdout] 
[INFO] [stdout] warning: cannot find type `login` in this scope
[INFO] [stdout]  --> /opt/rustwide/cargo-home/registry/src/github.com-1ecc6299db9ec823/diesel-1.3.2/src/macros/mod.rs:9:38
[INFO] [stdout]   |
[INFO] [stdout] 9 |         #[derive(Debug, Clone, Copy, QueryId, Default)]
[INFO] [stdout]   |                                      ^^^^^^^ names from parent modules are not accessible without an explicit import
[INFO] [stdout]   |
[INFO] [stdout]   = warning: this was previously accepted by the compiler but is being phased out; it will become a hard error in a future release!
[INFO] [stdout]   = note: for more information, see issue #50504 <https://github.com/rust-lang/rust/issues/50504>
[INFO] [stdout] 
[INFO] [stdout] 
[INFO] [stdout] warning: cannot find type `email` in this scope
[INFO] [stdout]  --> /opt/rustwide/cargo-home/registry/src/github.com-1ecc6299db9ec823/diesel-1.3.2/src/macros/mod.rs:9:38
[INFO] [stdout]   |
[INFO] [stdout] 9 |         #[derive(Debug, Clone, Copy, QueryId, Default)]
[INFO] [stdout]   |                                      ^^^^^^^ names from parent modules are not accessible without an explicit import
[INFO] [stdout]   |
[INFO] [stdout]   = warning: this was previously accepted by the compiler but is being phased out; it will become a hard error in a future release!
[INFO] [stdout]   = note: for more information, see issue #50504 <https://github.com/rust-lang/rust/issues/50504>
[INFO] [stdout] 
[INFO] [stdout] 
[INFO] [stdout] warning: cannot find type `score` in this scope
[INFO] [stdout]  --> /opt/rustwide/cargo-home/registry/src/github.com-1ecc6299db9ec823/diesel-1.3.2/src/macros/mod.rs:9:38
[INFO] [stdout]   |
[INFO] [stdout] 9 |         #[derive(Debug, Clone, Copy, QueryId, Default)]
[INFO] [stdout]   |                                      ^^^^^^^ names from parent modules are not accessible without an explicit import
[INFO] [stdout]   |
[INFO] [stdout]   = warning: this was previously accepted by the compiler but is being phased out; it will become a hard error in a future release!
[INFO] [stdout]   = note: for more information, see issue #50504 <https://github.com/rust-lang/rust/issues/50504>
[INFO] [stdout] 
[INFO] [stdout] 
[INFO] [stdout] warning: cannot find type `encrypted_password` in this scope
[INFO] [stdout]  --> /opt/rustwide/cargo-home/registry/src/github.com-1ecc6299db9ec823/diesel-1.3.2/src/macros/mod.rs:9:38
[INFO] [stdout]   |
[INFO] [stdout] 9 |         #[derive(Debug, Clone, Copy, QueryId, Default)]
[INFO] [stdout]   |                                      ^^^^^^^ names from parent modules are not accessible without an explicit import
[INFO] [stdout]   |
[INFO] [stdout]   = warning: this was previously accepted by the compiler but is being phased out; it will become a hard error in a future release!
[INFO] [stdout]   = note: for more information, see issue #50504 <https://github.com/rust-lang/rust/issues/50504>
[INFO] [stdout] 
[INFO] [stdout] 
[INFO] [stdout] warning: cannot find type `slack_handle` in this scope
[INFO] [stdout]  --> /opt/rustwide/cargo-home/registry/src/github.com-1ecc6299db9ec823/diesel-1.3.2/src/macros/mod.rs:9:38
[INFO] [stdout]   |
[INFO] [stdout] 9 |         #[derive(Debug, Clone, Copy, QueryId, Default)]
[INFO] [stdout]   |                                      ^^^^^^^ names from parent modules are not accessible without an explicit import
[INFO] [stdout]   |
[INFO] [stdout]   = warning: this was previously accepted by the compiler but is being phased out; it will become a hard error in a future release!
[INFO] [stdout]   = note: for more information, see issue #50504 <https://github.com/rust-lang/rust/issues/50504>
[INFO] [stdout] 
[INFO] [stdout] 
[INFO] [stdout] warning: cannot find type `home_group_id` in this scope
[INFO] [stdout]  --> /opt/rustwide/cargo-home/registry/src/github.com-1ecc6299db9ec823/diesel-1.3.2/src/macros/mod.rs:9:38
[INFO] [stdout]   |
[INFO] [stdout] 9 |         #[derive(Debug, Clone, Copy, QueryId, Default)]
[INFO] [stdout]   |                                      ^^^^^^^ names from parent modules are not accessible without an explicit import
[INFO] [stdout]   |
[INFO] [stdout]   = warning: this was previously accepted by the compiler but is being phased out; it will become a hard error in a future release!
[INFO] [stdout]   = note: for more information, see issue #50504 <https://github.com/rust-lang/rust/issues/50504>
[INFO] [stdout] 
[INFO] [stdout] 
[INFO] [stdout] warning: cannot find type `home_previous_match_id` in this scope
[INFO] [stdout]  --> /opt/rustwide/cargo-home/registry/src/github.com-1ecc6299db9ec823/diesel-1.3.2/src/macros/mod.rs:9:38
[INFO] [stdout]   |
[INFO] [stdout] 9 |         #[derive(Debug, Clone, Copy, QueryId, Default)]
[INFO] [stdout]   |                                      ^^^^^^^ names from parent modules are not accessible without an explicit import
[INFO] [stdout]   |
[INFO] [stdout]   = warning: this was previously accepted by the compiler but is being phased out; it will become a hard error in a future release!
[INFO] [stdout]   = note: for more information, see issue #50504 <https://github.com/rust-lang/rust/issues/50504>
[INFO] [stdout] 
[INFO] [stdout] 
[INFO] [stdout] warning: cannot find type `home_group_drawn_place` in this scope
[INFO] [stdout]  --> /opt/rustwide/cargo-home/registry/src/github.com-1ecc6299db9ec823/diesel-1.3.2/src/macros/mod.rs:9:38
[INFO] [stdout]   |
[INFO] [stdout] 9 |         #[derive(Debug, Clone, Copy, QueryId, Default)]
[INFO] [stdout]   |                                      ^^^^^^^ names from parent modules are not accessible without an explicit import
[INFO] [stdout]   |
[INFO] [stdout]   = warning: this was previously accepted by the compiler but is being phased out; it will become a hard error in a future release!
[INFO] [stdout]   = note: for more information, see issue #50504 <https://github.com/rust-lang/rust/issues/50504>
[INFO] [stdout] 
[INFO] [stdout] 
[INFO] [stdout] warning: cannot find type `home_previous_match_result` in this scope
[INFO] [stdout]  --> /opt/rustwide/cargo-home/registry/src/github.com-1ecc6299db9ec823/diesel-1.3.2/src/macros/mod.rs:9:38
[INFO] [stdout]   |
[INFO] [stdout] 9 |         #[derive(Debug, Clone, Copy, QueryId, Default)]
[INFO] [stdout]   |                                      ^^^^^^^ names from parent modules are not accessible without an explicit import
[INFO] [stdout]   |
[INFO] [stdout]   = warning: this was previously accepted by the compiler but is being phased out; it will become a hard error in a future release!
[INFO] [stdout]   = note: for more information, see issue #50504 <https://github.com/rust-lang/rust/issues/50504>
[INFO] [stdout] 
[INFO] [stdout] 
[INFO] [stdout] warning: cannot find type `home_country_name` in this scope
[INFO] [stdout]  --> /opt/rustwide/cargo-home/registry/src/github.com-1ecc6299db9ec823/diesel-1.3.2/src/macros/mod.rs:9:38
[INFO] [stdout]   |
[INFO] [stdout] 9 |         #[derive(Debug, Clone, Copy, QueryId, Default)]
[INFO] [stdout]   |                                      ^^^^^^^ names from parent modules are not accessible without an explicit import
[INFO] [stdout]   |
[INFO] [stdout]   = warning: this was previously accepted by the compiler but is being phased out; it will become a hard error in a future release!
[INFO] [stdout]   = note: for more information, see issue #50504 <https://github.com/rust-lang/rust/issues/50504>
[INFO] [stdout] 
[INFO] [stdout] 
[INFO] [stdout] warning: cannot find type `home_country_flag` in this scope
[INFO] [stdout]  --> /opt/rustwide/cargo-home/registry/src/github.com-1ecc6299db9ec823/diesel-1.3.2/src/macros/mod.rs:9:38
[INFO] [stdout]   |
[INFO] [stdout] 9 |         #[derive(Debug, Clone, Copy, QueryId, Default)]
[INFO] [stdout]   |                                      ^^^^^^^ names from parent modules are not accessible without an explicit import
[INFO] [stdout]   |
[INFO] [stdout]   = warning: this was previously accepted by the compiler but is being phased out; it will become a hard error in a future release!
[INFO] [stdout]   = note: for more information, see issue #50504 <https://github.com/rust-lang/rust/issues/50504>
[INFO] [stdout] 
[INFO] [stdout] 
[INFO] [stdout] warning: cannot find type `away_group_id` in this scope
[INFO] [stdout]  --> /opt/rustwide/cargo-home/registry/src/github.com-1ecc6299db9ec823/diesel-1.3.2/src/macros/mod.rs:9:38
[INFO] [stdout]   |
[INFO] [stdout] 9 |         #[derive(Debug, Clone, Copy, QueryId, Default)]
[INFO] [stdout]   |                                      ^^^^^^^ names from parent modules are not accessible without an explicit import
[INFO] [stdout]   |
[INFO] [stdout]   = warning: this was previously accepted by the compiler but is being phased out; it will become a hard error in a future release!
[INFO] [stdout]   = note: for more information, see issue #50504 <https://github.com/rust-lang/rust/issues/50504>
[INFO] [stdout] 
[INFO] [stdout] 
[INFO] [stdout] warning: cannot find type `away_previous_match_id` in this scope
[INFO] [stdout]  --> /opt/rustwide/cargo-home/registry/src/github.com-1ecc6299db9ec823/diesel-1.3.2/src/macros/mod.rs:9:38
[INFO] [stdout]   |
[INFO] [stdout] 9 |         #[derive(Debug, Clone, Copy, QueryId, Default)]
[INFO] [stdout]   |                                      ^^^^^^^ names from parent modules are not accessible without an explicit import
[INFO] [stdout]   |
[INFO] [stdout]   = warning: this was previously accepted by the compiler but is being phased out; it will become a hard error in a future release!
[INFO] [stdout]   = note: for more information, see issue #50504 <https://github.com/rust-lang/rust/issues/50504>
[INFO] [stdout] 
[INFO] [stdout] 
[INFO] [stdout] warning: cannot find type `away_group_drawn_place` in this scope
[INFO] [stdout]  --> /opt/rustwide/cargo-home/registry/src/github.com-1ecc6299db9ec823/diesel-1.3.2/src/macros/mod.rs:9:38
[INFO] [stdout]   |
[INFO] [stdout] 9 |         #[derive(Debug, Clone, Copy, QueryId, Default)]
[INFO] [stdout]   |                                      ^^^^^^^ names from parent modules are not accessible without an explicit import
[INFO] [stdout]   |
[INFO] [stdout]   = warning: this was previously accepted by the compiler but is being phased out; it will become a hard error in a future release!
[INFO] [stdout]   = note: for more information, see issue #50504 <https://github.com/rust-lang/rust/issues/50504>
[INFO] [stdout] 
[INFO] [stdout] 
[INFO] [stdout] warning: cannot find type `away_previous_match_result` in this scope
[INFO] [stdout]  --> /opt/rustwide/cargo-home/registry/src/github.com-1ecc6299db9ec823/diesel-1.3.2/src/macros/mod.rs:9:38
[INFO] [stdout]   |
[INFO] [stdout] 9 |         #[derive(Debug, Clone, Copy, QueryId, Default)]
[INFO] [stdout]   |                                      ^^^^^^^ names from parent modules are not accessible without an explicit import
[INFO] [stdout]   |
[INFO] [stdout]   = warning: this was previously accepted by the compiler but is being phased out; it will become a hard error in a future release!
[INFO] [stdout]   = note: for more information, see issue #50504 <https://github.com/rust-lang/rust/issues/50504>
[INFO] [stdout] 
[INFO] [stdout] 
[INFO] [stdout] warning: cannot find type `away_country_name` in this scope
[INFO] [stdout]  --> /opt/rustwide/cargo-home/registry/src/github.com-1ecc6299db9ec823/diesel-1.3.2/src/macros/mod.rs:9:38
[INFO] [stdout]   |
[INFO] [stdout] 9 |         #[derive(Debug, Clone, Copy, QueryId, Default)]
[INFO] [stdout]   |                                      ^^^^^^^ names from parent modules are not accessible without an explicit import
[INFO] [stdout]   |
[INFO] [stdout]   = warning: this was previously accepted by the compiler but is being phased out; it will become a hard error in a future release!
[INFO] [stdout]   = note: for more information, see issue #50504 <https://github.com/rust-lang/rust/issues/50504>
[INFO] [stdout] 
[INFO] [stdout] 
[INFO] [stdout] warning: cannot find type `away_country_flag` in this scope
[INFO] [stdout]  --> /opt/rustwide/cargo-home/registry/src/github.com-1ecc6299db9ec823/diesel-1.3.2/src/macros/mod.rs:9:38
[INFO] [stdout]   |
[INFO] [stdout] 9 |         #[derive(Debug, Clone, Copy, QueryId, Default)]
[INFO] [stdout]   |                                      ^^^^^^^ names from parent modules are not accessible without an explicit import
[INFO] [stdout]   |
[INFO] [stdout]   = warning: this was previously accepted by the compiler but is being phased out; it will become a hard error in a future release!
[INFO] [stdout]   = note: for more information, see issue #50504 <https://github.com/rust-lang/rust/issues/50504>
[INFO] [stdout] 
[INFO] [stdout] 
[INFO] [stdout] warning: the item `diesel` is imported redundantly
[INFO] [stdout]    --> src/web/match_predictions.rs:437:22
[INFO] [stdout]     |
[INFO] [stdout] 15  | use diesel::{self, prelude::*};
[INFO] [stdout]     |              ---- the item `diesel` is already imported here
[INFO] [stdout] ...
[INFO] [stdout] 437 |         use diesel::{self, insert_into};
[INFO] [stdout]     |                      ^^^^
[INFO] [stdout]     |
[INFO] [stdout]     = note: `#[warn(unused_imports)]` on by default
[INFO] [stdout] 
[INFO] [stdout] 
[INFO] [stdout] warning: cannot find type `Text` in this scope
[INFO] [stdout]   --> src/web/scores.rs:17:14
[INFO] [stdout]    |
[INFO] [stdout] 17 |     #[derive(QueryableByName, Serialize, Deserialize)]
[INFO] [stdout]    |              ^^^^^^^^^^^^^^^ names from parent modules are not accessible without an explicit import
[INFO] [stdout]    |
[INFO] [stdout]    = warning: this was previously accepted by the compiler but is being phased out; it will become a hard error in a future release!
[INFO] [stdout]    = note: for more information, see issue #50504 <https://github.com/rust-lang/rust/issues/50504>
[INFO] [stdout] 
[INFO] [stdout] 
[INFO] [stdout] warning: cannot find type `BigInt` in this scope
[INFO] [stdout]   --> src/web/scores.rs:17:14
[INFO] [stdout]    |
[INFO] [stdout] 17 |     #[derive(QueryableByName, Serialize, Deserialize)]
[INFO] [stdout]    |              ^^^^^^^^^^^^^^^ names from parent modules are not accessible without an explicit import
[INFO] [stdout]    |
[INFO] [stdout]    = warning: this was previously accepted by the compiler but is being phased out; it will become a hard error in a future release!
[INFO] [stdout]    = note: for more information, see issue #50504 <https://github.com/rust-lang/rust/issues/50504>
[INFO] [stdout] 
[INFO] [stdout] 
[INFO] [stdout] warning: cannot find type `UserPoints` in this scope
[INFO] [stdout]   --> src/web/scores.rs:17:14
[INFO] [stdout]    |
[INFO] [stdout] 17 |     #[derive(QueryableByName, Serialize, Deserialize)]
[INFO] [stdout]    |              ^^^^^^^^^^^^^^^ names from parent modules are not accessible without an explicit import
[INFO] [stdout]    |
[INFO] [stdout]    = warning: this was previously accepted by the compiler but is being phased out; it will become a hard error in a future release!
[INFO] [stdout]    = note: for more information, see issue #50504 <https://github.com/rust-lang/rust/issues/50504>
[INFO] [stdout] 
[INFO] [stdout] 
[INFO] [stdout] error[E0412]: cannot find type `StageType` in this scope
[INFO] [stdout]  --> src/schema.rs:1:17
[INFO] [stdout]   |
[INFO] [stdout] 1 | #[derive(Debug, DbEnum)]
[INFO] [stdout]   |                 ^^^^^^ not found in this scope
[INFO] [stdout]   |
[INFO] [stdout]   = note: consider importing this enum:
[INFO] [stdout]           schema::StageType
[INFO] [stdout]   = note: this error originates in a derive macro (in Nightly builds, run with -Z macro-backtrace for more info)
[INFO] [stdout] 
[INFO] [stdout] 
[INFO] [stdout] warning: cannot find type `NaiveDateTime` in this scope
[INFO] [stdout]  --> src/models.rs:6:10
[INFO] [stdout]   |
[INFO] [stdout] 6 | #[derive(Queryable, Identifiable, Clone, Debug, Serialize, Deserialize)]
[INFO] [stdout]   |          ^^^^^^^^^ names from parent modules are not accessible without an explicit import
[INFO] [stdout]   |
[INFO] [stdout]   = note: `#[warn(proc_macro_derive_resolution_fallback)]` on by default
[INFO] [stdout]   = warning: this was previously accepted by the compiler but is being phased out; it will become a hard error in a future release!
[INFO] [stdout]   = note: for more information, see issue #50504 <https://github.com/rust-lang/rust/issues/50504>
[INFO] [stdout] 
[INFO] [stdout] 
[INFO] [stdout] warning: cannot find type `NaiveDateTime` in this scope
[INFO] [stdout]  --> src/models.rs:6:10
[INFO] [stdout]   |
[INFO] [stdout] 6 | #[derive(Queryable, Identifiable, Clone, Debug, Serialize, Deserialize)]
[INFO] [stdout]   |          ^^^^^^^^^ names from parent modules are not accessible without an explicit import
[INFO] [stdout]   |
[INFO] [stdout]   = warning: this was previously accepted by the compiler but is being phased out; it will become a hard error in a future release!
[INFO] [stdout]   = note: for more information, see issue #50504 <https://github.com/rust-lang/rust/issues/50504>
[INFO] [stdout] 
[INFO] [stdout] 
[INFO] [stdout] warning: cannot find type `User` in this scope
[INFO] [stdout]  --> src/models.rs:6:10
[INFO] [stdout]   |
[INFO] [stdout] 6 | #[derive(Queryable, Identifiable, Clone, Debug, Serialize, Deserialize)]
[INFO] [stdout]   |          ^^^^^^^^^ names from parent modules are not accessible without an explicit import
[INFO] [stdout]   |
[INFO] [stdout]   = warning: this was previously accepted by the compiler but is being phased out; it will become a hard error in a future release!
[INFO] [stdout]   = note: for more information, see issue #50504 <https://github.com/rust-lang/rust/issues/50504>
[INFO] [stdout] 
[INFO] [stdout] 
[INFO] [stdout] warning: cannot find type `User` in this scope
[INFO] [stdout]  --> src/models.rs:6:21
[INFO] [stdout]   |
[INFO] [stdout] 6 | #[derive(Queryable, Identifiable, Clone, Debug, Serialize, Deserialize)]
[INFO] [stdout]   |                     ^^^^^^^^^^^^ names from parent modules are not accessible without an explicit import
[INFO] [stdout]   |
[INFO] [stdout]   = warning: this was previously accepted by the compiler but is being phased out; it will become a hard error in a future release!
[INFO] [stdout]   = note: for more information, see issue #50504 <https://github.com/rust-lang/rust/issues/50504>
[INFO] [stdout] 
[INFO] [stdout] 
[INFO] [stdout] warning: cannot find type `users` in this scope
[INFO] [stdout]  --> src/models.rs:6:21
[INFO] [stdout]   |
[INFO] [stdout] 6 | #[derive(Queryable, Identifiable, Clone, Debug, Serialize, Deserialize)]
[INFO] [stdout]   |                     ^^^^^^^^^^^^ names from parent modules are not accessible without an explicit import
[INFO] [stdout]   |
[INFO] [stdout]   = warning: this was previously accepted by the compiler but is being phased out; it will become a hard error in a future release!
[INFO] [stdout]   = note: for more information, see issue #50504 <https://github.com/rust-lang/rust/issues/50504>
[INFO] [stdout] 
[INFO] [stdout] 
[INFO] [stdout] warning: cannot find type `users` in this scope
[INFO] [stdout]   --> src/models.rs:28:10
[INFO] [stdout]    |
[INFO] [stdout] 28 | #[derive(Insertable)]
[INFO] [stdout]    |          ^^^^^^^^^^ names from parent modules are not accessible without an explicit import
[INFO] [stdout]    |
[INFO] [stdout]    = warning: this was previously accepted by the compiler but is being phased out; it will become a hard error in a future release!
[INFO] [stdout]    = note: for more information, see issue #50504 <https://github.com/rust-lang/rust/issues/50504>
[INFO] [stdout] 
[INFO] [stdout] 
[INFO] [stdout] warning: cannot find type `NewUserWithEncryptedPassword` in this scope
[INFO] [stdout]   --> src/models.rs:28:10
[INFO] [stdout]    |
[INFO] [stdout] 28 | #[derive(Insertable)]
[INFO] [stdout]    |          ^^^^^^^^^^ names from parent modules are not accessible without an explicit import
[INFO] [stdout]    |
[INFO] [stdout]    = warning: this was previously accepted by the compiler but is being phased out; it will become a hard error in a future release!
[INFO] [stdout]    = note: for more information, see issue #50504 <https://github.com/rust-lang/rust/issues/50504>
[INFO] [stdout] 
[INFO] [stdout] 
[INFO] [stdout] warning: cannot find type `Country` in this scope
[INFO] [stdout]   --> src/models.rs:60:10
[INFO] [stdout]    |
[INFO] [stdout] 60 | #[derive(Queryable, Identifiable, Debug, Serialize, Deserialize)]
[INFO] [stdout]    |          ^^^^^^^^^ names from parent modules are not accessible without an explicit import
[INFO] [stdout]    |
[INFO] [stdout]    = warning: this was previously accepted by the compiler but is being phased out; it will become a hard error in a future release!
[INFO] [stdout]    = note: for more information, see issue #50504 <https://github.com/rust-lang/rust/issues/50504>
[INFO] [stdout] 
[INFO] [stdout] 
[INFO] [stdout] warning: cannot find type `Country` in this scope
[INFO] [stdout]   --> src/models.rs:60:21
[INFO] [stdout]    |
[INFO] [stdout] 60 | #[derive(Queryable, Identifiable, Debug, Serialize, Deserialize)]
[INFO] [stdout]    |                     ^^^^^^^^^^^^ names from parent modules are not accessible without an explicit import
[INFO] [stdout]    |
[INFO] [stdout]    = warning: this was previously accepted by the compiler but is being phased out; it will become a hard error in a future release!
[INFO] [stdout]    = note: for more information, see issue #50504 <https://github.com/rust-lang/rust/issues/50504>
[INFO] [stdout] 
[INFO] [stdout] 
[INFO] [stdout] warning: cannot find type `countries` in this scope
[INFO] [stdout]   --> src/models.rs:60:21
[INFO] [stdout]    |
[INFO] [stdout] 60 | #[derive(Queryable, Identifiable, Debug, Serialize, Deserialize)]
[INFO] [stdout]    |                     ^^^^^^^^^^^^ names from parent modules are not accessible without an explicit import
[INFO] [stdout]    |
[INFO] [stdout]    = warning: this was previously accepted by the compiler but is being phased out; it will become a hard error in a future release!
[INFO] [stdout]    = note: for more information, see issue #50504 <https://github.com/rust-lang/rust/issues/50504>
[INFO] [stdout] 
[INFO] [stdout] 
[INFO] [stdout] warning: cannot find type `Group` in this scope
[INFO] [stdout]   --> src/models.rs:71:10
[INFO] [stdout]    |
[INFO] [stdout] 71 | #[derive(Queryable, Identifiable, Debug, Serialize, Deserialize)]
[INFO] [stdout]    |          ^^^^^^^^^ names from parent modules are not accessible without an explicit import
[INFO] [stdout]    |
[INFO] [stdout]    = warning: this was previously accepted by the compiler but is being phased out; it will become a hard error in a future release!
[INFO] [stdout]    = note: for more information, see issue #50504 <https://github.com/rust-lang/rust/issues/50504>
[INFO] [stdout] 
[INFO] [stdout] 
[INFO] [stdout] warning: cannot find type `Group` in this scope
[INFO] [stdout]   --> src/models.rs:71:21
[INFO] [stdout]    |
[INFO] [stdout] 71 | #[derive(Queryable, Identifiable, Debug, Serialize, Deserialize)]
[INFO] [stdout]    |                     ^^^^^^^^^^^^ names from parent modules are not accessible without an explicit import
[INFO] [stdout]    |
[INFO] [stdout]    = warning: this was previously accepted by the compiler but is being phased out; it will become a hard error in a future release!
[INFO] [stdout]    = note: for more information, see issue #50504 <https://github.com/rust-lang/rust/issues/50504>
[INFO] [stdout] 
[INFO] [stdout] 
[INFO] [stdout] warning: cannot find type `groups` in this scope
[INFO] [stdout]   --> src/models.rs:71:21
[INFO] [stdout]    |
[INFO] [stdout] 71 | #[derive(Queryable, Identifiable, Debug, Serialize, Deserialize)]
[INFO] [stdout]    |                     ^^^^^^^^^^^^ names from parent modules are not accessible without an explicit import
[INFO] [stdout]    |
[INFO] [stdout]    = warning: this was previously accepted by the compiler but is being phased out; it will become a hard error in a future release!
[INFO] [stdout]    = note: for more information, see issue #50504 <https://github.com/rust-lang/rust/issues/50504>
[INFO] [stdout] 
[INFO] [stdout] 
[INFO] [stdout] warning: cannot find type `GroupMembership` in this scope
[INFO] [stdout]   --> src/models.rs:79:10
[INFO] [stdout]    |
[INFO] [stdout] 79 | #[derive(Queryable, Identifiable, Debug)]
[INFO] [stdout]    |          ^^^^^^^^^ names from parent modules are not accessible without an explicit import
[INFO] [stdout]    |
[INFO] [stdout]    = warning: this was previously accepted by the compiler but is being phased out; it will become a hard error in a future release!
[INFO] [stdout]    = note: for more information, see issue #50504 <https://github.com/rust-lang/rust/issues/50504>
[INFO] [stdout] 
[INFO] [stdout] 
[INFO] [stdout] warning: cannot find type `GroupMembership` in this scope
[INFO] [stdout]   --> src/models.rs:79:21
[INFO] [stdout]    |
[INFO] [stdout] 79 | #[derive(Queryable, Identifiable, Debug)]
[INFO] [stdout]    |                     ^^^^^^^^^^^^ names from parent modules are not accessible without an explicit import
[INFO] [stdout]    |
[INFO] [stdout]    = warning: this was previously accepted by the compiler but is being phased out; it will become a hard error in a future release!
[INFO] [stdout]    = note: for more information, see issue #50504 <https://github.com/rust-lang/rust/issues/50504>
[INFO] [stdout] 
[INFO] [stdout] 
[INFO] [stdout] warning: cannot find type `group_memberships` in this scope
[INFO] [stdout]   --> src/models.rs:79:21
[INFO] [stdout]    |
[INFO] [stdout] 79 | #[derive(Queryable, Identifiable, Debug)]
[INFO] [stdout]    |                     ^^^^^^^^^^^^ names from parent modules are not accessible without an explicit import
[INFO] [stdout]    |
[INFO] [stdout]    = warning: this was previously accepted by the compiler but is being phased out; it will become a hard error in a future release!
[INFO] [stdout]    = note: for more information, see issue #50504 <https://github.com/rust-lang/rust/issues/50504>
[INFO] [stdout] 
[INFO] [stdout] 
[INFO] [stdout] warning: cannot find type `Location` in this scope
[INFO] [stdout]   --> src/models.rs:89:10
[INFO] [stdout]    |
[INFO] [stdout] 89 | #[derive(Queryable, Identifiable, Debug, Serialize, Deserialize)]
[INFO] [stdout]    |          ^^^^^^^^^ names from parent modules are not accessible without an explicit import
[INFO] [stdout]    |
[INFO] [stdout]    = warning: this was previously accepted by the compiler but is being phased out; it will become a hard error in a future release!
[INFO] [stdout]    = note: for more information, see issue #50504 <https://github.com/rust-lang/rust/issues/50504>
[INFO] [stdout] 
[INFO] [stdout] 
[INFO] [stdout] warning: cannot find type `Location` in this scope
[INFO] [stdout]   --> src/models.rs:89:21
[INFO] [stdout]    |
[INFO] [stdout] 89 | #[derive(Queryable, Identifiable, Debug, Serialize, Deserialize)]
[INFO] [stdout]    |                     ^^^^^^^^^^^^ names from parent modules are not accessible without an explicit import
[INFO] [stdout]    |
[INFO] [stdout]    = warning: this was previously accepted by the compiler but is being phased out; it will become a hard error in a future release!
[INFO] [stdout]    = note: for more information, see issue #50504 <https://github.com/rust-lang/rust/issues/50504>
[INFO] [stdout] 
[INFO] [stdout] 
[INFO] [stdout] warning: cannot find type `locations` in this scope
[INFO] [stdout]   --> src/models.rs:89:21
[INFO] [stdout]    |
[INFO] [stdout] 89 | #[derive(Queryable, Identifiable, Debug, Serialize, Deserialize)]
[INFO] [stdout]    |                     ^^^^^^^^^^^^ names from parent modules are not accessible without an explicit import
[INFO] [stdout]    |
[INFO] [stdout]    = warning: this was previously accepted by the compiler but is being phased out; it will become a hard error in a future release!
[INFO] [stdout]    = note: for more information, see issue #50504 <https://github.com/rust-lang/rust/issues/50504>
[INFO] [stdout] 
[INFO] [stdout] 
[INFO] [stdout] warning: cannot find type `StageType` in this scope
[INFO] [stdout]   --> src/models.rs:98:10
[INFO] [stdout]    |
[INFO] [stdout] 98 | #[derive(Queryable, Identifiable, Debug)]
[INFO] [stdout]    |          ^^^^^^^^^ names from parent modules are not accessible without an explicit import
[INFO] [stdout]    |
[INFO] [stdout]    = warning: this was previously accepted by the compiler but is being phased out; it will become a hard error in a future release!
[INFO] [stdout]    = note: for more information, see issue #50504 <https://github.com/rust-lang/rust/issues/50504>
[INFO] [stdout] 
[INFO] [stdout] 
[INFO] [stdout] warning: cannot find type `Stage` in this scope
[INFO] [stdout]   --> src/models.rs:98:10
[INFO] [stdout]    |
[INFO] [stdout] 98 | #[derive(Queryable, Identifiable, Debug)]
[INFO] [stdout]    |          ^^^^^^^^^ names from parent modules are not accessible without an explicit import
[INFO] [stdout]    |
[INFO] [stdout]    = warning: this was previously accepted by the compiler but is being phased out; it will become a hard error in a future release!
[INFO] [stdout]    = note: for more information, see issue #50504 <https://github.com/rust-lang/rust/issues/50504>
[INFO] [stdout] 
[INFO] [stdout] 
[INFO] [stdout] warning: cannot find type `Stage` in this scope
[INFO] [stdout]   --> src/models.rs:98:21
[INFO] [stdout]    |
[INFO] [stdout] 98 | #[derive(Queryable, Identifiable, Debug)]
[INFO] [stdout]    |                     ^^^^^^^^^^^^ names from parent modules are not accessible without an explicit import
[INFO] [stdout]    |
[INFO] [stdout]    = warning: this was previously accepted by the compiler but is being phased out; it will become a hard error in a future release!
[INFO] [stdout]    = note: for more information, see issue #50504 <https://github.com/rust-lang/rust/issues/50504>
[INFO] [stdout] 
[INFO] [stdout] 
[INFO] [stdout] warning: cannot find type `stages` in this scope
[INFO] [stdout]   --> src/models.rs:98:21
[INFO] [stdout]    |
[INFO] [stdout] 98 | #[derive(Queryable, Identifiable, Debug)]
[INFO] [stdout]    |                     ^^^^^^^^^^^^ names from parent modules are not accessible without an explicit import
[INFO] [stdout]    |
[INFO] [stdout]    = warning: this was previously accepted by the compiler but is being phased out; it will become a hard error in a future release!
[INFO] [stdout]    = note: for more information, see issue #50504 <https://github.com/rust-lang/rust/issues/50504>
[INFO] [stdout] 
[INFO] [stdout] 
[INFO] [stdout] warning: cannot find type `MatchParticipant` in this scope
[INFO] [stdout]    --> src/models.rs:107:10
[INFO] [stdout]     |
[INFO] [stdout] 107 | #[derive(Queryable, Identifiable, Debug, Serialize, Deserialize, Clone)]
[INFO] [stdout]     |          ^^^^^^^^^ names from parent modules are not accessible without an explicit import
[INFO] [stdout]     |
[INFO] [stdout]     = warning: this was previously accepted by the compiler but is being phased out; it will become a hard error in a future release!
[INFO] [stdout]     = note: for more information, see issue #50504 <https://github.com/rust-lang/rust/issues/50504>
[INFO] [stdout] 
[INFO] [stdout] 
[INFO] [stdout] warning: cannot find type `MatchParticipant` in this scope
[INFO] [stdout]    --> src/models.rs:107:21
[INFO] [stdout]     |
[INFO] [stdout] 107 | #[derive(Queryable, Identifiable, Debug, Serialize, Deserialize, Clone)]
[INFO] [stdout]     |                     ^^^^^^^^^^^^ names from parent modules are not accessible without an explicit import
[INFO] [stdout]     |
[INFO] [stdout]     = warning: this was previously accepted by the compiler but is being phased out; it will become a hard error in a future release!
[INFO] [stdout]     = note: for more information, see issue #50504 <https://github.com/rust-lang/rust/issues/50504>
[INFO] [stdout] 
[INFO] [stdout] 
[INFO] [stdout] warning: cannot find type `match_participants` in this scope
[INFO] [stdout]    --> src/models.rs:107:21
[INFO] [stdout]     |
[INFO] [stdout] 107 | #[derive(Queryable, Identifiable, Debug, Serialize, Deserialize, Clone)]
[INFO] [stdout]     |                     ^^^^^^^^^^^^ names from parent modules are not accessible without an explicit import
[INFO] [stdout]     |
[INFO] [stdout]     = warning: this was previously accepted by the compiler but is being phased out; it will become a hard error in a future release!
[INFO] [stdout]     = note: for more information, see issue #50504 <https://github.com/rust-lang/rust/issues/50504>
[INFO] [stdout] 
[INFO] [stdout] 
[INFO] [stdout] warning: cannot find type `DateTime` in this scope
[INFO] [stdout]    --> src/models.rs:122:10
[INFO] [stdout]     |
[INFO] [stdout] 122 | #[derive(Queryable, Identifiable, Debug, Serialize, Deserialize)]
[INFO] [stdout]     |          ^^^^^^^^^ names from parent modules are not accessible without an explicit import
[INFO] [stdout]     |
[INFO] [stdout]     = warning: this was previously accepted by the compiler but is being phased out; it will become a hard error in a future release!
[INFO] [stdout]     = note: for more information, see issue #50504 <https://github.com/rust-lang/rust/issues/50504>
[INFO] [stdout] 
[INFO] [stdout] 
[INFO] [stdout] warning: cannot find type `Utc` in this scope
[INFO] [stdout]    --> src/models.rs:122:10
[INFO] [stdout]     |
[INFO] [stdout] 122 | #[derive(Queryable, Identifiable, Debug, Serialize, Deserialize)]
[INFO] [stdout]     |          ^^^^^^^^^ names from parent modules are not accessible without an explicit import
[INFO] [stdout]     |
[INFO] [stdout]     = warning: this was previously accepted by the compiler but is being phased out; it will become a hard error in a future release!
[INFO] [stdout]     = note: for more information, see issue #50504 <https://github.com/rust-lang/rust/issues/50504>
[INFO] [stdout] 
[INFO] [stdout] 
[INFO] [stdout] warning: cannot find type `Match` in this scope
[INFO] [stdout]    --> src/models.rs:122:10
[INFO] [stdout]     |
[INFO] [stdout] 122 | #[derive(Queryable, Identifiable, Debug, Serialize, Deserialize)]
[INFO] [stdout]     |          ^^^^^^^^^ names from parent modules are not accessible without an explicit import
[INFO] [stdout]     |
[INFO] [stdout]     = warning: this was previously accepted by the compiler but is being phased out; it will become a hard error in a future release!
[INFO] [stdout]     = note: for more information, see issue #50504 <https://github.com/rust-lang/rust/issues/50504>
[INFO] [stdout] 
[INFO] [stdout] 
[INFO] [stdout] warning: cannot find type `Match` in this scope
[INFO] [stdout]    --> src/models.rs:122:21
[INFO] [stdout]     |
[INFO] [stdout] 122 | #[derive(Queryable, Identifiable, Debug, Serialize, Deserialize)]
[INFO] [stdout]     |                     ^^^^^^^^^^^^ names from parent modules are not accessible without an explicit import
[INFO] [stdout]     |
[INFO] [stdout]     = warning: this was previously accepted by the compiler but is being phased out; it will become a hard error in a future release!
[INFO] [stdout]     = note: for more information, see issue #50504 <https://github.com/rust-lang/rust/issues/50504>
[INFO] [stdout] 
[INFO] [stdout] 
[INFO] [stdout] warning: cannot find type `matches` in this scope
[INFO] [stdout]    --> src/models.rs:122:21
[INFO] [stdout]     |
[INFO] [stdout] 122 | #[derive(Queryable, Identifiable, Debug, Serialize, Deserialize)]
[INFO] [stdout]     |                     ^^^^^^^^^^^^ names from parent modules are not accessible without an explicit import
[INFO] [stdout]     |
[INFO] [stdout]     = warning: this was previously accepted by the compiler but is being phased out; it will become a hard error in a future release!
[INFO] [stdout]     = note: for more information, see issue #50504 <https://github.com/rust-lang/rust/issues/50504>
[INFO] [stdout] 
[INFO] [stdout] 
[INFO] [stdout] warning: cannot find type `NaiveDateTime` in this scope
[INFO] [stdout]    --> src/models.rs:142:10
[INFO] [stdout]     |
[INFO] [stdout] 142 | #[derive(Queryable, Identifiable, Associations, Debug, Serialize, Deserialize, Clone)]
[INFO] [stdout]     |          ^^^^^^^^^ names from parent modules are not accessible without an explicit import
[INFO] [stdout]     |
[INFO] [stdout]     = warning: this was previously accepted by the compiler but is being phased out; it will become a hard error in a future release!
[INFO] [stdout]     = note: for more information, see issue #50504 <https://github.com/rust-lang/rust/issues/50504>
[INFO] [stdout] 
[INFO] [stdout] 
[INFO] [stdout] warning: cannot find type `MatchPrediction` in this scope
[INFO] [stdout]    --> src/models.rs:142:10
[INFO] [stdout]     |
[INFO] [stdout] 142 | #[derive(Queryable, Identifiable, Associations, Debug, Serialize, Deserialize, Clone)]
[INFO] [stdout]     |          ^^^^^^^^^ names from parent modules are not accessible without an explicit import
[INFO] [stdout]     |
[INFO] [stdout]     = warning: this was previously accepted by the compiler but is being phased out; it will become a hard error in a future release!
[INFO] [stdout]     = note: for more information, see issue #50504 <https://github.com/rust-lang/rust/issues/50504>
[INFO] [stdout] 
[INFO] [stdout] 
[INFO] [stdout] warning: cannot find type `MatchPrediction` in this scope
[INFO] [stdout]    --> src/models.rs:142:21
[INFO] [stdout]     |
[INFO] [stdout] 142 | #[derive(Queryable, Identifiable, Associations, Debug, Serialize, Deserialize, Clone)]
[INFO] [stdout]     |                     ^^^^^^^^^^^^ names from parent modules are not accessible without an explicit import
[INFO] [stdout]     |
[INFO] [stdout]     = warning: this was previously accepted by the compiler but is being phased out; it will become a hard error in a future release!
[INFO] [stdout]     = note: for more information, see issue #50504 <https://github.com/rust-lang/rust/issues/50504>
[INFO] [stdout] 
[INFO] [stdout] 
[INFO] [stdout] warning: cannot find type `match_predictions` in this scope
[INFO] [stdout]    --> src/models.rs:142:21
[INFO] [stdout]     |
[INFO] [stdout] 142 | #[derive(Queryable, Identifiable, Associations, Debug, Serialize, Deserialize, Clone)]
[INFO] [stdout]     |                     ^^^^^^^^^^^^ names from parent modules are not accessible without an explicit import
[INFO] [stdout]     |
[INFO] [stdout]     = warning: this was previously accepted by the compiler but is being phased out; it will become a hard error in a future release!
[INFO] [stdout]     = note: for more information, see issue #50504 <https://github.com/rust-lang/rust/issues/50504>
[INFO] [stdout] 
[INFO] [stdout] 
[INFO] [stdout] warning: cannot find type `User` in this scope
[INFO] [stdout]    --> src/models.rs:142:35
[INFO] [stdout]     |
[INFO] [stdout] 142 | #[derive(Queryable, Identifiable, Associations, Debug, Serialize, Deserialize, Clone)]
[INFO] [stdout]     |                                   ^^^^^^^^^^^^ names from parent modules are not accessible without an explicit import
[INFO] [stdout]     |
[INFO] [stdout]     = warning: this was previously accepted by the compiler but is being phased out; it will become a hard error in a future release!
[INFO] [stdout]     = note: for more information, see issue #50504 <https://github.com/rust-lang/rust/issues/50504>
[INFO] [stdout] 
[INFO] [stdout] 
[INFO] [stdout] warning: cannot find type `MatchPrediction` in this scope
[INFO] [stdout]    --> src/models.rs:142:35
[INFO] [stdout]     |
[INFO] [stdout] 142 | #[derive(Queryable, Identifiable, Associations, Debug, Serialize, Deserialize, Clone)]
[INFO] [stdout]     |                                   ^^^^^^^^^^^^ names from parent modules are not accessible without an explicit import
[INFO] [stdout]     |
[INFO] [stdout]     = warning: this was previously accepted by the compiler but is being phased out; it will become a hard error in a future release!
[INFO] [stdout]     = note: for more information, see issue #50504 <https://github.com/rust-lang/rust/issues/50504>
[INFO] [stdout] 
[INFO] [stdout] 
[INFO] [stdout] warning: cannot find type `match_predictions` in this scope
[INFO] [stdout]    --> src/models.rs:142:35
[INFO] [stdout]     |
[INFO] [stdout] 142 | #[derive(Queryable, Identifiable, Associations, Debug, Serialize, Deserialize, Clone)]
[INFO] [stdout]     |                                   ^^^^^^^^^^^^ names from parent modules are not accessible without an explicit import
[INFO] [stdout]     |
[INFO] [stdout]     = warning: this was previously accepted by the compiler but is being phased out; it will become a hard error in a future release!
[INFO] [stdout]     = note: for more information, see issue #50504 <https://github.com/rust-lang/rust/issues/50504>
[INFO] [stdout] 
[INFO] [stdout] 
[INFO] [stdout] warning: cannot find type `match_predictions` in this scope
[INFO] [stdout]    --> src/models.rs:162:17
[INFO] [stdout]     |
[INFO] [stdout] 162 | #[derive(Debug, Insertable, AsChangeset)]
[INFO] [stdout]     |                 ^^^^^^^^^^ names from parent modules are not accessible without an explicit import
[INFO] [stdout]     |
[INFO] [stdout]     = warning: this was previously accepted by the compiler but is being phased out; it will become a hard error in a future release!
[INFO] [stdout]     = note: for more information, see issue #50504 <https://github.com/rust-lang/rust/issues/50504>
[INFO] [stdout] 
[INFO] [stdout] 
[INFO] [stdout] warning: cannot find type `UpdatedPrediction` in this scope
[INFO] [stdout]    --> src/models.rs:162:17
[INFO] [stdout]     |
[INFO] [stdout] 162 | #[derive(Debug, Insertable, AsChangeset)]
[INFO] [stdout]     |                 ^^^^^^^^^^ names from parent modules are not accessible without an explicit import
[INFO] [stdout]     |
[INFO] [stdout]     = warning: this was previously accepted by the compiler but is being phased out; it will become a hard error in a future release!
[INFO] [stdout]     = note: for more information, see issue #50504 <https://github.com/rust-lang/rust/issues/50504>
[INFO] [stdout] 
[INFO] [stdout] 
[INFO] [stdout] warning: cannot find type `UpdatedPrediction` in this scope
[INFO] [stdout]    --> src/models.rs:162:29
[INFO] [stdout]     |
[INFO] [stdout] 162 | #[derive(Debug, Insertable, AsChangeset)]
[INFO] [stdout]     |                             ^^^^^^^^^^^ names from parent modules are not accessible without an explicit import
[INFO] [stdout]     |
[INFO] [stdout]     = warning: this was previously accepted by the compiler but is being phased out; it will become a hard error in a future release!
[INFO] [stdout]     = note: for more information, see issue #50504 <https://github.com/rust-lang/rust/issues/50504>
[INFO] [stdout] 
[INFO] [stdout] 
[INFO] [stdout] warning: cannot find type `match_predictions` in this scope
[INFO] [stdout]    --> src/models.rs:162:29
[INFO] [stdout]     |
[INFO] [stdout] 162 | #[derive(Debug, Insertable, AsChangeset)]
[INFO] [stdout]     |                             ^^^^^^^^^^^ names from parent modules are not accessible without an explicit import
[INFO] [stdout]     |
[INFO] [stdout]     = warning: this was previously accepted by the compiler but is being phased out; it will become a hard error in a future release!
[INFO] [stdout]     = note: for more information, see issue #50504 <https://github.com/rust-lang/rust/issues/50504>
[INFO] [stdout] 
[INFO] [stdout] 
[INFO] [stdout] warning: cannot find type `MatchOutcome` in this scope
[INFO] [stdout]    --> src/models.rs:181:10
[INFO] [stdout]     |
[INFO] [stdout] 181 | #[derive(Queryable, Identifiable, Insertable, Debug, Serialize, Deserialize, AsChangeset, Clone)]
[INFO] [stdout]     |          ^^^^^^^^^ names from parent modules are not accessible without an explicit import
[INFO] [stdout]     |
[INFO] [stdout]     = warning: this was previously accepted by the compiler but is being phased out; it will become a hard error in a future release!
[INFO] [stdout]     = note: for more information, see issue #50504 <https://github.com/rust-lang/rust/issues/50504>
[INFO] [stdout] 
[INFO] [stdout] 
[INFO] [stdout] warning: cannot find type `MatchOutcome` in this scope
[INFO] [stdout]    --> src/models.rs:181:21
[INFO] [stdout]     |
[INFO] [stdout] 181 | #[derive(Queryable, Identifiable, Insertable, Debug, Serialize, Deserialize, AsChangeset, Clone)]
[INFO] [stdout]     |                     ^^^^^^^^^^^^ names from parent modules are not accessible without an explicit import
[INFO] [stdout]     |
[INFO] [stdout]     = warning: this was previously accepted by the compiler but is being phased out; it will become a hard error in a future release!
[INFO] [stdout]     = note: for more information, see issue #50504 <https://github.com/rust-lang/rust/issues/50504>
[INFO] [stdout] 
[INFO] [stdout] 
[INFO] [stdout] warning: cannot find type `match_outcomes` in this scope
[INFO] [stdout]    --> src/models.rs:181:21
[INFO] [stdout]     |
[INFO] [stdout] 181 | #[derive(Queryable, Identifiable, Insertable, Debug, Serialize, Deserialize, AsChangeset, Clone)]
[INFO] [stdout]     |                     ^^^^^^^^^^^^ names from parent modules are not accessible without an explicit import
[INFO] [stdout]     |
[INFO] [stdout]     = warning: this was previously accepted by the compiler but is being phased out; it will become a hard error in a future release!
[INFO] [stdout]     = note: for more information, see issue #50504 <https://github.com/rust-lang/rust/issues/50504>
[INFO] [stdout] 
[INFO] [stdout] 
[INFO] [stdout] warning: cannot find type `match_outcomes` in this scope
[INFO] [stdout]    --> src/models.rs:181:35
[INFO] [stdout]     |
[INFO] [stdout] 181 | #[derive(Queryable, Identifiable, Insertable, Debug, Serialize, Deserialize, AsChangeset, Clone)]
[INFO] [stdout]     |                                   ^^^^^^^^^^ names from parent modules are not accessible without an explicit import
[INFO] [stdout]     |
[INFO] [stdout]     = warning: this was previously accepted by the compiler but is being phased out; it will become a hard error in a future release!
[INFO] [stdout]     = note: for more information, see issue #50504 <https://github.com/rust-lang/rust/issues/50504>
[INFO] [stdout] 
[INFO] [stdout] 
[INFO] [stdout] warning: cannot find type `MatchOutcome` in this scope
[INFO] [stdout]    --> src/models.rs:181:35
[INFO] [stdout]     |
[INFO] [stdout] 181 | #[derive(Queryable, Identifiable, Insertable, Debug, Serialize, Deserialize, AsChangeset, Clone)]
[INFO] [stdout]     |                                   ^^^^^^^^^^ names from parent modules are not accessible without an explicit import
[INFO] [stdout]     |
[INFO] [stdout]     = warning: this was previously accepted by the compiler but is being phased out; it will become a hard error in a future release!
[INFO] [stdout]     = note: for more information, see issue #50504 <https://github.com/rust-lang/rust/issues/50504>
[INFO] [stdout] 
[INFO] [stdout] 
[INFO] [stdout] warning: cannot find type `MatchOutcome` in this scope
[INFO] [stdout]    --> src/models.rs:181:78
[INFO] [stdout]     |
[INFO] [stdout] 181 | #[derive(Queryable, Identifiable, Insertable, Debug, Serialize, Deserialize, AsChangeset, Clone)]
[INFO] [stdout]     |                                                                              ^^^^^^^^^^^ names from parent modules are not accessible without an explicit import
[INFO] [stdout]     |
[INFO] [stdout]     = warning: this was previously accepted by the compiler but is being phased out; it will become a hard error in a future release!
[INFO] [stdout]     = note: for more information, see issue #50504 <https://github.com/rust-lang/rust/issues/50504>
[INFO] [stdout] 
[INFO] [stdout] 
[INFO] [stdout] warning: cannot find type `match_outcomes` in this scope
[INFO] [stdout]    --> src/models.rs:181:78
[INFO] [stdout]     |
[INFO] [stdout] 181 | #[derive(Queryable, Identifiable, Insertable, Debug, Serialize, Deserialize, AsChangeset, Clone)]
[INFO] [stdout]     |                                                                              ^^^^^^^^^^^ names from parent modules are not accessible without an explicit import
[INFO] [stdout]     |
[INFO] [stdout]     = warning: this was previously accepted by the compiler but is being phased out; it will become a hard error in a future release!
[INFO] [stdout]     = note: for more information, see issue #50504 <https://github.com/rust-lang/rust/issues/50504>
[INFO] [stdout] 
[INFO] [stdout] 
[INFO] [stdout] warning: cannot find type `DateTime` in this scope
[INFO] [stdout]    --> src/models.rs:218:48
[INFO] [stdout]     |
[INFO] [stdout] 218 | #[derive(Debug, Clone, Serialize, Deserialize, Queryable, QueryableByName)]
[INFO] [stdout]     |                                                ^^^^^^^^^ names from parent modules are not accessible without an explicit import
[INFO] [stdout]     |
[INFO] [stdout]     = warning: this was previously accepted by the compiler but is being phased out; it will become a hard error in a future release!
[INFO] [stdout]     = note: for more information, see issue #50504 <https://github.com/rust-lang/rust/issues/50504>
[INFO] [stdout] 
[INFO] [stdout] 
[INFO] [stdout] warning: cannot find type `Utc` in this scope
[INFO] [stdout]    --> src/models.rs:218:48
[INFO] [stdout]     |
[INFO] [stdout] 218 | #[derive(Debug, Clone, Serialize, Deserialize, Queryable, QueryableByName)]
[INFO] [stdout]     |                                                ^^^^^^^^^ names from parent modules are not accessible without an explicit import
[INFO] [stdout]     |
[INFO] [stdout]     = warning: this was previously accepted by the compiler but is being phased out; it will become a hard error in a future release!
[INFO] [stdout]     = note: for more information, see issue #50504 <https://github.com/rust-lang/rust/issues/50504>
[INFO] [stdout] 
[INFO] [stdout] 
[INFO] [stdout] warning: cannot find type `MatchWithAllInfo` in this scope
[INFO] [stdout]    --> src/models.rs:218:48
[INFO] [stdout]     |
[INFO] [stdout] 218 | #[derive(Debug, Clone, Serialize, Deserialize, Queryable, QueryableByName)]
[INFO] [stdout]     |                                                ^^^^^^^^^ names from parent modules are not accessible without an explicit import
[INFO] [stdout]     |
[INFO] [stdout]     = warning: this was previously accepted by the compiler but is being phased out; it will become a hard error in a future release!
[INFO] [stdout]     = note: for more information, see issue #50504 <https://github.com/rust-lang/rust/issues/50504>
[INFO] [stdout] 
[INFO] [stdout] 
[INFO] [stdout] warning: cannot find type `full_match_infos` in this scope
[INFO] [stdout]    --> src/models.rs:218:59
[INFO] [stdout]     |
[INFO] [stdout] 218 | #[derive(Debug, Clone, Serialize, Deserialize, Queryable, QueryableByName)]
[INFO] [stdout]     |                                                           ^^^^^^^^^^^^^^^ names from parent modules are not accessible without an explicit import
[INFO] [stdout]     |
[INFO] [stdout]     = warning: this was previously accepted by the compiler but is being phased out; it will become a hard error in a future release!
[INFO] [stdout]     = note: for more information, see issue #50504 <https://github.com/rust-lang/rust/issues/50504>
[INFO] [stdout] 
[INFO] [stdout] 
[INFO] [stdout] warning: cannot find type `DateTime` in this scope
[INFO] [stdout]    --> src/models.rs:218:59
[INFO] [stdout]     |
[INFO] [stdout] 218 | #[derive(Debug, Clone, Serialize, Deserialize, Queryable, QueryableByName)]
[INFO] [stdout]     |                                                           ^^^^^^^^^^^^^^^ names from parent modules are not accessible without an explicit import
[INFO] [stdout]     |
[INFO] [stdout]     = warning: this was previously accepted by the compiler but is being phased out; it will become a hard error in a future release!
[INFO] [stdout]     = note: for more information, see issue #50504 <https://github.com/rust-lang/rust/issues/50504>
[INFO] [stdout] 
[INFO] [stdout] 
[INFO] [stdout] warning: cannot find type `Utc` in this scope
[INFO] [stdout]    --> src/models.rs:218:59
[INFO] [stdout]     |
[INFO] [stdout] 218 | #[derive(Debug, Clone, Serialize, Deserialize, Queryable, QueryableByName)]
[INFO] [stdout]     |                                                           ^^^^^^^^^^^^^^^ names from parent modules are not accessible without an explicit import
[INFO] [stdout]     |
[INFO] [stdout]     = warning: this was previously accepted by the compiler but is being phased out; it will become a hard error in a future release!
[INFO] [stdout]     = note: for more information, see issue #50504 <https://github.com/rust-lang/rust/issues/50504>
[INFO] [stdout] 
[INFO] [stdout] 
[INFO] [stdout] warning: cannot find type `MatchWithAllInfo` in this scope
[INFO] [stdout]    --> src/models.rs:218:59
[INFO] [stdout]     |
[INFO] [stdout] 218 | #[derive(Debug, Clone, Serialize, Deserialize, Queryable, QueryableByName)]
[INFO] [stdout]     |                                                           ^^^^^^^^^^^^^^^ names from parent modules are not accessible without an explicit import
[INFO] [stdout]     |
[INFO] [stdout]     = warning: this was previously accepted by the compiler but is being phased out; it will become a hard error in a future release!
[INFO] [stdout]     = note: for more information, see issue #50504 <https://github.com/rust-lang/rust/issues/50504>
[INFO] [stdout] 
[INFO] [stdout] 
[INFO] [stdout] warning: cannot find type `User` in this scope
[INFO] [stdout]    --> src/models.rs:242:24
[INFO] [stdout]     |
[INFO] [stdout] 242 | #[derive(Debug, Clone, Associations, Serialize, Deserialize, Queryable, Identifiable)]
[INFO] [stdout]     |                        ^^^^^^^^^^^^ names from parent modules are not accessible without an explicit import
[INFO] [stdout]     |
[INFO] [stdout]     = warning: this was previously accepted by the compiler but is being phased out; it will become a hard error in a future release!
[INFO] [stdout]     = note: for more information, see issue #50504 <https://github.com/rust-lang/rust/issues/50504>
[INFO] [stdout] 
[INFO] [stdout] 
[INFO] [stdout] warning: cannot find type `Favourite` in this scope
[INFO] [stdout]    --> src/models.rs:242:24
[INFO] [stdout]     |
[INFO] [stdout] 242 | #[derive(Debug, Clone, Associations, Serialize, Deserialize, Queryable, Identifiable)]
[INFO] [stdout]     |                        ^^^^^^^^^^^^ names from parent modules are not accessible without an explicit import
[INFO] [stdout]     |
[INFO] [stdout]     = warning: this was previously accepted by the compiler but is being phased out; it will become a hard error in a future release!
[INFO] [stdout]     = note: for more information, see issue #50504 <https://github.com/rust-lang/rust/issues/50504>
[INFO] [stdout] 
[INFO] [stdout] 
[INFO] [stdout] warning: cannot find type `favourites` in this scope
[INFO] [stdout]    --> src/models.rs:242:24
[INFO] [stdout]     |
[INFO] [stdout] 242 | #[derive(Debug, Clone, Associations, Serialize, Deserialize, Queryable, Identifiable)]
[INFO] [stdout]     |                        ^^^^^^^^^^^^ names from parent modules are not accessible without an explicit import
[INFO] [stdout]     |
[INFO] [stdout]     = warning: this was previously accepted by the compiler but is being phased out; it will become a hard error in a future release!
[INFO] [stdout]     = note: for more information, see issue #50504 <https://github.com/rust-lang/rust/issues/50504>
[INFO] [stdout] 
[INFO] [stdout] 
[INFO] [stdout] warning: use of deprecated constant `std::sync::ONCE_INIT`: the `new` function is now preferred
[INFO] [stdout]  --> src/templates/mod.rs:3:1
[INFO] [stdout]   |
[INFO] [stdout] 3 | / lazy_static! {
[INFO] [stdout] 4 | |     pub static ref TEMPLATE_SERVICE: Tera = {
[INFO] [stdout] 5 | |         let tera = compile_templates!("templates/**/*.html");
[INFO] [stdout] 6 | |         tera
[INFO] [stdout] 7 | |     };
[INFO] [stdout] 8 | | }
[INFO] [stdout]   | |_^
[INFO] [stdout]   |
[INFO] [stdout]   = note: `#[warn(deprecated)]` on by default
[INFO] [stdout]   = note: this warning originates in a macro (in Nightly builds, run with -Z macro-backtrace for more info)
[INFO] [stdout] 
[INFO] [stdout] 
[INFO] [stdout] warning: cannot find type `NaiveDateTime` in this scope
[INFO] [stdout]    --> src/models.rs:242:62
[INFO] [stdout]     |
[INFO] [stdout] 242 | #[derive(Debug, Clone, Associations, Serialize, Deserialize, Queryable, Identifiable)]
[INFO] [stdout]     |                                                              ^^^^^^^^^ names from parent modules are not accessible without an explicit import
[INFO] [stdout]     |
[INFO] [stdout]     = warning: this was previously accepted by the compiler but is being phased out; it will become a hard error in a future release!
[INFO] [stdout]     = note: for more information, see issue #50504 <https://github.com/rust-lang/rust/issues/50504>
[INFO] [stdout] 
[INFO] [stdout] 
[INFO] [stdout] warning: cannot find type `Favourite` in this scope
[INFO] [stdout]    --> src/models.rs:242:62
[INFO] [stdout]     |
[INFO] [stdout] 242 | #[derive(Debug, Clone, Associations, Serialize, Deserialize, Queryable, Identifiable)]
[INFO] [stdout]     |                                                              ^^^^^^^^^ names from parent modules are not accessible without an explicit import
[INFO] [stdout]     |
[INFO] [stdout]     = warning: this was previously accepted by the compiler but is being phased out; it will become a hard error in a future release!
[INFO] [stdout]     = note: for more information, see issue #50504 <https://github.com/rust-lang/rust/issues/50504>
[INFO] [stdout] 
[INFO] [stdout] 
[INFO] [stdout] warning: cannot find type `Favourite` in this scope
[INFO] [stdout]    --> src/models.rs:242:73
[INFO] [stdout]     |
[INFO] [stdout] 242 | #[derive(Debug, Clone, Associations, Serialize, Deserialize, Queryable, Identifiable)]
[INFO] [stdout]     |                                                                         ^^^^^^^^^^^^ names from parent modules are not accessible without an explicit import
[INFO] [stdout]     |
[INFO] [stdout]     = warning: this was previously accepted by the compiler but is being phased out; it will become a hard error in a future release!
[INFO] [stdout]     = note: for more information, see issue #50504 <https://github.com/rust-lang/rust/issues/50504>
[INFO] [stdout] 
[INFO] [stdout] 
[INFO] [stdout] warning: cannot find type `favourites` in this scope
[INFO] [stdout]    --> src/models.rs:242:73
[INFO] [stdout]     |
[INFO] [stdout] 242 | #[derive(Debug, Clone, Associations, Serialize, Deserialize, Queryable, Identifiable)]
[INFO] [stdout]     |                                                                         ^^^^^^^^^^^^ names from parent modules are not accessible without an explicit import
[INFO] [stdout]     |
[INFO] [stdout]     = warning: this was previously accepted by the compiler but is being phased out; it will become a hard error in a future release!
[INFO] [stdout]     = note: for more information, see issue #50504 <https://github.com/rust-lang/rust/issues/50504>
[INFO] [stdout] 
[INFO] [stdout] 
[INFO] [stdout] warning: cannot find type `favourites` in this scope
[INFO] [stdout]    --> src/models.rs:255:10
[INFO] [stdout]     |
[INFO] [stdout] 255 | #[derive(Insertable, AsChangeset)]
[INFO] [stdout]     |          ^^^^^^^^^^ names from parent modules are not accessible without an explicit import
[INFO] [stdout]     |
[INFO] [stdout]     = warning: this was previously accepted by the compiler but is being phased out; it will become a hard error in a future release!
[INFO] [stdout]     = note: for more information, see issue #50504 <https://github.com/rust-lang/rust/issues/50504>
[INFO] [stdout] 
[INFO] [stdout] 
[INFO] [stdout] warning: cannot find type `UpdatedFavourite` in this scope
[INFO] [stdout]    --> src/models.rs:255:10
[INFO] [stdout]     |
[INFO] [stdout] 255 | #[derive(Insertable, AsChangeset)]
[INFO] [stdout]     |          ^^^^^^^^^^ names from parent modules are not accessible without an explicit import
[INFO] [stdout]     |
[INFO] [stdout]     = warning: this was previously accepted by the compiler but is being phased out; it will become a hard error in a future release!
[INFO] [stdout]     = note: for more information, see issue #50504 <https://github.com/rust-lang/rust/issues/50504>
[INFO] [stdout] 
[INFO] [stdout] 
[INFO] [stdout] warning: cannot find type `UpdatedFavourite` in this scope
[INFO] [stdout]    --> src/models.rs:255:22
[INFO] [stdout]     |
[INFO] [stdout] 255 | #[derive(Insertable, AsChangeset)]
[INFO] [stdout]     |                      ^^^^^^^^^^^ names from parent modules are not accessible without an explicit import
[INFO] [stdout]     |
[INFO] [stdout]     = warning: this was previously accepted by the compiler but is being phased out; it will become a hard error in a future release!
[INFO] [stdout]     = note: for more information, see issue #50504 <https://github.com/rust-lang/rust/issues/50504>
[INFO] [stdout] 
[INFO] [stdout] 
[INFO] [stdout] warning: cannot find type `favourites` in this scope
[INFO] [stdout]    --> src/models.rs:255:22
[INFO] [stdout]     |
[INFO] [stdout] 255 | #[derive(Insertable, AsChangeset)]
[INFO] [stdout]     |                      ^^^^^^^^^^^ names from parent modules are not accessible without an explicit import
[INFO] [stdout]     |
[INFO] [stdout]     = warning: this was previously accepted by the compiler but is being phased out; it will become a hard error in a future release!
[INFO] [stdout]     = note: for more information, see issue #50504 <https://github.com/rust-lang/rust/issues/50504>
[INFO] [stdout] 
[INFO] [stdout] 
[INFO] [stdout] warning: cannot find type `UserMatchPoints` in this scope
[INFO] [stdout]    --> src/models.rs:264:41
[INFO] [stdout]     |
[INFO] [stdout] 264 | #[derive(Serialize, Deserialize, Debug, Queryable, Insertable, AsChangeset)]
[INFO] [stdout]     |                                         ^^^^^^^^^ names from parent modules are not accessible without an explicit import
[INFO] [stdout]     |
[INFO] [stdout]     = warning: this was previously accepted by the compiler but is being phased out; it will become a hard error in a future release!
[INFO] [stdout]     = note: for more information, see issue #50504 <https://github.com/rust-lang/rust/issues/50504>
[INFO] [stdout] 
[INFO] [stdout] 
[INFO] [stdout] warning: cannot find type `user_match_points` in this scope
[INFO] [stdout]    --> src/models.rs:264:52
[INFO] [stdout]     |
[INFO] [stdout] 264 | #[derive(Serialize, Deserialize, Debug, Queryable, Insertable, AsChangeset)]
[INFO] [stdout]     |                                                    ^^^^^^^^^^ names from parent modules are not accessible without an explicit import
[INFO] [stdout]     |
[INFO] [stdout]     = warning: this was previously accepted by the compiler but is being phased out; it will become a hard error in a future release!
[INFO] [stdout]     = note: for more information, see issue #50504 <https://github.com/rust-lang/rust/issues/50504>
[INFO] [stdout] 
[INFO] [stdout] 
[INFO] [stdout] warning: cannot find type `UserMatchPoints` in this scope
[INFO] [stdout]    --> src/models.rs:264:52
[INFO] [stdout]     |
[INFO] [stdout] 264 | #[derive(Serialize, Deserialize, Debug, Queryable, Insertable, AsChangeset)]
[INFO] [stdout]     |                                                    ^^^^^^^^^^ names from parent modules are not accessible without an explicit import
[INFO] [stdout]     |
[INFO] [stdout]     = warning: this was previously accepted by the compiler but is being phased out; it will become a hard error in a future release!
[INFO] [stdout]     = note: for more information, see issue #50504 <https://github.com/rust-lang/rust/issues/50504>
[INFO] [stdout] 
[INFO] [stdout] 
[INFO] [stdout] warning: cannot find type `UserMatchPoints` in this scope
[INFO] [stdout]    --> src/models.rs:264:64
[INFO] [stdout]     |
[INFO] [stdout] 264 | #[derive(Serialize, Deserialize, Debug, Queryable, Insertable, AsChangeset)]
[INFO] [stdout]     |                                                                ^^^^^^^^^^^ names from parent modules are not accessible without an explicit import
[INFO] [stdout]     |
[INFO] [stdout]     = warning: this was previously accepted by the compiler but is being phased out; it will become a hard error in a future release!
[INFO] [stdout]     = note: for more information, see issue #50504 <https://github.com/rust-lang/rust/issues/50504>
[INFO] [stdout] 
[INFO] [stdout] 
[INFO] [stdout] warning: cannot find type `user_match_points` in this scope
[INFO] [stdout]    --> src/models.rs:264:64
[INFO] [stdout]     |
[INFO] [stdout] 264 | #[derive(Serialize, Deserialize, Debug, Queryable, Insertable, AsChangeset)]
[INFO] [stdout]     |                                                                ^^^^^^^^^^^ names from parent modules are not accessible without an explicit import
[INFO] [stdout]     |
[INFO] [stdout]     = warning: this was previously accepted by the compiler but is being phased out; it will become a hard error in a future release!
[INFO] [stdout]     = note: for more information, see issue #50504 <https://github.com/rust-lang/rust/issues/50504>
[INFO] [stdout] 
[INFO] [stdout] 
[INFO] [stdout] warning: cannot find type `StageType` in this scope
[INFO] [stdout]  --> src/schema.rs:1:17
[INFO] [stdout]   |
[INFO] [stdout] 1 | #[derive(Debug, DbEnum)]
[INFO] [stdout]   |                 ^^^^^^ names from parent modules are not accessible without an explicit import
[INFO] [stdout]   |
[INFO] [stdout]   = warning: this was previously accepted by the compiler but is being phased out; it will become a hard error in a future release!
[INFO] [stdout]   = note: for more information, see issue #50504 <https://github.com/rust-lang/rust/issues/50504>
[INFO] [stdout] 
[INFO] [stdout] 
[INFO] [stdout] warning: cannot find type `table` in this scope
[INFO] [stdout]    --> /opt/rustwide/cargo-home/registry/src/github.com-1ecc6299db9ec823/diesel-1.3.2/src/macros/mod.rs:751:42
[INFO] [stdout]     |
[INFO] [stdout] 751 |             #[derive(Debug, Clone, Copy, QueryId)]
[INFO] [stdout]     |                                          ^^^^^^^ names from parent modules are not accessible without an explicit import
[INFO] [stdout]     |
[INFO] [stdout]     = warning: this was previously accepted by the compiler but is being phased out; it will become a hard error in a future release!
[INFO] [stdout]     = note: for more information, see issue #50504 <https://github.com/rust-lang/rust/issues/50504>
[INFO] [stdout] 
[INFO] [stdout] 
[INFO] [stdout] warning: cannot find type `country_id` in this scope
[INFO] [stdout]  --> /opt/rustwide/cargo-home/registry/src/github.com-1ecc6299db9ec823/diesel-1.3.2/src/macros/mod.rs:9:38
[INFO] [stdout]   |
[INFO] [stdout] 9 |         #[derive(Debug, Clone, Copy, QueryId, Default)]
[INFO] [stdout]   |                                      ^^^^^^^ names from parent modules are not accessible without an explicit import
[INFO] [stdout]   |
[INFO] [stdout]   = warning: this was previously accepted by the compiler but is being phased out; it will become a hard error in a future release!
[INFO] [stdout]   = note: for more information, see issue #50504 <https://github.com/rust-lang/rust/issues/50504>
[INFO] [stdout] 
[INFO] [stdout] 
[INFO] [stdout] warning: cannot find type `name` in this scope
[INFO] [stdout]  --> /opt/rustwide/cargo-home/registry/src/github.com-1ecc6299db9ec823/diesel-1.3.2/src/macros/mod.rs:9:38
[INFO] [stdout]   |
[INFO] [stdout] 9 |         #[derive(Debug, Clone, Copy, QueryId, Default)]
[INFO] [stdout]   |                                      ^^^^^^^ names from parent modules are not accessible without an explicit import
[INFO] [stdout]   |
[INFO] [stdout]   = warning: this was previously accepted by the compiler but is being phased out; it will become a hard error in a future release!
[INFO] [stdout]   = note: for more information, see issue #50504 <https://github.com/rust-lang/rust/issues/50504>
[INFO] [stdout] 
[INFO] [stdout] 
[INFO] [stdout] warning: cannot find type `flag` in this scope
[INFO] [stdout]  --> /opt/rustwide/cargo-home/registry/src/github.com-1ecc6299db9ec823/diesel-1.3.2/src/macros/mod.rs:9:38
[INFO] [stdout]   |
[INFO] [stdout] 9 |         #[derive(Debug, Clone, Copy, QueryId, Default)]
[INFO] [stdout]   |                                      ^^^^^^^ names from parent modules are not accessible without an explicit import
[INFO] [stdout]   |
[INFO] [stdout]   = warning: this was previously accepted by the compiler but is being phased out; it will become a hard error in a future release!
[INFO] [stdout]   = note: for more information, see issue #50504 <https://github.com/rust-lang/rust/issues/50504>
[INFO] [stdout] 
[INFO] [stdout] 
[INFO] [stdout] warning: cannot find type `seeding_pot` in this scope
[INFO] [stdout]  --> /opt/rustwide/cargo-home/registry/src/github.com-1ecc6299db9ec823/diesel-1.3.2/src/macros/mod.rs:9:38
[INFO] [stdout]   |
[INFO] [stdout] 9 |         #[derive(Debug, Clone, Copy, QueryId, Default)]
[INFO] [stdout]   |                                      ^^^^^^^ names from parent modules are not accessible without an explicit import
[INFO] [stdout]   |
[INFO] [stdout]   = warning: this was previously accepted by the compiler but is being phased out; it will become a hard error in a future release!
[INFO] [stdout]   = note: for more information, see issue #50504 <https://github.com/rust-lang/rust/issues/50504>
[INFO] [stdout] 
[INFO] [stdout] 
[INFO] [stdout] warning: cannot find type `qualified_for_knockout` in this scope
[INFO] [stdout]  --> /opt/rustwide/cargo-home/registry/src/github.com-1ecc6299db9ec823/diesel-1.3.2/src/macros/mod.rs:9:38
[INFO] [stdout]   |
[INFO] [stdout] 9 |         #[derive(Debug, Clone, Copy, QueryId, Default)]
[INFO] [stdout]   |                                      ^^^^^^^ names from parent modules are not accessible without an explicit import
[INFO] [stdout]   |
[INFO] [stdout]   = warning: this was previously accepted by the compiler but is being phased out; it will become a hard error in a future release!
[INFO] [stdout]   = note: for more information, see issue #50504 <https://github.com/rust-lang/rust/issues/50504>
[INFO] [stdout] 
[INFO] [stdout] 
[INFO] [stdout] warning: cannot find type `user_id` in this scope
[INFO] [stdout]  --> /opt/rustwide/cargo-home/registry/src/github.com-1ecc6299db9ec823/diesel-1.3.2/src/macros/mod.rs:9:38
[INFO] [stdout]   |
[INFO] [stdout] 9 |         #[derive(Debug, Clone, Copy, QueryId, Default)]
[INFO] [stdout]   |                                      ^^^^^^^ names from parent modules are not accessible without an explicit import
[INFO] [stdout]   |
[INFO] [stdout]   = warning: this was previously accepted by the compiler but is being phased out; it will become a hard error in a future release!
[INFO] [stdout]   = note: for more information, see issue #50504 <https://github.com/rust-lang/rust/issues/50504>
[INFO] [stdout] 
[INFO] [stdout] 
[INFO] [stdout] warning: cannot find type `choice` in this scope
[INFO] [stdout]  --> /opt/rustwide/cargo-home/registry/src/github.com-1ecc6299db9ec823/diesel-1.3.2/src/macros/mod.rs:9:38
[INFO] [stdout]   |
[INFO] [stdout] 9 |         #[derive(Debug, Clone, Copy, QueryId, Default)]
[INFO] [stdout]   |                                      ^^^^^^^ names from parent modules are not accessible without an explicit import
[INFO] [stdout]   |
[INFO] [stdout]   = warning: this was previously accepted by the compiler but is being phased out; it will become a hard error in a future release!
[INFO] [stdout]   = note: for more information, see issue #50504 <https://github.com/rust-lang/rust/issues/50504>
[INFO] [stdout] 
[INFO] [stdout] 
[INFO] [stdout] warning: cannot find type `created_at` in this scope
[INFO] [stdout]  --> /opt/rustwide/cargo-home/registry/src/github.com-1ecc6299db9ec823/diesel-1.3.2/src/macros/mod.rs:9:38
[INFO] [stdout]   |
[INFO] [stdout] 9 |         #[derive(Debug, Clone, Copy, QueryId, Default)]
[INFO] [stdout]   |                                      ^^^^^^^ names from parent modules are not accessible without an explicit import
[INFO] [stdout]   |
[INFO] [stdout]   = warning: this was previously accepted by the compiler but is being phased out; it will become a hard error in a future release!
[INFO] [stdout]   = note: for more information, see issue #50504 <https://github.com/rust-lang/rust/issues/50504>
[INFO] [stdout] 
[INFO] [stdout] 
[INFO] [stdout] warning: cannot find type `updated_at` in this scope
[INFO] [stdout]  --> /opt/rustwide/cargo-home/registry/src/github.com-1ecc6299db9ec823/diesel-1.3.2/src/macros/mod.rs:9:38
[INFO] [stdout]   |
[INFO] [stdout] 9 |         #[derive(Debug, Clone, Copy, QueryId, Default)]
[INFO] [stdout]   |                                      ^^^^^^^ names from parent modules are not accessible without an explicit import
[INFO] [stdout]   |
[INFO] [stdout]   = warning: this was previously accepted by the compiler but is being phased out; it will become a hard error in a future release!
[INFO] [stdout]   = note: for more information, see issue #50504 <https://github.com/rust-lang/rust/issues/50504>
[INFO] [stdout] 
[INFO] [stdout] 
[INFO] [stdout] warning: cannot find type `phase` in this scope
[INFO] [stdout]  --> /opt/rustwide/cargo-home/registry/src/github.com-1ecc6299db9ec823/diesel-1.3.2/src/macros/mod.rs:9:38
[INFO] [stdout]   |
[INFO] [stdout] 9 |         #[derive(Debug, Clone, Copy, QueryId, Default)]
[INFO] [stdout]   |                                      ^^^^^^^ names from parent modules are not accessible without an explicit import
[INFO] [stdout]   |
[INFO] [stdout]   = warning: this was previously accepted by the compiler but is being phased out; it will become a hard error in a future release!
[INFO] [stdout]   = note: for more information, see issue #50504 <https://github.com/rust-lang/rust/issues/50504>
[INFO] [stdout] 
[INFO] [stdout] 
[INFO] [stdout] warning: cannot find type `source` in this scope
[INFO] [stdout]  --> /opt/rustwide/cargo-home/registry/src/github.com-1ecc6299db9ec823/diesel-1.3.2/src/macros/mod.rs:9:38
[INFO] [stdout]   |
[INFO] [stdout] 9 |         #[derive(Debug, Clone, Copy, QueryId, Default)]
[INFO] [stdout]   |                                      ^^^^^^^ names from parent modules are not accessible without an explicit import
[INFO] [stdout]   |
[INFO] [stdout]   = warning: this was previously accepted by the compiler but is being phased out; it will become a hard error in a future release!
[INFO] [stdout]   = note: for more information, see issue #50504 <https://github.com/rust-lang/rust/issues/50504>
[INFO] [stdout] 
[INFO] [stdout] 
[INFO] [stdout] warning: cannot find type `group_id` in this scope
[INFO] [stdout]  --> /opt/rustwide/cargo-home/registry/src/github.com-1ecc6299db9ec823/diesel-1.3.2/src/macros/mod.rs:9:38
[INFO] [stdout]   |
[INFO] [stdout] 9 |         #[derive(Debug, Clone, Copy, QueryId, Default)]
[INFO] [stdout]   |                                      ^^^^^^^ names from parent modules are not accessible without an explicit import
[INFO] [stdout]   |
[INFO] [stdout]   = warning: this was previously accepted by the compiler but is being phased out; it will become a hard error in a future release!
[INFO] [stdout]   = note: for more information, see issue #50504 <https://github.com/rust-lang/rust/issues/50504>
[INFO] [stdout] 
[INFO] [stdout] 
[INFO] [stdout] warning: cannot find type `drawn_place` in this scope
[INFO] [stdout]  --> /opt/rustwide/cargo-home/registry/src/github.com-1ecc6299db9ec823/diesel-1.3.2/src/macros/mod.rs:9:38
[INFO] [stdout]   |
[INFO] [stdout] 9 |         #[derive(Debug, Clone, Copy, QueryId, Default)]
[INFO] [stdout]   |                                      ^^^^^^^ names from parent modules are not accessible without an explicit import
[INFO] [stdout]   |
[INFO] [stdout]   = warning: this was previously accepted by the compiler but is being phased out; it will become a hard error in a future release!
[INFO] [stdout]   = note: for more information, see issue #50504 <https://github.com/rust-lang/rust/issues/50504>
[INFO] [stdout] 
[INFO] [stdout] 
[INFO] [stdout] warning: cannot find type `current_position` in this scope
[INFO] [stdout]  --> /opt/rustwide/cargo-home/registry/src/github.com-1ecc6299db9ec823/diesel-1.3.2/src/macros/mod.rs:9:38
[INFO] [stdout]   |
[INFO] [stdout] 9 |         #[derive(Debug, Clone, Copy, QueryId, Default)]
[INFO] [stdout]   |                                      ^^^^^^^ names from parent modules are not accessible without an explicit import
[INFO] [stdout]   |
[INFO] [stdout]   = warning: this was previously accepted by the compiler but is being phased out; it will become a hard error in a future release!
[INFO] [stdout]   = note: for more information, see issue #50504 <https://github.com/rust-lang/rust/issues/50504>
[INFO] [stdout] 
[INFO] [stdout] 
[INFO] [stdout] warning: cannot find type `winner_id` in this scope
[INFO] [stdout]  --> /opt/rustwide/cargo-home/registry/src/github.com-1ecc6299db9ec823/diesel-1.3.2/src/macros/mod.rs:9:38
[INFO] [stdout]   |
[INFO] [stdout] 9 |         #[derive(Debug, Clone, Copy, QueryId, Default)]
[INFO] [stdout]   |                                      ^^^^^^^ names from parent modules are not accessible without an explicit import
[INFO] [stdout]   |
[INFO] [stdout]   = warning: this was previously accepted by the compiler but is being phased out; it will become a hard error in a future release!
[INFO] [stdout]   = note: for more information, see issue #50504 <https://github.com/rust-lang/rust/issues/50504>
[INFO] [stdout] 
[INFO] [stdout] 
[INFO] [stdout] warning: cannot find type `runnerup_id` in this scope
[INFO] [stdout]  --> /opt/rustwide/cargo-home/registry/src/github.com-1ecc6299db9ec823/diesel-1.3.2/src/macros/mod.rs:9:38
[INFO] [stdout]   |
[INFO] [stdout] 9 |         #[derive(Debug, Clone, Copy, QueryId, Default)]
[INFO] [stdout]   |                                      ^^^^^^^ names from parent modules are not accessible without an explicit import
[INFO] [stdout]   |
[INFO] [stdout]   = warning: this was previously accepted by the compiler but is being phased out; it will become a hard error in a future release!
[INFO] [stdout]   = note: for more information, see issue #50504 <https://github.com/rust-lang/rust/issues/50504>
[INFO] [stdout] 
[INFO] [stdout] 
[INFO] [stdout] warning: cannot find type `location_id` in this scope
[INFO] [stdout]  --> /opt/rustwide/cargo-home/registry/src/github.com-1ecc6299db9ec823/diesel-1.3.2/src/macros/mod.rs:9:38
[INFO] [stdout]   |
[INFO] [stdout] 9 |         #[derive(Debug, Clone, Copy, QueryId, Default)]
[INFO] [stdout]   |                                      ^^^^^^^ names from parent modules are not accessible without an explicit import
[INFO] [stdout]   |
[INFO] [stdout]   = warning: this was previously accepted by the compiler but is being phased out; it will become a hard error in a future release!
[INFO] [stdout]   = note: for more information, see issue #50504 <https://github.com/rust-lang/rust/issues/50504>
[INFO] [stdout] 
[INFO] [stdout] 
[INFO] [stdout] warning: cannot find type `city` in this scope
[INFO] [stdout]  --> /opt/rustwide/cargo-home/registry/src/github.com-1ecc6299db9ec823/diesel-1.3.2/src/macros/mod.rs:9:38
[INFO] [stdout]   |
[INFO] [stdout] 9 |         #[derive(Debug, Clone, Copy, QueryId, Default)]
[INFO] [stdout]   |                                      ^^^^^^^ names from parent modules are not accessible without an explicit import
[INFO] [stdout]   |
[INFO] [stdout]   = warning: this was previously accepted by the compiler but is being phased out; it will become a hard error in a future release!
[INFO] [stdout]   = note: for more information, see issue #50504 <https://github.com/rust-lang/rust/issues/50504>
[INFO] [stdout] 
[INFO] [stdout] 
[INFO] [stdout] warning: cannot find type `stadium` in this scope
[INFO] [stdout]  --> /opt/rustwide/cargo-home/registry/src/github.com-1ecc6299db9ec823/diesel-1.3.2/src/macros/mod.rs:9:38
[INFO] [stdout]   |
[INFO] [stdout] 9 |         #[derive(Debug, Clone, Copy, QueryId, Default)]
[INFO] [stdout]   |                                      ^^^^^^^ names from parent modules are not accessible without an explicit import
[INFO] [stdout]   |
[INFO] [stdout]   = warning: this was previously accepted by the compiler but is being phased out; it will become a hard error in a future release!
[INFO] [stdout]   = note: for more information, see issue #50504 <https://github.com/rust-lang/rust/issues/50504>
[INFO] [stdout] 
[INFO] [stdout] 
[INFO] [stdout] warning: cannot find type `match_id` in this scope
[INFO] [stdout]  --> /opt/rustwide/cargo-home/registry/src/github.com-1ecc6299db9ec823/diesel-1.3.2/src/macros/mod.rs:9:38
[INFO] [stdout]   |
[INFO] [stdout] 9 |         #[derive(Debug, Clone, Copy, QueryId, Default)]
[INFO] [stdout]   |                                      ^^^^^^^ names from parent modules are not accessible without an explicit import
[INFO] [stdout]   |
[INFO] [stdout]   = warning: this was previously accepted by the compiler but is being phased out; it will become a hard error in a future release!
[INFO] [stdout]   = note: for more information, see issue #50504 <https://github.com/rust-lang/rust/issues/50504>
[INFO] [stdout] 
[INFO] [stdout] 
[INFO] [stdout] warning: cannot find type `home_score` in this scope
[INFO] [stdout]  --> /opt/rustwide/cargo-home/registry/src/github.com-1ecc6299db9ec823/diesel-1.3.2/src/macros/mod.rs:9:38
[INFO] [stdout]   |
[INFO] [stdout] 9 |         #[derive(Debug, Clone, Copy, QueryId, Default)]
[INFO] [stdout]   |                                      ^^^^^^^ names from parent modules are not accessible without an explicit import
[INFO] [stdout]   |
[INFO] [stdout]   = warning: this was previously accepted by the compiler but is being phased out; it will become a hard error in a future release!
[INFO] [stdout]   = note: for more information, see issue #50504 <https://github.com/rust-lang/rust/issues/50504>
[INFO] [stdout] 
[INFO] [stdout] 
[INFO] [stdout] warning: cannot find type `away_score` in this scope
[INFO] [stdout]  --> /opt/rustwide/cargo-home/registry/src/github.com-1ecc6299db9ec823/diesel-1.3.2/src/macros/mod.rs:9:38
[INFO] [stdout]   |
[INFO] [stdout] 9 |         #[derive(Debug, Clone, Copy, QueryId, Default)]
[INFO] [stdout]   |                                      ^^^^^^^ names from parent modules are not accessible without an explicit import
[INFO] [stdout]   |
[INFO] [stdout]   = warning: this was previously accepted by the compiler but is being phased out; it will become a hard error in a future release!
[INFO] [stdout]   = note: for more information, see issue #50504 <https://github.com/rust-lang/rust/issues/50504>
[INFO] [stdout] 
[INFO] [stdout] 
[INFO] [stdout] warning: cannot find type `time_of_first_goal` in this scope
[INFO] [stdout]  --> /opt/rustwide/cargo-home/registry/src/github.com-1ecc6299db9ec823/diesel-1.3.2/src/macros/mod.rs:9:38
[INFO] [stdout]   |
[INFO] [stdout] 9 |         #[derive(Debug, Clone, Copy, QueryId, Default)]
[INFO] [stdout]   |                                      ^^^^^^^ names from parent modules are not accessible without an explicit import
[INFO] [stdout]   |
[INFO] [stdout]   = warning: this was previously accepted by the compiler but is being phased out; it will become a hard error in a future release!
[INFO] [stdout]   = note: for more information, see issue #50504 <https://github.com/rust-lang/rust/issues/50504>
[INFO] [stdout] 
[INFO] [stdout] 
[INFO] [stdout] warning: cannot find type `home_penalties` in this scope
[INFO] [stdout]  --> /opt/rustwide/cargo-home/registry/src/github.com-1ecc6299db9ec823/diesel-1.3.2/src/macros/mod.rs:9:38
[INFO] [stdout]   |
[INFO] [stdout] 9 |         #[derive(Debug, Clone, Copy, QueryId, Default)]
[INFO] [stdout]   |                                      ^^^^^^^ names from parent modules are not accessible without an explicit import
[INFO] [stdout]   |
[INFO] [stdout]   = warning: this was previously accepted by the compiler but is being phased out; it will become a hard error in a future release!
[INFO] [stdout]   = note: for more information, see issue #50504 <https://github.com/rust-lang/rust/issues/50504>
[INFO] [stdout] 
[INFO] [stdout] 
[INFO] [stdout] warning: cannot find type `away_penalties` in this scope
[INFO] [stdout]  --> /opt/rustwide/cargo-home/registry/src/github.com-1ecc6299db9ec823/diesel-1.3.2/src/macros/mod.rs:9:38
[INFO] [stdout]   |
[INFO] [stdout] 9 |         #[derive(Debug, Clone, Copy, QueryId, Default)]
[INFO] [stdout]   |                                      ^^^^^^^ names from parent modules are not accessible without an explicit import
[INFO] [stdout]   |
[INFO] [stdout]   = warning: this was previously accepted by the compiler but is being phased out; it will become a hard error in a future release!
[INFO] [stdout]   = note: for more information, see issue #50504 <https://github.com/rust-lang/rust/issues/50504>
[INFO] [stdout] 
[INFO] [stdout] 
[INFO] [stdout] warning: cannot find type `duration` in this scope
[INFO] [stdout]  --> /opt/rustwide/cargo-home/registry/src/github.com-1ecc6299db9ec823/diesel-1.3.2/src/macros/mod.rs:9:38
[INFO] [stdout]   |
[INFO] [stdout] 9 |         #[derive(Debug, Clone, Copy, QueryId, Default)]
[INFO] [stdout]   |                                      ^^^^^^^ names from parent modules are not accessible without an explicit import
[INFO] [stdout]   |
[INFO] [stdout]   = warning: this was previously accepted by the compiler but is being phased out; it will become a hard error in a future release!
[INFO] [stdout]   = note: for more information, see issue #50504 <https://github.com/rust-lang/rust/issues/50504>
[INFO] [stdout] 
[INFO] [stdout] 
[INFO] [stdout] warning: cannot find type `match_participant_id` in this scope
[INFO] [stdout]  --> /opt/rustwide/cargo-home/registry/src/github.com-1ecc6299db9ec823/diesel-1.3.2/src/macros/mod.rs:9:38
[INFO] [stdout]   |
[INFO] [stdout] 9 |         #[derive(Debug, Clone, Copy, QueryId, Default)]
[INFO] [stdout]   |                                      ^^^^^^^ names from parent modules are not accessible without an explicit import
[INFO] [stdout]   |
[INFO] [stdout]   = warning: this was previously accepted by the compiler but is being phased out; it will become a hard error in a future release!
[INFO] [stdout]   = note: for more information, see issue #50504 <https://github.com/rust-lang/rust/issues/50504>
[INFO] [stdout] 
[INFO] [stdout] 
[INFO] [stdout] warning: cannot find type `stage_id` in this scope
[INFO] [stdout]  --> /opt/rustwide/cargo-home/registry/src/github.com-1ecc6299db9ec823/diesel-1.3.2/src/macros/mod.rs:9:38
[INFO] [stdout]   |
[INFO] [stdout] 9 |         #[derive(Debug, Clone, Copy, QueryId, Default)]
[INFO] [stdout]   |                                      ^^^^^^^ names from parent modules are not accessible without an explicit import
[INFO] [stdout]   |
[INFO] [stdout]   = warning: this was previously accepted by the compiler but is being phased out; it will become a hard error in a future release!
[INFO] [stdout]   = note: for more information, see issue #50504 <https://github.com/rust-lang/rust/issues/50504>
[INFO] [stdout] 
[INFO] [stdout] 
[INFO] [stdout] warning: cannot find type `previous_match_id` in this scope
[INFO] [stdout]  --> /opt/rustwide/cargo-home/registry/src/github.com-1ecc6299db9ec823/diesel-1.3.2/src/macros/mod.rs:9:38
[INFO] [stdout]   |
[INFO] [stdout] 9 |         #[derive(Debug, Clone, Copy, QueryId, Default)]
[INFO] [stdout]   |                                      ^^^^^^^ names from parent modules are not accessible without an explicit import
[INFO] [stdout]   |
[INFO] [stdout]   = warning: this was previously accepted by the compiler but is being phased out; it will become a hard error in a future release!
[INFO] [stdout]   = note: for more information, see issue #50504 <https://github.com/rust-lang/rust/issues/50504>
[INFO] [stdout] 
[INFO] [stdout] 
[INFO] [stdout] warning: cannot find type `group_drawn_place` in this scope
[INFO] [stdout]  --> /opt/rustwide/cargo-home/registry/src/github.com-1ecc6299db9ec823/diesel-1.3.2/src/macros/mod.rs:9:38
[INFO] [stdout]   |
[INFO] [stdout] 9 |         #[derive(Debug, Clone, Copy, QueryId, Default)]
[INFO] [stdout]   |                                      ^^^^^^^ names from parent modules are not accessible without an explicit import
[INFO] [stdout]   |
[INFO] [stdout]   = warning: this was previously accepted by the compiler but is being phased out; it will become a hard error in a future release!
[INFO] [stdout]   = note: for more information, see issue #50504 <https://github.com/rust-lang/rust/issues/50504>
[INFO] [stdout] 
[INFO] [stdout] 
[INFO] [stdout] warning: cannot find type `result` in this scope
[INFO] [stdout]  --> /opt/rustwide/cargo-home/registry/src/github.com-1ecc6299db9ec823/diesel-1.3.2/src/macros/mod.rs:9:38
[INFO] [stdout]   |
[INFO] [stdout] 9 |         #[derive(Debug, Clone, Copy, QueryId, Default)]
[INFO] [stdout]   |                                      ^^^^^^^ names from parent modules are not accessible without an explicit import
[INFO] [stdout]   |
[INFO] [stdout]   = warning: this was previously accepted by the compiler but is being phased out; it will become a hard error in a future release!
[INFO] [stdout]   = note: for more information, see issue #50504 <https://github.com/rust-lang/rust/issues/50504>
[INFO] [stdout] 
[INFO] [stdout] 
[INFO] [stdout] warning: cannot find type `home_participant_id` in this scope
[INFO] [stdout]  --> /opt/rustwide/cargo-home/registry/src/github.com-1ecc6299db9ec823/diesel-1.3.2/src/macros/mod.rs:9:38
[INFO] [stdout]   |
[INFO] [stdout] 9 |         #[derive(Debug, Clone, Copy, QueryId, Default)]
[INFO] [stdout]   |                                      ^^^^^^^ names from parent modules are not accessible without an explicit import
[INFO] [stdout]   |
[INFO] [stdout]   = warning: this was previously accepted by the compiler but is being phased out; it will become a hard error in a future release!
[INFO] [stdout]   = note: for more information, see issue #50504 <https://github.com/rust-lang/rust/issues/50504>
[INFO] [stdout] 
[INFO] [stdout] 
[INFO] [stdout] warning: cannot find type `away_participant_id` in this scope
[INFO] [stdout]  --> /opt/rustwide/cargo-home/registry/src/github.com-1ecc6299db9ec823/diesel-1.3.2/src/macros/mod.rs:9:38
[INFO] [stdout]   |
[INFO] [stdout] 9 |         #[derive(Debug, Clone, Copy, QueryId, Default)]
[INFO] [stdout]   |                                      ^^^^^^^ names from parent modules are not accessible without an explicit import
[INFO] [stdout]   |
[INFO] [stdout]   = warning: this was previously accepted by the compiler but is being phased out; it will become a hard error in a future release!
[INFO] [stdout]   = note: for more information, see issue #50504 <https://github.com/rust-lang/rust/issues/50504>
[INFO] [stdout] 
[INFO] [stdout] 
[INFO] [stdout] warning: cannot find type `time` in this scope
[INFO] [stdout]  --> /opt/rustwide/cargo-home/registry/src/github.com-1ecc6299db9ec823/diesel-1.3.2/src/macros/mod.rs:9:38
[INFO] [stdout]   |
[INFO] [stdout] 9 |         #[derive(Debug, Clone, Copy, QueryId, Default)]
[INFO] [stdout]   |                                      ^^^^^^^ names from parent modules are not accessible without an explicit import
[INFO] [stdout]   |
[INFO] [stdout]   = warning: this was previously accepted by the compiler but is being phased out; it will become a hard error in a future release!
[INFO] [stdout]   = note: for more information, see issue #50504 <https://github.com/rust-lang/rust/issues/50504>
[INFO] [stdout] 
[INFO] [stdout] 
[INFO] [stdout] warning: cannot find type `parent_stage_id` in this scope
[INFO] [stdout]  --> /opt/rustwide/cargo-home/registry/src/github.com-1ecc6299db9ec823/diesel-1.3.2/src/macros/mod.rs:9:38
[INFO] [stdout]   |
[INFO] [stdout] 9 |         #[derive(Debug, Clone, Copy, QueryId, Default)]
[INFO] [stdout]   |                                      ^^^^^^^ names from parent modules are not accessible without an explicit import
[INFO] [stdout]   |
[INFO] [stdout]   = warning: this was previously accepted by the compiler but is being phased out; it will become a hard error in a future release!
[INFO] [stdout]   = note: for more information, see issue #50504 <https://github.com/rust-lang/rust/issues/50504>
[INFO] [stdout] 
[INFO] [stdout] 
[INFO] [stdout] warning: cannot find type `stage_type` in this scope
[INFO] [stdout]  --> /opt/rustwide/cargo-home/registry/src/github.com-1ecc6299db9ec823/diesel-1.3.2/src/macros/mod.rs:9:38
[INFO] [stdout]   |
[INFO] [stdout] 9 |         #[derive(Debug, Clone, Copy, QueryId, Default)]
[INFO] [stdout]   |                                      ^^^^^^^ names from parent modules are not accessible without an explicit import
[INFO] [stdout]   |
[INFO] [stdout]   = warning: this was previously accepted by the compiler but is being phased out; it will become a hard error in a future release!
[INFO] [stdout]   = note: for more information, see issue #50504 <https://github.com/rust-lang/rust/issues/50504>
[INFO] [stdout] 
[INFO] [stdout] 
[INFO] [stdout] warning: cannot find type `description` in this scope
[INFO] [stdout]  --> /opt/rustwide/cargo-home/registry/src/github.com-1ecc6299db9ec823/diesel-1.3.2/src/macros/mod.rs:9:38
[INFO] [stdout]   |
[INFO] [stdout] 9 |         #[derive(Debug, Clone, Copy, QueryId, Default)]
[INFO] [stdout]   |                                      ^^^^^^^ names from parent modules are not accessible without an explicit import
[INFO] [stdout]   |
[INFO] [stdout]   = warning: this was previously accepted by the compiler but is being phased out; it will become a hard error in a future release!
[INFO] [stdout]   = note: for more information, see issue #50504 <https://github.com/rust-lang/rust/issues/50504>
[INFO] [stdout] 
[INFO] [stdout] 
[INFO] [stdout] warning: cannot find type `favourites` in this scope
[INFO] [stdout]  --> /opt/rustwide/cargo-home/registry/src/github.com-1ecc6299db9ec823/diesel-1.3.2/src/macros/mod.rs:9:38
[INFO] [stdout]   |
[INFO] [stdout] 9 |         #[derive(Debug, Clone, Copy, QueryId, Default)]
[INFO] [stdout]   |                                      ^^^^^^^ names from parent modules are not accessible without an explicit import
[INFO] [stdout]   |
[INFO] [stdout]   = warning: this was previously accepted by the compiler but is being phased out; it will become a hard error in a future release!
[INFO] [stdout]   = note: for more information, see issue #50504 <https://github.com/rust-lang/rust/issues/50504>
[INFO] [stdout] 
[INFO] [stdout] 
[INFO] [stdout] warning: cannot find type `prediction` in this scope
[INFO] [stdout]  --> /opt/rustwide/cargo-home/registry/src/github.com-1ecc6299db9ec823/diesel-1.3.2/src/macros/mod.rs:9:38
[INFO] [stdout]   |
[INFO] [stdout] 9 |         #[derive(Debug, Clone, Copy, QueryId, Default)]
[INFO] [stdout]   |                                      ^^^^^^^ names from parent modules are not accessible without an explicit import
[INFO] [stdout]   |
[INFO] [stdout]   = warning: this was previously accepted by the compiler but is being phased out; it will become a hard error in a future release!
[INFO] [stdout]   = note: for more information, see issue #50504 <https://github.com/rust-lang/rust/issues/50504>
[INFO] [stdout] 
[INFO] [stdout] 
[INFO] [stdout] warning: cannot find type `total` in this scope
[INFO] [stdout]  --> /opt/rustwide/cargo-home/registry/src/github.com-1ecc6299db9ec823/diesel-1.3.2/src/macros/mod.rs:9:38
[INFO] [stdout]   |
[INFO] [stdout] 9 |         #[derive(Debug, Clone, Copy, QueryId, Default)]
[INFO] [stdout]   |                                      ^^^^^^^ names from parent modules are not accessible without an explicit import
[INFO] [stdout]   |
[INFO] [stdout]   = warning: this was previously accepted by the compiler but is being phased out; it will become a hard error in a future release!
[INFO] [stdout]   = note: for more information, see issue #50504 <https://github.com/rust-lang/rust/issues/50504>
[INFO] [stdout] 
[INFO] [stdout] 
[INFO] [stdout] warning: cannot find type `display_name` in this scope
[INFO] [stdout]  --> /opt/rustwide/cargo-home/registry/src/github.com-1ecc6299db9ec823/diesel-1.3.2/src/macros/mod.rs:9:38
[INFO] [stdout]   |
[INFO] [stdout] 9 |         #[derive(Debug, Clone, Copy, QueryId, Default)]
[INFO] [stdout]   |                                      ^^^^^^^ names from parent modules are not accessible without an explicit import
[INFO] [stdout]   |
[INFO] [stdout]   = warning: this was previously accepted by the compiler but is being phased out; it will become a hard error in a future release!
[INFO] [stdout]   = note: for more information, see issue #50504 <https://github.com/rust-lang/rust/issues/50504>
[INFO] [stdout] 
[INFO] [stdout] 
[INFO] [stdout] warning: cannot find type `login` in this scope
[INFO] [stdout]  --> /opt/rustwide/cargo-home/registry/src/github.com-1ecc6299db9ec823/diesel-1.3.2/src/macros/mod.rs:9:38
[INFO] [stdout]   |
[INFO] [stdout] 9 |         #[derive(Debug, Clone, Copy, QueryId, Default)]
[INFO] [stdout]   |                                      ^^^^^^^ names from parent modules are not accessible without an explicit import
[INFO] [stdout]   |
[INFO] [stdout]   = warning: this was previously accepted by the compiler but is being phased out; it will become a hard error in a future release!
[INFO] [stdout]   = note: for more information, see issue #50504 <https://github.com/rust-lang/rust/issues/50504>
[INFO] [stdout] 
[INFO] [stdout] 
[INFO] [stdout] warning: cannot find type `email` in this scope
[INFO] [stdout]  --> /opt/rustwide/cargo-home/registry/src/github.com-1ecc6299db9ec823/diesel-1.3.2/src/macros/mod.rs:9:38
[INFO] [stdout]   |
[INFO] [stdout] 9 |         #[derive(Debug, Clone, Copy, QueryId, Default)]
[INFO] [stdout]   |                                      ^^^^^^^ names from parent modules are not accessible without an explicit import
[INFO] [stdout]   |
[INFO] [stdout]   = warning: this was previously accepted by the compiler but is being phased out; it will become a hard error in a future release!
[INFO] [stdout]   = note: for more information, see issue #50504 <https://github.com/rust-lang/rust/issues/50504>
[INFO] [stdout] 
[INFO] [stdout] 
[INFO] [stdout] warning: cannot find type `score` in this scope
[INFO] [stdout]  --> /opt/rustwide/cargo-home/registry/src/github.com-1ecc6299db9ec823/diesel-1.3.2/src/macros/mod.rs:9:38
[INFO] [stdout]   |
[INFO] [stdout] 9 |         #[derive(Debug, Clone, Copy, QueryId, Default)]
[INFO] [stdout]   |                                      ^^^^^^^ names from parent modules are not accessible without an explicit import
[INFO] [stdout]   |
[INFO] [stdout]   = warning: this was previously accepted by the compiler but is being phased out; it will become a hard error in a future release!
[INFO] [stdout]   = note: for more information, see issue #50504 <https://github.com/rust-lang/rust/issues/50504>
[INFO] [stdout] 
[INFO] [stdout] 
[INFO] [stdout] warning: cannot find type `encrypted_password` in this scope
[INFO] [stdout]  --> /opt/rustwide/cargo-home/registry/src/github.com-1ecc6299db9ec823/diesel-1.3.2/src/macros/mod.rs:9:38
[INFO] [stdout]   |
[INFO] [stdout] 9 |         #[derive(Debug, Clone, Copy, QueryId, Default)]
[INFO] [stdout]   |                                      ^^^^^^^ names from parent modules are not accessible without an explicit import
[INFO] [stdout]   |
[INFO] [stdout]   = warning: this was previously accepted by the compiler but is being phased out; it will become a hard error in a future release!
[INFO] [stdout]   = note: for more information, see issue #50504 <https://github.com/rust-lang/rust/issues/50504>
[INFO] [stdout] 
[INFO] [stdout] 
[INFO] [stdout] warning: cannot find type `slack_handle` in this scope
[INFO] [stdout]  --> /opt/rustwide/cargo-home/registry/src/github.com-1ecc6299db9ec823/diesel-1.3.2/src/macros/mod.rs:9:38
[INFO] [stdout]   |
[INFO] [stdout] 9 |         #[derive(Debug, Clone, Copy, QueryId, Default)]
[INFO] [stdout]   |                                      ^^^^^^^ names from parent modules are not accessible without an explicit import
[INFO] [stdout]   |
[INFO] [stdout]   = warning: this was previously accepted by the compiler but is being phased out; it will become a hard error in a future release!
[INFO] [stdout]   = note: for more information, see issue #50504 <https://github.com/rust-lang/rust/issues/50504>
[INFO] [stdout] 
[INFO] [stdout] 
[INFO] [stdout] warning: cannot find type `home_group_id` in this scope
[INFO] [stdout]  --> /opt/rustwide/cargo-home/registry/src/github.com-1ecc6299db9ec823/diesel-1.3.2/src/macros/mod.rs:9:38
[INFO] [stdout]   |
[INFO] [stdout] 9 |         #[derive(Debug, Clone, Copy, QueryId, Default)]
[INFO] [stdout]   |                                      ^^^^^^^ names from parent modules are not accessible without an explicit import
[INFO] [stdout]   |
[INFO] [stdout]   = warning: this was previously accepted by the compiler but is being phased out; it will become a hard error in a future release!
[INFO] [stdout]   = note: for more information, see issue #50504 <https://github.com/rust-lang/rust/issues/50504>
[INFO] [stdout] 
[INFO] [stdout] 
[INFO] [stdout] warning: cannot find type `home_previous_match_id` in this scope
[INFO] [stdout]  --> /opt/rustwide/cargo-home/registry/src/github.com-1ecc6299db9ec823/diesel-1.3.2/src/macros/mod.rs:9:38
[INFO] [stdout]   |
[INFO] [stdout] 9 |         #[derive(Debug, Clone, Copy, QueryId, Default)]
[INFO] [stdout]   |                                      ^^^^^^^ names from parent modules are not accessible without an explicit import
[INFO] [stdout]   |
[INFO] [stdout]   = warning: this was previously accepted by the compiler but is being phased out; it will become a hard error in a future release!
[INFO] [stdout]   = note: for more information, see issue #50504 <https://github.com/rust-lang/rust/issues/50504>
[INFO] [stdout] 
[INFO] [stdout] 
[INFO] [stdout] warning: cannot find type `home_group_drawn_place` in this scope
[INFO] [stdout]  --> /opt/rustwide/cargo-home/registry/src/github.com-1ecc6299db9ec823/diesel-1.3.2/src/macros/mod.rs:9:38
[INFO] [stdout]   |
[INFO] [stdout] 9 |         #[derive(Debug, Clone, Copy, QueryId, Default)]
[INFO] [stdout]   |                                      ^^^^^^^ names from parent modules are not accessible without an explicit import
[INFO] [stdout]   |
[INFO] [stdout]   = warning: this was previously accepted by the compiler but is being phased out; it will become a hard error in a future release!
[INFO] [stdout]   = note: for more information, see issue #50504 <https://github.com/rust-lang/rust/issues/50504>
[INFO] [stdout] 
[INFO] [stdout] 
[INFO] [stdout] warning: cannot find type `home_previous_match_result` in this scope
[INFO] [stdout]  --> /opt/rustwide/cargo-home/registry/src/github.com-1ecc6299db9ec823/diesel-1.3.2/src/macros/mod.rs:9:38
[INFO] [stdout]   |
[INFO] [stdout] 9 |         #[derive(Debug, Clone, Copy, QueryId, Default)]
[INFO] [stdout]   |                                      ^^^^^^^ names from parent modules are not accessible without an explicit import
[INFO] [stdout]   |
[INFO] [stdout]   = warning: this was previously accepted by the compiler but is being phased out; it will become a hard error in a future release!
[INFO] [stdout]   = note: for more information, see issue #50504 <https://github.com/rust-lang/rust/issues/50504>
[INFO] [stdout] 
[INFO] [stdout] 
[INFO] [stdout] warning: cannot find type `home_country_name` in this scope
[INFO] [stdout]  --> /opt/rustwide/cargo-home/registry/src/github.com-1ecc6299db9ec823/diesel-1.3.2/src/macros/mod.rs:9:38
[INFO] [stdout]   |
[INFO] [stdout] 9 |         #[derive(Debug, Clone, Copy, QueryId, Default)]
[INFO] [stdout]   |                                      ^^^^^^^ names from parent modules are not accessible without an explicit import
[INFO] [stdout]   |
[INFO] [stdout]   = warning: this was previously accepted by the compiler but is being phased out; it will become a hard error in a future release!
[INFO] [stdout]   = note: for more information, see issue #50504 <https://github.com/rust-lang/rust/issues/50504>
[INFO] [stdout] 
[INFO] [stdout] 
[INFO] [stdout] warning: cannot find type `home_country_flag` in this scope
[INFO] [stdout]  --> /opt/rustwide/cargo-home/registry/src/github.com-1ecc6299db9ec823/diesel-1.3.2/src/macros/mod.rs:9:38
[INFO] [stdout]   |
[INFO] [stdout] 9 |         #[derive(Debug, Clone, Copy, QueryId, Default)]
[INFO] [stdout]   |                                      ^^^^^^^ names from parent modules are not accessible without an explicit import
[INFO] [stdout]   |
[INFO] [stdout]   = warning: this was previously accepted by the compiler but is being phased out; it will become a hard error in a future release!
[INFO] [stdout]   = note: for more information, see issue #50504 <https://github.com/rust-lang/rust/issues/50504>
[INFO] [stdout] 
[INFO] [stdout] 
[INFO] [stdout] warning: cannot find type `away_group_id` in this scope
[INFO] [stdout]  --> /opt/rustwide/cargo-home/registry/src/github.com-1ecc6299db9ec823/diesel-1.3.2/src/macros/mod.rs:9:38
[INFO] [stdout]   |
[INFO] [stdout] 9 |         #[derive(Debug, Clone, Copy, QueryId, Default)]
[INFO] [stdout]   |                                      ^^^^^^^ names from parent modules are not accessible without an explicit import
[INFO] [stdout]   |
[INFO] [stdout]   = warning: this was previously accepted by the compiler but is being phased out; it will become a hard error in a future release!
[INFO] [stdout]   = note: for more information, see issue #50504 <https://github.com/rust-lang/rust/issues/50504>
[INFO] [stdout] 
[INFO] [stdout] 
[INFO] [stdout] warning: cannot find type `away_previous_match_id` in this scope
[INFO] [stdout]  --> /opt/rustwide/cargo-home/registry/src/github.com-1ecc6299db9ec823/diesel-1.3.2/src/macros/mod.rs:9:38
[INFO] [stdout]   |
[INFO] [stdout] 9 |         #[derive(Debug, Clone, Copy, QueryId, Default)]
[INFO] [stdout]   |                                      ^^^^^^^ names from parent modules are not accessible without an explicit import
[INFO] [stdout]   |
[INFO] [stdout]   = warning: this was previously accepted by the compiler but is being phased out; it will become a hard error in a future release!
[INFO] [stdout]   = note: for more information, see issue #50504 <https://github.com/rust-lang/rust/issues/50504>
[INFO] [stdout] 
[INFO] [stdout] 
[INFO] [stdout] warning: cannot find type `away_group_drawn_place` in this scope
[INFO] [stdout]  --> /opt/rustwide/cargo-home/registry/src/github.com-1ecc6299db9ec823/diesel-1.3.2/src/macros/mod.rs:9:38
[INFO] [stdout]   |
[INFO] [stdout] 9 |         #[derive(Debug, Clone, Copy, QueryId, Default)]
[INFO] [stdout]   |                                      ^^^^^^^ names from parent modules are not accessible without an explicit import
[INFO] [stdout]   |
[INFO] [stdout]   = warning: this was previously accepted by the compiler but is being phased out; it will become a hard error in a future release!
[INFO] [stdout]   = note: for more information, see issue #50504 <https://github.com/rust-lang/rust/issues/50504>
[INFO] [stdout] 
[INFO] [stdout] 
[INFO] [stdout] warning: cannot find type `away_previous_match_result` in this scope
[INFO] [stdout]  --> /opt/rustwide/cargo-home/registry/src/github.com-1ecc6299db9ec823/diesel-1.3.2/src/macros/mod.rs:9:38
[INFO] [stdout]   |
[INFO] [stdout] 9 |         #[derive(Debug, Clone, Copy, QueryId, Default)]
[INFO] [stdout]   |                                      ^^^^^^^ names from parent modules are not accessible without an explicit import
[INFO] [stdout]   |
[INFO] [stdout]   = warning: this was previously accepted by the compiler but is being phased out; it will become a hard error in a future release!
[INFO] [stdout]   = note: for more information, see issue #50504 <https://github.com/rust-lang/rust/issues/50504>
[INFO] [stdout] 
[INFO] [stdout] 
[INFO] [stdout] warning: cannot find type `away_country_name` in this scope
[INFO] [stdout]  --> /opt/rustwide/cargo-home/registry/src/github.com-1ecc6299db9ec823/diesel-1.3.2/src/macros/mod.rs:9:38
[INFO] [stdout]   |
[INFO] [stdout] 9 |         #[derive(Debug, Clone, Copy, QueryId, Default)]
[INFO] [stdout]   |                                      ^^^^^^^ names from parent modules are not accessible without an explicit import
[INFO] [stdout]   |
[INFO] [stdout]   = warning: this was previously accepted by the compiler but is being phased out; it will become a hard error in a future release!
[INFO] [stdout]   = note: for more information, see issue #50504 <https://github.com/rust-lang/rust/issues/50504>
[INFO] [stdout] 
[INFO] [stdout] 
[INFO] [stdout] warning: cannot find type `away_country_flag` in this scope
[INFO] [stdout]  --> /opt/rustwide/cargo-home/registry/src/github.com-1ecc6299db9ec823/diesel-1.3.2/src/macros/mod.rs:9:38
[INFO] [stdout]   |
[INFO] [stdout] 9 |         #[derive(Debug, Clone, Copy, QueryId, Default)]
[INFO] [stdout]   |                                      ^^^^^^^ names from parent modules are not accessible without an explicit import
[INFO] [stdout]   |
[INFO] [stdout]   = warning: this was previously accepted by the compiler but is being phased out; it will become a hard error in a future release!
[INFO] [stdout]   = note: for more information, see issue #50504 <https://github.com/rust-lang/rust/issues/50504>
[INFO] [stdout] 
[INFO] [stdout] 
[INFO] [stdout] warning: the item `diesel` is imported redundantly
[INFO] [stdout]    --> src/web/match_predictions.rs:437:22
[INFO] [stdout]     |
[INFO] [stdout] 15  | use diesel::{self, prelude::*};
[INFO] [stdout]     |              ---- the item `diesel` is already imported here
[INFO] [stdout] ...
[INFO] [stdout] 437 |         use diesel::{self, insert_into};
[INFO] [stdout]     |                      ^^^^
[INFO] [stdout]     |
[INFO] [stdout]     = note: `#[warn(unused_imports)]` on by default
[INFO] [stdout] 
[INFO] [stdout] 
[INFO] [stdout] warning: cannot find type `Text` in this scope
[INFO] [stdout]   --> src/web/scores.rs:17:14
[INFO] [stdout]    |
[INFO] [stdout] 17 |     #[derive(QueryableByName, Serialize, Deserialize)]
[INFO] [stdout]    |              ^^^^^^^^^^^^^^^ names from parent modules are not accessible without an explicit import
[INFO] [stdout]    |
[INFO] [stdout]    = warning: this was previously accepted by the compiler but is being phased out; it will become a hard error in a future release!
[INFO] [stdout]    = note: for more information, see issue #50504 <https://github.com/rust-lang/rust/issues/50504>
[INFO] [stdout] 
[INFO] [stdout] 
[INFO] [stdout] warning: cannot find type `BigInt` in this scope
[INFO] [stdout]   --> src/web/scores.rs:17:14
[INFO] [stdout]    |
[INFO] [stdout] 17 |     #[derive(QueryableByName, Serialize, Deserialize)]
[INFO] [stdout]    |              ^^^^^^^^^^^^^^^ names from parent modules are not accessible without an explicit import
[INFO] [stdout]    |
[INFO] [stdout]    = warning: this was previously accepted by the compiler but is being phased out; it will become a hard error in a future release!
[INFO] [stdout]    = note: for more information, see issue #50504 <https://github.com/rust-lang/rust/issues/50504>
[INFO] [stdout] 
[INFO] [stdout] 
[INFO] [stdout] warning: cannot find type `UserPoints` in this scope
[INFO] [stdout]   --> src/web/scores.rs:17:14
[INFO] [stdout]    |
[INFO] [stdout] 17 |     #[derive(QueryableByName, Serialize, Deserialize)]
[INFO] [stdout]    |              ^^^^^^^^^^^^^^^ names from parent modules are not accessible without an explicit import
[INFO] [stdout]    |
[INFO] [stdout]    = warning: this was previously accepted by the compiler but is being phased out; it will become a hard error in a future release!
[INFO] [stdout]    = note: for more information, see issue #50504 <https://github.com/rust-lang/rust/issues/50504>
[INFO] [stdout] 
[INFO] [stdout] 
[INFO] [stdout] warning: use of deprecated constant `std::sync::ONCE_INIT`: the `new` function is now preferred
[INFO] [stdout]  --> src/templates/mod.rs:3:1
[INFO] [stdout]   |
[INFO] [stdout] 3 | / lazy_static! {
[INFO] [stdout] 4 | |     pub static ref TEMPLATE_SERVICE: Tera = {
[INFO] [stdout] 5 | |         let tera = compile_templates!("templates/**/*.html");
[INFO] [stdout] 6 | |         tera
[INFO] [stdout] 7 | |     };
[INFO] [stdout] 8 | | }
[INFO] [stdout]   | |_^
[INFO] [stdout]   |
[INFO] [stdout]   = note: `#[warn(deprecated)]` on by default
[INFO] [stdout]   = note: this warning originates in a macro (in Nightly builds, run with -Z macro-backtrace for more info)
[INFO] [stdout] 
[INFO] [stdout] 
[INFO] [stdout] error: aborting due to 2 previous errors; 137 warnings emitted
[INFO] [stdout] 
[INFO] [stdout] 
[INFO] [stdout] Some errors have detailed explanations: E0412, E0433.
[INFO] [stdout] 
[INFO] [stdout] For more information about an error, try `rustc --explain E0412`.
[INFO] [stdout] 
[INFO] [stderr] error: could not compile `wk-predictions`.
[INFO] [stderr] 
[INFO] [stderr] To learn more, run the command again with --verbose.
[INFO] [stderr] warning: build failed, waiting for other jobs to finish...
[INFO] [stdout] error: aborting due to 2 previous errors; 137 warnings emitted
[INFO] [stdout] 
[INFO] [stdout] 
[INFO] [stdout] Some errors have detailed explanations: E0412, E0433.
[INFO] [stdout] 
[INFO] [stdout] For more information about an error, try `rustc --explain E0412`.
[INFO] [stdout] 
[INFO] [stderr] error: build failed
[INFO] running `Command { std: "docker" "inspect" "1235f6e2f971b1c45856cf344c68bd8e8ace1079717e3b8bed9fce56a61268b8", kill_on_drop: false }`
[INFO] running `Command { std: "docker" "rm" "-f" "1235f6e2f971b1c45856cf344c68bd8e8ace1079717e3b8bed9fce56a61268b8", kill_on_drop: false }`
[INFO] [stdout] 1235f6e2f971b1c45856cf344c68bd8e8ace1079717e3b8bed9fce56a61268b8
